{"id":4928,"date":"2023-04-25T02:17:52","date_gmt":"2023-04-25T05:17:52","guid":{"rendered":"https:\/\/barzo.com.br\/shop\/?post_type=product&#038;p=4928"},"modified":"2023-04-25T02:26:41","modified_gmt":"2023-04-25T05:26:41","slug":"cobre-leito-csl-liso-matelado-ultrasonico-tabaco-kaqui","status":"publish","type":"product","link":"https:\/\/barzo.com.br\/shop\/produto\/cobre-leito-csl-liso-matelado-ultrasonico-tabaco-kaqui\/","title":{"rendered":"Cobre Leito Clara Casal Liso Dupla Face 3 Pe\u00e7as Matelado Ultras\u00f4nico Tabaco\/Kaqui"},"content":{"rendered":"<div id=\"twister_feature_div\" class=\"celwidget\" data-feature-name=\"twister\" data-csa-c-type=\"widget\" data-csa-c-content-id=\"twister\" data-csa-c-slot-id=\"twister_feature_div\" data-csa-c-asin=\"B07FYQMTSW\" data-csa-c-is-in-initial-active-row=\"false\" data-cel-widget=\"twister_feature_div\" data-csa-c-id=\"6n8n3q-u2kyfy-mshoib-yrdpx7\">\n<div id=\"twisterContainer\" class=\"addTwisterMargin\">\n<div class=\"a-section\">\n<form id=\"twister\" class=\"a-spacing-small\" action=\"https:\/\/www.amazon.com.br\/gp\/product\" method=\"get\">\n<div>\n<div id=\"productDescription_feature_div\" class=\"celwidget\" data-feature-name=\"productDescription_NA\" data-csa-c-type=\"widget\" data-csa-c-content-id=\"productDescription_NA\" data-csa-c-slot-id=\"productDescription_feature_div\" data-csa-c-asin=\"\" data-csa-c-is-in-initial-active-row=\"false\" data-cel-widget=\"productDescription_feature_div\" data-csa-c-id=\"is5qby-p60l92-87eph-i56pmd\">\n<div>\n<div id=\"productDescription_feature_div\" class=\"a-row feature\" data-feature-name=\"productDescription\" data-template-name=\"productDescription\" data-cel-widget=\"productDescription_feature_div\">\n<h2 class=\"default\">Descri\u00e7\u00e3o do produto<\/h2>\n<div id=\"productDescription\" class=\"a-section a-spacing-small\">\n<p>O cobre leito \u00e9 uma pe\u00e7a muito utilizada servindo para os dias mais frios e tamb\u00e9m para os dias mais quentes. Pois al\u00e9m de ser utilizado como coberta, ele \u00e9 uma pe\u00e7a de decora\u00e7\u00e3o do ambiente, vestindo a cama durante todo o dia e n\u00e3o apenas durante a noite para dormir.<\/p>\n<p>A MR Enxovais, sabendo das utilidades de um Cobre Leito, criou uma maneira de se aproveitar ainda mais dessa pe\u00e7a. Pois al\u00e9m de ter conforto em suas noites, o Cobre Leito MR \u00e9 DUPLA FACE, ou seja, \u201cdois em um\u201d. Dessa forma \u00e9 poss\u00edvel variar a decora\u00e7\u00e3o do seu ambiente, cada dia com uma estampa diferente, utilizando o mesmo cobre leito.<\/p>\n<p>Cobre Leito Clara, matelado ultrass\u00f4nico caminho sem fim. Conforto, sofistica\u00e7\u00e3o e ambiente renovado para a sua cama, sempre que quiser.<\/p>\n<p>Acompanha: 01 Cobre Leito Dupla Face 2,40m x 2,20m Acabamento do Cobre Leito em Vi\u00e9s 02 Porta Travesseiro 70cm x 50cm Composi\u00e7\u00e3o: Tecido Superior e Inferior: &#8221;Microfibra &#8221; 100% Poli\u00e9ster Manta: 100% Poli\u00e9ster Cont\u00e9m na Embalagem: 01 Cobre Leito 2,40m x 2,20m 02 Porta Travesseiros 70cm x 50cm<\/p>\n<\/div>\n<\/div>\n<\/div>\n<\/div>\n<div id=\"renewedProgramDescriptionBtf_feature_div\" class=\"celwidget\" data-feature-name=\"renewedProgramDescriptionBtf_NA\" data-csa-c-type=\"widget\" data-csa-c-content-id=\"renewedProgramDescriptionBtf_NA\" data-csa-c-slot-id=\"renewedProgramDescriptionBtf_feature_div\" data-csa-c-asin=\"\" data-csa-c-is-in-initial-active-row=\"false\" data-cel-widget=\"renewedProgramDescriptionBtf_feature_div\" data-csa-c-id=\"e78wey-bpnovk-yvbmq2-q3plgu\"><\/div>\n<div id=\"productDetails_feature_div\" class=\"celwidget\" data-feature-name=\"productDetails_NA\" data-csa-c-type=\"widget\" data-csa-c-content-id=\"productDetails_NA\" data-csa-c-slot-id=\"productDetails_feature_div\" data-csa-c-asin=\"\" data-csa-c-is-in-initial-active-row=\"false\" data-cel-widget=\"productDetails_feature_div\" data-csa-c-id=\"485tug-7ovrze-skjffo-vyw74s\">\n<p><a id=\"productDetails\" name=\"productDetails\"><\/a><\/p>\n<hr class=\"a-divider-normal\" aria-hidden=\"true\" \/>\n<div>\n<div id=\"prodDetails\" class=\"a-section\">\n<h2>Informa\u00e7\u00f5es sobre o produto<\/h2>\n<div class=\"a-row a-spacing-top-base\">\n<div class=\"a-column a-span6\">\n<div class=\"a-row a-spacing-base\">\n<div class=\"a-row a-expander-container a-expander-extend-container\">\n<div class=\"a-row\">\n<div class=\"a-column a-span6\">\n<h1 class=\"a-size-medium a-spacing-small\">Detalhes t\u00e9cnicos<\/h1>\n<\/div>\n<\/div>\n<div class=\"a-expander-content a-expander-extend-content\" aria-expanded=\"true\">\n<div class=\"a-row a-expander-container a-expander-inline-container\">\n<div class=\"a-expander-content a-expander-section-content a-section-expander-inner\" aria-expanded=\"true\">\n<table id=\"productDetails_techSpec_section_1\" class=\"a-keyvalue prodDetTable\" role=\"presentation\">\n<tbody>\n<tr>\n<th class=\"a-color-secondary a-size-base prodDetSectionEntry\">Cor<\/th>\n<td class=\"a-size-base prodDetAttrValue\">\u200eTabaco\/Kaqui<\/td>\n<\/tr>\n<tr>\n<th class=\"a-color-secondary a-size-base prodDetSectionEntry\">Certifica\u00e7\u00e3o<\/th>\n<td class=\"a-size-base prodDetAttrValue\">\u200eGrau 1, N\u00e3o aplic\u00e1vel<\/td>\n<\/tr>\n<tr>\n<th class=\"a-color-secondary a-size-base prodDetSectionEntry\">Tipo de material<\/th>\n<td class=\"a-size-base prodDetAttrValue\">\u200eMicrofibra 100% Poli\u00e9ster, Microfibra 100% Poli\u00e9ster, Microfibra 100% Poli\u00e9ster, Microfibra 100% Poli\u00e9ster, Microfibra 100% Poli\u00e9ster<\/td>\n<\/tr>\n<tr>\n<th class=\"a-color-secondary a-size-base prodDetSectionEntry\">Tipo de material<\/th>\n<td class=\"a-size-base prodDetAttrValue\">\u200eMicrofibra<\/td>\n<\/tr>\n<tr>\n<th class=\"a-color-secondary a-size-base prodDetSectionEntry\">Instru\u00e7\u00f5es de cuidado<\/th>\n<td class=\"a-size-base prodDetAttrValue\">\u200eApenas lavagem \u00e0 m\u00e3o<\/td>\n<\/tr>\n<tr>\n<th class=\"a-color-secondary a-size-base prodDetSectionEntry\">\u00c9 necess\u00e1ria montagem<\/th>\n<td class=\"a-size-base prodDetAttrValue\">\u200eN\u00e3o<\/td>\n<\/tr>\n<tr>\n<th class=\"a-color-secondary a-size-base prodDetSectionEntry\">N\u00famero de produtos<\/th>\n<td class=\"a-size-base prodDetAttrValue\">\u200e3<\/td>\n<\/tr>\n<tr>\n<th class=\"a-color-secondary a-size-base prodDetSectionEntry\">Precisa de pilhas ou baterias?<\/th>\n<td class=\"a-size-base prodDetAttrValue\">\u200eN\u00e3o<\/td>\n<\/tr>\n<tr>\n<th class=\"a-color-secondary a-size-base prodDetSectionEntry\">Componentes inclu\u00eddos<\/th>\n<td class=\"a-size-base prodDetAttrValue\">\u200eN\u00e3o Aplicavel<\/td>\n<\/tr>\n<tr>\n<th class=\"a-color-secondary a-size-base prodDetSectionEntry\">Tamanho<\/th>\n<td class=\"a-size-base prodDetAttrValue\">\u200eCasal<\/td>\n<\/tr>\n<tr>\n<th class=\"a-color-secondary a-size-base prodDetSectionEntry\">Marca<\/th>\n<td class=\"a-size-base prodDetAttrValue\">\u200eMr Enxovais<\/td>\n<\/tr>\n<tr>\n<th class=\"a-color-secondary a-size-base prodDetSectionEntry\">Dimens\u00f5es do produto<\/th>\n<td class=\"a-size-base prodDetAttrValue\">\u200e46 x 36 x 10 cm; 1.18 Quilogramas<\/td>\n<\/tr>\n<tr>\n<th class=\"a-color-secondary a-size-base prodDetSectionEntry\">EAN<\/th>\n<td class=\"a-size-base prodDetAttrValue\">\u200e7898647350533<\/td>\n<\/tr>\n<\/tbody>\n<\/table>\n<\/div>\n<\/div>\n<\/div>\n<\/div>\n<\/div>\n<div class=\"a-row a-spacing-base\"><\/div>\n<\/div>\n<div class=\"a-column a-span6 a-span-last\">\n<div class=\"a-row a-spacing-base\">\n<div id=\"productDetails_db_sections\" class=\"a-section\">\n<h1 class=\"a-size-medium a-spacing-small secHeader\">Informa\u00e7\u00f5es adicionais<\/h1>\n<div class=\"a-section table-padding\">\n<table id=\"productDetails_detailBullets_sections1\" class=\"a-keyvalue prodDetTable\" role=\"presentation\">\n<tbody>\n<tr>\n<th class=\"a-color-secondary a-size-base prodDetSectionEntry\">Dimens\u00f5es do pacote<\/th>\n<td class=\"a-size-base prodDetAttrValue\">44.8 x 36.8 x 8 cent\u00edmetros<\/td>\n<\/tr>\n<tr>\n<th class=\"a-color-secondary a-size-base prodDetSectionEntry\">N\u00famero do modelo<\/th>\n<td class=\"a-size-base prodDetAttrValue\">3102<\/td>\n<\/tr>\n<tr>\n<th class=\"a-color-secondary a-size-base prodDetSectionEntry\">ASIN<\/th>\n<td class=\"a-size-base prodDetAttrValue\">B07FYQMTSW<\/td>\n<\/tr>\n<\/tbody>\n<\/table>\n<\/div>\n<\/div>\n<\/div>\n<\/div>\n<\/div>\n<\/div>\n<\/div>\n<\/div>\n<\/div>\n<div><\/div>\n<div id=\"variation_color_name\" class=\"a-section a-spacing-small\">\n<div class=\"a-row\"><label class=\"a-form-label\">Cor:\u00a0<\/label><span class=\"selection\">Tabaco\/Kaqui<\/span><\/div>\n<ul class=\"a-unordered-list a-nostyle a-button-list a-declarative a-button-toggle-group a-horizontal a-spacing-top-micro swatches swatchesSquare imageSwatches\" role=\"radiogroup\" data-csa-c-func-deps=\"aui-da-a-button-group\" data-csa-c-type=\"widget\" data-csa-interaction-events=\"click\" data-action=\"a-button-group\" data-a-button-group=\"{&quot;name&quot;:&quot;twister_color_name&quot;}\" data-csa-c-id=\"kbw2d7-7u12o7-yxm300-9hd4eh\">\n<li id=\"color_name_0\" class=\"swatchAvailable\" title=\"Clique para selecionar Kaqui\/Branco\" data-defaultasin=\"B07FYQC3LM\" data-dp-url=\"\/dp\/B07FYQC3LM\/ref=twister_B089W917FD?_encoding=UTF8&amp;psc=1\">\n<div class=\"tooltip\">\n<div class=\"\">\n<div class=\"\"><img decoding=\"async\" class=\"imgSwatch\" src=\"https:\/\/m.media-amazon.com\/images\/I\/51Lvg-H0SkL._SS36_.jpg\" alt=\"Kaqui\/Branco\" \/><\/div>\n<div class=\" \"><\/div>\n<\/div>\n<\/div>\n<\/li>\n<li id=\"color_name_1\" class=\"swatchSelect\" title=\"Clique para selecionar Tabaco\/Kaqui\" data-defaultasin=\"B07FYQMTSW\" data-dp-url=\"\">\n<div class=\"tooltip\">\n<div class=\"\">\n<div class=\"\"><img decoding=\"async\" class=\"imgSwatch\" src=\"https:\/\/m.media-amazon.com\/images\/I\/51H4gg1j-bL._SS36_.jpg\" alt=\"Tabaco\/Kaqui\" \/><\/div>\n<div class=\" \"><\/div>\n<\/div>\n<\/div>\n<\/li>\n<li id=\"color_name_2\" class=\"swatchAvailable\" title=\"Clique para selecionar Vermelho\/Kaqui\" data-defaultasin=\"B07FYPCTCL\" data-dp-url=\"\/dp\/B07FYPCTCL\/ref=twister_B089W917FD?_encoding=UTF8&amp;psc=1\">\n<div class=\"tooltip\">\n<div class=\"\">\n<div class=\"\"><img decoding=\"async\" class=\"imgSwatch\" src=\"https:\/\/m.media-amazon.com\/images\/I\/51oRYn6WDCL._SS36_.jpg\" alt=\"Vermelho\/Kaqui\" \/><\/div>\n<div class=\" \"><\/div>\n<\/div>\n<\/div>\n<\/li>\n<li id=\"color_name_3\" class=\"swatchAvailable\" title=\"Clique para selecionar Vermelha\" data-defaultasin=\"B089W8TVRM\" data-dp-url=\"\/dp\/B089W8TVRM\/ref=twister_B089W917FD?_encoding=UTF8&amp;psc=1\">\n<div class=\"tooltip\">\n<div class=\"\">\n<div class=\"\"><img decoding=\"async\" class=\"imgSwatch\" src=\"https:\/\/m.media-amazon.com\/images\/I\/41N7QChD4pL._SS36_.jpg\" alt=\"Vermelha\" \/><\/div>\n<div class=\" \"><\/div>\n<\/div>\n<\/div>\n<\/li>\n<\/ul>\n<\/div>\n<\/form>\n<\/div>\n<\/div>\n<\/div>\n<div id=\"clickToContact_feature_div\" class=\"celwidget\" data-feature-name=\"clickToContact\" data-csa-c-type=\"widget\" data-csa-c-content-id=\"clickToContact\" data-csa-c-slot-id=\"clickToContact_feature_div\" data-csa-c-asin=\"B07FYQMTSW\" data-csa-c-is-in-initial-active-row=\"false\" data-cel-widget=\"clickToContact_feature_div\" data-csa-c-id=\"n43ea1-j866zc-bo4xh5-b74p00\"><\/div>\n<div id=\"amazonCertifiedBadge_feature_div\" class=\"celwidget\" data-feature-name=\"amazonCertifiedBadge\" data-csa-c-type=\"widget\" data-csa-c-content-id=\"amazonCertifiedBadge\" data-csa-c-slot-id=\"amazonCertifiedBadge_feature_div\" data-csa-c-asin=\"B07FYQMTSW\" data-csa-c-is-in-initial-active-row=\"false\" data-cel-widget=\"amazonCertifiedBadge_feature_div\" data-csa-c-id=\"1sfimg-z96xr1-dpat1r-7cxwh5\"><\/div>\n<div id=\"twisterPlusWWDesktop\" class=\"celwidget\" data-feature-name=\"twisterPlusWWDesktop\" data-csa-c-type=\"widget\" data-csa-c-content-id=\"twisterPlusWWDesktop\" data-csa-c-slot-id=\"twisterPlusWWDesktop\" data-csa-c-asin=\"B07FYQMTSW\" data-csa-c-is-in-initial-active-row=\"false\" data-cel-widget=\"twisterPlusWWDesktop\" data-csa-c-id=\"25nd28-mpwm9f-go31nx-5fqpkz\">\n<table class=\"a-normal a-spacing-micro\">\n<tbody>\n<tr class=\"a-spacing-small po-size\">\n<td class=\"a-span3\"><span class=\"a-size-base a-text-bold\">Tamanho<\/span><\/td>\n<td class=\"a-span9\"><span class=\"a-size-base po-break-word\">Casal<\/span><\/td>\n<\/tr>\n<tr class=\"a-spacing-small po-included_components\">\n<td class=\"a-span3\"><span class=\"a-size-base a-text-bold\">Componentes inclu\u00eddos<\/span><\/td>\n<td class=\"a-span9\"><span class=\"a-size-base po-break-word\">N\u00e3o Aplicavel<\/span><\/td>\n<\/tr>\n<tr class=\"a-spacing-small po-color\">\n<td class=\"a-span3\"><span class=\"a-size-base a-text-bold\">Cor<\/span><\/td>\n<td class=\"a-span9\"><span class=\"a-size-base po-break-word\">Tabaco\/Kaqui<\/span><\/td>\n<\/tr>\n<tr class=\"a-spacing-small po-style\">\n<td class=\"a-span3\"><span class=\"a-size-base a-text-bold\">Estilo<\/span><\/td>\n<td class=\"a-span9\"><span class=\"a-size-base po-break-word\">Clara<\/span><\/td>\n<\/tr>\n<tr class=\"a-spacing-small po-brand\">\n<td class=\"a-span3\"><span class=\"a-size-base a-text-bold\">Marca<\/span><\/td>\n<td class=\"a-span9\"><span class=\"a-size-base po-break-word\">Mr Enxovais<\/span><\/td>\n<\/tr>\n<\/tbody>\n<\/table>\n<\/div>\n<div id=\"featurebullets_feature_div\" class=\"celwidget\" data-feature-name=\"featurebullets\" data-csa-c-type=\"widget\" data-csa-c-content-id=\"featurebullets\" data-csa-c-slot-id=\"featurebullets_feature_div\" data-csa-c-asin=\"B07FYQMTSW\" data-csa-c-is-in-initial-active-row=\"false\" data-cel-widget=\"featurebullets_feature_div\" data-csa-c-id=\"y4r7ad-6wndk2-d7wwpk-fke2hs\">\n<div id=\"feature-bullets\" class=\"a-section a-spacing-medium a-spacing-top-small\">\n<hr \/>\n<h1 class=\"a-size-base-plus a-text-bold\">Sobre este item<\/h1>\n<ul class=\"a-unordered-list a-vertical a-spacing-mini\">\n<li><span class=\"a-list-item\">Dupla face<\/span><\/li>\n<li><span class=\"a-list-item\">Matelado Ultras\u00f4nico<\/span><\/li>\n<li><span class=\"a-list-item\">Microfibra<\/span><\/li>\n<li><span class=\"a-list-item\">Decora\u00e7\u00e3o do Quarto<\/span><\/li>\n<\/ul>\n<\/div>\n<\/div>\n","protected":false},"excerpt":{"rendered":"<p>Cobre Leito Clara, matelado ultrass\u00f4nico caminho sem fim. Conforto, sofistica\u00e7\u00e3o e ambiente renovado para a sua cama, sempre que quiser.<\/p>\n","protected":false},"featured_media":4929,"comment_status":"open","ping_status":"closed","template":"","meta":[],"product_brand":[],"product_cat":[899,613,35,81,605,82],"product_tag":[1142,1198,1199,1140,1195,1113,1112],"class_list":{"0":"post-4928","1":"product","2":"type-product","3":"status-publish","4":"has-post-thumbnail","6":"product_cat-achadinhos","7":"product_cat-amazon","8":"product_cat-cama-mesa-e-banho","9":"product_cat-lencois-e-jogos-de-cama","10":"product_cat-lojas","11":"product_cat-mantas-cobertores-e-edredons","12":"product_tag-achadinho","13":"product_tag-casal","14":"product_tag-cobre-leito","15":"product_tag-ideias-de-presente-de-casamento","16":"product_tag-jogo-de-cama","17":"product_tag-presente-de-bodas","18":"product_tag-presente-de-casamento","20":"first","21":"instock","22":"shipping-taxable","23":"product-type-external"},"_links":{"self":[{"href":"https:\/\/barzo.com.br\/shop\/wp-json\/wp\/v2\/product\/4928","targetHints":{"allow":["GET"]}}],"collection":[{"href":"https:\/\/barzo.com.br\/shop\/wp-json\/wp\/v2\/product"}],"about":[{"href":"https:\/\/barzo.com.br\/shop\/wp-json\/wp\/v2\/types\/product"}],"replies":[{"embeddable":true,"href":"https:\/\/barzo.com.br\/shop\/wp-json\/wp\/v2\/comments?post=4928"}],"wp:featuredmedia":[{"embeddable":true,"href":"https:\/\/barzo.com.br\/shop\/wp-json\/wp\/v2\/media\/4929"}],"wp:attachment":[{"href":"https:\/\/barzo.com.br\/shop\/wp-json\/wp\/v2\/media?parent=4928"}],"wp:term":[{"taxonomy":"product_brand","embeddable":true,"href":"https:\/\/barzo.com.br\/shop\/wp-json\/wp\/v2\/product_brand?post=4928"},{"taxonomy":"product_cat","embeddable":true,"href":"https:\/\/barzo.com.br\/shop\/wp-json\/wp\/v2\/product_cat?post=4928"},{"taxonomy":"product_tag","embeddable":true,"href":"https:\/\/barzo.com.br\/shop\/wp-json\/wp\/v2\/product_tag?post=4928"}],"curies":[{"name":"wp","href":"https:\/\/api.w.org\/{rel}","templated":true}]}}