{"id":4913,"date":"2023-04-24T19:30:24","date_gmt":"2023-04-24T22:30:24","guid":{"rendered":"https:\/\/barzo.com.br\/shop\/?post_type=product&#038;p=4913"},"modified":"2023-04-25T01:40:54","modified_gmt":"2023-04-25T04:40:54","slug":"kit-para-lavabo-dourado-luxo","status":"publish","type":"product","link":"https:\/\/barzo.com.br\/shop\/produto\/kit-para-lavabo-dourado-luxo\/","title":{"rendered":"Kit Para Lavabo e Banheiro, 4 Pe\u00e7as, Difusor Porta Sabonete L\u00edquido Porta Escova e Pincel Bandeja Decorativa-Dispenser Organizadores e Decora\u00e7\u00e3o Para Banheiro-Dourado"},"content":{"rendered":"<div id=\"productDescription_feature_div\" class=\"celwidget\" data-feature-name=\"productDescription_NA\" data-csa-c-type=\"widget\" data-csa-c-content-id=\"productDescription_NA\" data-csa-c-slot-id=\"productDescription_feature_div\" data-csa-c-asin=\"\" data-csa-c-is-in-initial-active-row=\"false\" data-csa-c-id=\"u43e8s-onyvhv-spxh1i-9uc053\" data-cel-widget=\"productDescription_feature_div\">\n<div>\n<div id=\"productDescription_feature_div\" class=\"a-row feature\" data-feature-name=\"productDescription\" data-template-name=\"productDescription\" data-cel-widget=\"productDescription_feature_div\">\n<h2 class=\"default\">Descri\u00e7\u00e3o do produto<\/h2>\n<div id=\"productDescription\" class=\"a-section a-spacing-small\">\n<p>Lindo item design moderno e elegante. Pe\u00e7a decorativa e funcional, para v\u00e1rios ambientes.<\/p>\n<p>\u00d3timo para compor\/decorar e valorizar ambientes (lavabo, banheiro, varanda, bancadas, mesas, etc.). .<\/p>\n<p>Pe\u00e7a decorativa e funcional, para v\u00e1rios ambientes. Com ele sua bancada ficar\u00e1 mais organizada e bonita. .<\/p>\n<p>Com ele, sua bancada fica mais organizada e bonita. .<\/p>\n<p>Excelente para presentear. .<\/p>\n<p>O Kit Lavabo Sabonete L\u00edquido Difusor Porta Escova Bandeja \u00e9 composto por: .<\/p>\n<p>1 Frasco porta Sabonete L\u00edquido\/lo\u00e7\u00e3o de vidro, capacidade de 250ml, com v\u00e1lvula luxo e pingente (Cor: dourado; bandeja palha); .<\/p>\n<p>1 Frasco para difusor\/aromatizador de ambientes, capacidade de 250ml, com tampa e pingente (cor: dourado; bandeja palha); .<\/p>\n<p>1 bandeja de vidro, com dimens\u00f5es 10cmX25cm (LXC), cor preta; .<\/p>\n<p>1 porta escova de dentes\/pinc\u00e9is\/objetos\/treco; .<\/p>\n<p>Varetas aromatizadoras\/difusoras de madeira, sendo decoradas conforme fotos.<\/p>\n<p>&#8211; N\u00c3O acompanha l\u00edquido\/ess\u00eancia. .<\/p>\n<p>O produto, Kit Lavabo Sabonete L\u00edquido Difusor Porta Escova Bandeja , refere-se \u00e0s fotos do an\u00fancio. .<\/p>\n<p>O Kit Lavabo Banheiro Bandeja Porta Escova Pincel Maquiagem refere-se \u00e0s fotos do an\u00fancio. .<\/p>\n<p>Dispon\u00edvel apenas nas caracter\u00edsticas acima descritas. .<\/p>\n<p>Material resistente, de \u00f3timo acabamento. .<\/p>\n<p>Kit Lavabo Banheiro Bandeja Porta Escova Pincel Maquiagem N\u00e3o possui estojo. .<\/p>\n<p>&#8211; O Kit Lavabo Banheiro Bandeja Porta Escova Pincel Maquiagem \u00e9 produto novo, sem uso.<\/p>\n<p>&nbsp;<\/p>\n<p>&nbsp;<\/p>\n<p>&nbsp;<\/p>\n<p>&nbsp;<\/p>\n<p>&nbsp;<\/p>\n<p>&nbsp;<\/p>\n<p>&nbsp;<\/p>\n<p>&nbsp;<\/p>\n<p>&nbsp;<\/p>\n<p>&nbsp;<\/p>\n<p>&nbsp;<\/p>\n<p>&nbsp;<\/p>\n<p>&nbsp;<\/p>\n<p>&nbsp;<\/p>\n<p>&nbsp;<\/p>\n<p>&nbsp;<\/p>\n<\/div>\n<\/div>\n<\/div>\n<\/div>\n<div id=\"renewedProgramDescriptionBtf_feature_div\" class=\"celwidget\" data-feature-name=\"renewedProgramDescriptionBtf_NA\" data-csa-c-type=\"widget\" data-csa-c-content-id=\"renewedProgramDescriptionBtf_NA\" data-csa-c-slot-id=\"renewedProgramDescriptionBtf_feature_div\" data-csa-c-asin=\"\" data-csa-c-is-in-initial-active-row=\"false\" data-csa-c-id=\"o255pg-1q5bfe-9v3sbf-vsjmi5\" data-cel-widget=\"renewedProgramDescriptionBtf_feature_div\"><\/div>\n<div id=\"productDetails_feature_div\" class=\"celwidget\" data-feature-name=\"productDetails_NA\" data-csa-c-type=\"widget\" data-csa-c-content-id=\"productDetails_NA\" data-csa-c-slot-id=\"productDetails_feature_div\" data-csa-c-asin=\"\" data-csa-c-is-in-initial-active-row=\"false\" data-csa-c-id=\"g11uem-og37e0-f65f0w-ea71hi\" data-cel-widget=\"productDetails_feature_div\"><a id=\"productDetails\" name=\"productDetails\"><\/a><\/p>\n<hr class=\"a-divider-normal\" aria-hidden=\"true\" \/>\n<div>\n<div id=\"prodDetails\" class=\"a-section\">\n<h2>Informa\u00e7\u00f5es sobre o produto<\/h2>\n<div class=\"a-row a-spacing-top-base\">\n<div class=\"a-column a-span6\">\n<div class=\"a-row a-spacing-base\">\n<div class=\"a-row a-expander-container a-expander-extend-container\">\n<div class=\"a-row\">\n<div class=\"a-column a-span6\">\n<h1 class=\"a-size-medium a-spacing-small\">Detalhes t\u00e9cnicos<\/h1>\n<\/div>\n<\/div>\n<div class=\"a-expander-content a-expander-extend-content\" aria-expanded=\"true\">\n<div class=\"a-row a-expander-container a-expander-inline-container\">\n<div class=\"a-expander-content a-expander-section-content a-section-expander-inner\" aria-expanded=\"true\">\n<table id=\"productDetails_techSpec_section_1\" class=\"a-keyvalue prodDetTable\" role=\"presentation\">\n<tbody>\n<tr>\n<th class=\"a-color-secondary a-size-base prodDetSectionEntry\">Cor<\/th>\n<td class=\"a-size-base prodDetAttrValue\">\u200ePreto e Prata<\/td>\n<\/tr>\n<tr>\n<th class=\"a-color-secondary a-size-base prodDetSectionEntry\">Certifica\u00e7\u00e3o<\/th>\n<td class=\"a-size-base prodDetAttrValue\">\u200eN\u00e3o Aplic\u00e1vel<\/td>\n<\/tr>\n<tr>\n<th class=\"a-color-secondary a-size-base prodDetSectionEntry\">Tipo de material<\/th>\n<td class=\"a-size-base prodDetAttrValue\">\u200eN\u00e3o Aplic\u00e1vel<\/td>\n<\/tr>\n<tr>\n<th class=\"a-color-secondary a-size-base prodDetSectionEntry\">N\u00famero de produtos<\/th>\n<td class=\"a-size-base prodDetAttrValue\">\u200e1<\/td>\n<\/tr>\n<tr>\n<th class=\"a-color-secondary a-size-base prodDetSectionEntry\">Marca<\/th>\n<td class=\"a-size-base prodDetAttrValue\">\u200eGen\u00e9rico<\/td>\n<\/tr>\n<tr>\n<th class=\"a-color-secondary a-size-base prodDetSectionEntry\">Dimens\u00f5es da embalagem<\/th>\n<td class=\"a-size-base prodDetAttrValue\">\u200e30 x 21 x 18 cm; 1.2 Quilogramas<\/td>\n<\/tr>\n<\/tbody>\n<\/table>\n<\/div>\n<\/div>\n<\/div>\n<\/div>\n<\/div>\n<div class=\"a-row a-spacing-base\"><\/div>\n<\/div>\n<div class=\"a-column a-span6 a-span-last\">\n<div class=\"a-row a-spacing-base\">\n<div id=\"productDetails_db_sections\" class=\"a-section\">\n<h1 class=\"a-size-medium a-spacing-small secHeader\">Informa\u00e7\u00f5es adicionais<\/h1>\n<div class=\"a-section table-padding\">\n<table id=\"productDetails_detailBullets_sections1\" class=\"a-keyvalue prodDetTable\" role=\"presentation\">\n<tbody>\n<tr>\n<th class=\"a-color-secondary a-size-base prodDetSectionEntry\">Dimens\u00f5es do pacote<\/th>\n<td class=\"a-size-base prodDetAttrValue\">30 x 21 x 18 cent\u00edmetros<\/td>\n<\/tr>\n<tr>\n<th class=\"a-color-secondary a-size-base prodDetSectionEntry\">N\u00famero do modelo<\/th>\n<td class=\"a-size-base prodDetAttrValue\">KPARISDRDR<\/td>\n<\/tr>\n<tr>\n<th class=\"a-color-secondary a-size-base prodDetSectionEntry\">ASIN<\/th>\n<td class=\"a-size-base prodDetAttrValue\">B0BMZCT2B7<\/td>\n<\/tr>\n<\/tbody>\n<\/table>\n<p>&nbsp;<\/p>\n<\/div>\n<\/div>\n<\/div>\n<\/div>\n<\/div>\n<\/div>\n<\/div>\n<\/div>\n<ul class=\"a-unordered-list a-vertical a-spacing-mini\">\n<li><span class=\"a-list-item\">Lindo Kit com design moderno e elegante. Pe\u00e7a funcional e decorativa, \u00f3timo para decorar e organizar o lavabo e banheiro, deixando os itens sempre a m\u00e3o e a bancada bonita e organizada, valorizando o ambiente.<\/span><\/li>\n<li><span class=\"a-list-item\">Bandeja ideal para compor Kits para Lavabo com Porta Sabonete e Aromatizador; organizar perfumes cosm\u00e9ticos, cremes, lo\u00e7\u00f5es, escovas de dentes, pinc\u00e9is de maquiagem, etc.<\/span><\/li>\n<li><span class=\"a-list-item\">Feita de vidro qualidade e resistente, com designer moderno e elegante para ser utilizada em v\u00e1rias ocasi\u00f5es, como festas, anivers\u00e1rios, dia das m\u00e3es, natal, presente de casamento ou presentear<\/span><\/li>\n<\/ul>\n","protected":false},"excerpt":{"rendered":"<p>Lindo kit para lavabo design moderno e elegante. Pe\u00e7a decorativa e funcional, para v\u00e1rios ambientes. \u00d3timo para compor\/decorar e valorizar ambientes (lavabo, banheiro, varanda, bancadas, mesas, etc.). Pe\u00e7a decorativa e funcional, para v\u00e1rios ambientes. Com ele sua bancada ficar\u00e1 mais organizada e bonita. Com ele, sua bancada fica mais organizada e bonita. .<\/p>\n","protected":false},"featured_media":4916,"comment_status":"open","ping_status":"closed","template":"","meta":[],"product_brand":[],"product_cat":[899,613,78,19,605],"product_tag":[1191,1142,1140,1153,1192,1113,1112],"class_list":{"0":"post-4913","1":"product","2":"type-product","3":"status-publish","4":"has-post-thumbnail","6":"product_cat-achadinhos","7":"product_cat-amazon","8":"product_cat-banheiro","9":"product_cat-casa-e-jardim","10":"product_cat-lojas","11":"product_tag-acessorios-para-banheiro","12":"product_tag-achadinho","13":"product_tag-ideias-de-presente-de-casamento","14":"product_tag-lar-doce-lar","15":"product_tag-lavabo","16":"product_tag-presente-de-bodas","17":"product_tag-presente-de-casamento","19":"first","20":"instock","21":"shipping-taxable","22":"product-type-external"},"_links":{"self":[{"href":"https:\/\/barzo.com.br\/shop\/wp-json\/wp\/v2\/product\/4913","targetHints":{"allow":["GET"]}}],"collection":[{"href":"https:\/\/barzo.com.br\/shop\/wp-json\/wp\/v2\/product"}],"about":[{"href":"https:\/\/barzo.com.br\/shop\/wp-json\/wp\/v2\/types\/product"}],"replies":[{"embeddable":true,"href":"https:\/\/barzo.com.br\/shop\/wp-json\/wp\/v2\/comments?post=4913"}],"wp:featuredmedia":[{"embeddable":true,"href":"https:\/\/barzo.com.br\/shop\/wp-json\/wp\/v2\/media\/4916"}],"wp:attachment":[{"href":"https:\/\/barzo.com.br\/shop\/wp-json\/wp\/v2\/media?parent=4913"}],"wp:term":[{"taxonomy":"product_brand","embeddable":true,"href":"https:\/\/barzo.com.br\/shop\/wp-json\/wp\/v2\/product_brand?post=4913"},{"taxonomy":"product_cat","embeddable":true,"href":"https:\/\/barzo.com.br\/shop\/wp-json\/wp\/v2\/product_cat?post=4913"},{"taxonomy":"product_tag","embeddable":true,"href":"https:\/\/barzo.com.br\/shop\/wp-json\/wp\/v2\/product_tag?post=4913"}],"curies":[{"name":"wp","href":"https:\/\/api.w.org\/{rel}","templated":true}]}}