{"id":4841,"date":"2023-04-06T02:46:46","date_gmt":"2023-04-06T05:46:46","guid":{"rendered":"https:\/\/barzo.com.br\/shop\/?post_type=product&#038;p=4841"},"modified":"2023-04-06T02:47:54","modified_gmt":"2023-04-06T05:47:54","slug":"lava-loucas-14-servicos-electrolux-220v","status":"publish","type":"product","link":"https:\/\/barzo.com.br\/shop\/produto\/lava-loucas-14-servicos-electrolux-220v\/","title":{"rendered":"Lava Lou\u00e7as 14 Servi\u00e7os Home Pro LP14X Electrolux 220V"},"content":{"rendered":"<div id=\"productOverview_feature_div\" class=\"celwidget\" data-feature-name=\"productOverview\" data-csa-c-type=\"widget\" data-csa-c-content-id=\"productOverview\" data-csa-c-slot-id=\"productOverview_feature_div\" data-csa-c-asin=\"B084Q61Y1B\" data-csa-c-is-in-initial-active-row=\"false\" data-csa-c-id=\"z13m6j-iy0v18-3dejkl-x4c22r\" data-cel-widget=\"productOverview_feature_div\">\n<div class=\"a-section a-spacing-small a-spacing-top-small\">\n<h2 class=\"default\">Descri\u00e7\u00e3o do produto<\/h2>\n<div id=\"productDescription\" class=\"a-section a-spacing-small\">\n<p>Lava Lou\u00e7as Electrolux 14 Servi\u00e7os Home Pro Inox LP14X \u2013 220 Volts Com a Lava Lou\u00e7as Electrolux 14 Servi\u00e7os Home Pro Inox LP14X \u2013 220 Volts, voc\u00ea pode acomodar lou\u00e7as de tamanhos diferentes, inclusive as mais delicadas. Seu sistema inteligente permite que a Lava-Lou\u00e7as escolha o melhor programa a ser usado, dependendo da sujeira encontrada nas lou\u00e7as, gra\u00e7as a seu sistema de sensores.<\/p>\n<p>Disponibiliza ainda fun\u00e7\u00f5es bastante interessantes como: higienizar, com aquecimento da \u00e1gua a 70\u00b0C e Acquajet, ideal para pouca lou\u00e7a. Uma Lava-Lou\u00e7as moderna e cheia de recursos ser\u00e1 uma compra ideal para ajudar em sua rotina.<\/p>\n<p>Intelligent Sensor: Sensor inteligente que detecta o n\u00edvel de sujidade da lou\u00e7a, e escolhe automaticamente o melhor programa de lavagem.<\/p>\n<p>Fun\u00e7\u00e3o Higienizar: A lou\u00e7a aquecida pelo jato de \u00e1gua a 70\u00b0C sair\u00e1 muito mais higienizada.<\/p>\n<p>Fun\u00e7\u00e3o Meia Carga: Escolha entre usar o cesto superior ou o cesto inferior individualmente. Flexibilidade para rodar um ciclo sem precisar esperar a carga m\u00e1xima de lou\u00e7as.<\/p>\n<p>Fun\u00e7\u00e3o Turbo Lavagem: Muito mais agilidade e prote\u00e7\u00e3o das pe\u00e7as.<\/p>\n<p>Fun\u00e7\u00e3o Acquajet: Ideal para pouca quantidade de lou\u00e7a. Enx\u00e1gua e retira o excesso de sujeira sem deixar cheiro. Assim voc\u00ea pode acumular mais lou\u00e7a para rodar um ciclo completo.<\/p>\n<p>Programas De Lavagem: Um programa ideal para cada tipo de uso (Express 30&#8242;, Delicado, Dia a dia, panelas). Voc\u00ea pode escolher o melhor programa para atender sua necessidade. Fun\u00e7\u00e3o Adiar In\u00edcio: Permite adiar o tempo de in\u00edcio da lavagem, conforme sua necessidade. Imagem meramente ilustrativa<\/p>\n<\/div>\n<table class=\"a-normal a-spacing-micro\">\n<tbody>\n<tr class=\"a-spacing-small po-brand\">\n<td class=\"a-span3\"><span class=\"a-size-base a-text-bold\">Marca<\/span><\/td>\n<td class=\"a-span9\"><span class=\"a-size-base po-break-word\">Electrolux<\/span><\/td>\n<\/tr>\n<tr class=\"a-spacing-small po-color\">\n<td class=\"a-span3\"><span class=\"a-size-base a-text-bold\">Cor<\/span><\/td>\n<td class=\"a-span9\"><span class=\"a-size-base po-break-word\">Prata<\/span><\/td>\n<\/tr>\n<tr class=\"a-spacing-small po-controls_type\">\n<td class=\"a-span3\"><span class=\"a-size-base a-text-bold\">Tipo de controles<\/span><\/td>\n<td class=\"a-span9\"><span class=\"a-size-base po-break-word\">Toque<\/span><\/td>\n<\/tr>\n<tr class=\"a-spacing-small po-material\">\n<td class=\"a-span3\"><span class=\"a-size-base a-text-bold\">Material<\/span><\/td>\n<td class=\"a-span9\"><span class=\"a-size-base po-break-word\">A\u00e7o inoxid\u00e1vel<\/span><\/td>\n<\/tr>\n<tr class=\"a-spacing-small po-finish_type\">\n<td class=\"a-span3\"><span class=\"a-size-base a-text-bold\">Tipo de acabamento<\/span><\/td>\n<td class=\"a-span9\"><span class=\"a-size-base po-break-word\">Glazed, Stained, Pickled, Varnished<\/span><\/td>\n<\/tr>\n<\/tbody>\n<\/table>\n<\/div>\n<\/div>\n<div id=\"featurebullets_feature_div\" class=\"celwidget\" data-feature-name=\"featurebullets\" data-csa-c-type=\"widget\" data-csa-c-content-id=\"featurebullets\" data-csa-c-slot-id=\"featurebullets_feature_div\" data-csa-c-asin=\"B084Q61Y1B\" data-csa-c-is-in-initial-active-row=\"false\" data-csa-c-id=\"iy7kam-i4kf17-eoixk5-2uc8ow\" data-cel-widget=\"featurebullets_feature_div\">\n<div id=\"feature-bullets\" class=\"a-section a-spacing-medium a-spacing-top-small\">\n<hr \/>\n<h1 class=\"a-size-base-plus a-text-bold\">Sobre este item<\/h1>\n<ul class=\"a-unordered-list a-vertical a-spacing-mini\">\n<li><span class=\"a-list-item\">Intelligent sensor, sensor inteligente que detecta o n\u00edvel de sujidade da lou\u00e7a, e escolhe automaticamente o melhor programa de lavagem.<\/span><\/li>\n<li><span class=\"a-list-item\">Fun\u00e7\u00e3o Higienizar a lou\u00e7a aquecida pelo jato de \u00e1gua a 70\u00b0C sair\u00e1 muito mais higienizada.<\/span><\/li>\n<li><span class=\"a-list-item\">Fun\u00e7\u00e3o Optione escolha entre usar o cesto superior ou o cesto inferior individualmente. Flexibilidade para rodar um ciclo sem precisar esperar a carga m\u00e1xima de lou\u00e7as.<\/span><\/li>\n<li><span class=\"a-list-item\">Fun\u00e7\u00e3o Acquajet Ideal para pouca quantidade de lou\u00e7a. Enx\u00e1gua e retira o excesso de sujeira sem deixar cheiro.<\/span><\/li>\n<li><span class=\"a-list-item\">Programas de lavagem, um programa ideal para cada tipo de uso (Express 30&#8242;, delicado, Dia a dia, panelas). Voc\u00ea pode escolher o melhor programa para atender sua necessidade.<\/span><\/li>\n<\/ul>\n<h2>Informa\u00e7\u00f5es sobre o produto<\/h2>\n<div class=\"a-row a-spacing-top-base\">\n<div class=\"a-column a-span6\">\n<div class=\"a-row a-spacing-base\">\n<div class=\"a-row a-expander-container a-expander-extend-container\">\n<div class=\"a-row\">\n<div class=\"a-column a-span6\">\n<h1 class=\"a-size-medium a-spacing-small\">Detalhes t\u00e9cnicos<\/h1>\n<\/div>\n<\/div>\n<div class=\"a-expander-content a-expander-extend-content\" aria-expanded=\"true\">\n<div class=\"a-row a-expander-container a-expander-inline-container\">\n<div class=\"a-expander-content a-expander-section-content a-section-expander-inner\" aria-expanded=\"true\">\n<table id=\"productDetails_techSpec_section_1\" class=\"a-keyvalue prodDetTable\" role=\"presentation\">\n<tbody>\n<tr>\n<th class=\"a-color-secondary a-size-base prodDetSectionEntry\">Nome da marca<\/th>\n<td class=\"a-size-base prodDetAttrValue\">\u200eElectrolux<\/td>\n<\/tr>\n<tr>\n<th class=\"a-color-secondary a-size-base prodDetSectionEntry\">Dimens\u00f5es do produto<\/th>\n<td class=\"a-size-base prodDetAttrValue\">\u200e63.5 x 60.6 x 84.5 cm; 47 Quilogramas<\/td>\n<\/tr>\n<tr>\n<th class=\"a-color-secondary a-size-base prodDetSectionEntry\">N\u00famero da Pe\u00e7a<\/th>\n<td class=\"a-size-base prodDetAttrValue\">\u200eLP14X<\/td>\n<\/tr>\n<tr>\n<th class=\"a-color-secondary a-size-base prodDetSectionEntry\">Configura\u00e7\u00e3o b\u00e1sica<\/th>\n<td class=\"a-size-base prodDetAttrValue\">\u200eEmbutido<\/td>\n<\/tr>\n<tr>\n<th class=\"a-color-secondary a-size-base prodDetSectionEntry\">Cor<\/th>\n<td class=\"a-size-base prodDetAttrValue\">\u200ePrata<\/td>\n<\/tr>\n<tr>\n<th class=\"a-color-secondary a-size-base prodDetSectionEntry\">Painel de controle<\/th>\n<td class=\"a-size-base prodDetAttrValue\">\u200eToque<\/td>\n<\/tr>\n<tr>\n<th class=\"a-color-secondary a-size-base prodDetSectionEntry\">Voltagem<\/th>\n<td class=\"a-size-base prodDetAttrValue\">\u200e220 Volts<\/td>\n<\/tr>\n<tr>\n<th class=\"a-color-secondary a-size-base prodDetSectionEntry\">Tipo de material<\/th>\n<td class=\"a-size-base prodDetAttrValue\">\u200eA\u00e7o inoxid\u00e1vel<\/td>\n<\/tr>\n<tr>\n<th class=\"a-color-secondary a-size-base prodDetSectionEntry\">Peso<\/th>\n<td class=\"a-size-base prodDetAttrValue\">\u200e47 Quilogramas<\/td>\n<\/tr>\n<tr>\n<th class=\"a-color-secondary a-size-base prodDetSectionEntry\">Fabricante<\/th>\n<td class=\"a-size-base prodDetAttrValue\">\u200eElectrolux<\/td>\n<\/tr>\n<tr>\n<th class=\"a-color-secondary a-size-base prodDetSectionEntry\">Refer\u00eancia do fabricante<\/th>\n<td class=\"a-size-base prodDetAttrValue\">\u200eLP14X<\/td>\n<\/tr>\n<tr>\n<th class=\"a-color-secondary a-size-base prodDetSectionEntry\">ASIN<\/th>\n<td class=\"a-size-base prodDetAttrValue\">\u200eB084Q61Y1B<\/td>\n<\/tr>\n<\/tbody>\n<\/table>\n<\/div>\n<\/div>\n<\/div>\n<\/div>\n<\/div>\n<div class=\"a-row a-spacing-base\"><\/div>\n<\/div>\n<div class=\"a-column a-span6 a-span-last\">\n<div class=\"a-row a-spacing-base\">\n<div id=\"productDetails_db_sections\" class=\"a-section\">\n<h1 class=\"a-size-medium a-spacing-small secHeader\">Informa\u00e7\u00f5es adicionais<\/h1>\n<div class=\"a-section table-padding\">\n<table id=\"productDetails_detailBullets_sections1\" class=\"a-keyvalue prodDetTable\" role=\"presentation\">\n<tbody>\n<tr>\n<th class=\"a-color-secondary a-size-base prodDetSectionEntry\">Avalia\u00e7\u00f5es de clientes<\/th>\n<td class=\"a-size-base\">\n<div id=\"averageCustomerReviews\" data-asin=\"B084Q61Y1B\" data-ref=\"dpx_acr_pop_\"><span class=\"a-declarative\" data-action=\"acrStarsLink-click-metrics\" data-csa-c-type=\"widget\" data-csa-c-func-deps=\"aui-da-acrStarsLink-click-metrics\" data-acrstarslink-click-metrics=\"{}\" data-csa-c-id=\"t5ewgv-tdolsg-hbqnwe-lgn6et\"><span id=\"acrPopover\" class=\"reviewCountTextLinkedHistogram noUnderline\" title=\"5,0 de 5 estrelas\"><a class=\"a-popover-trigger a-declarative\" role=\"button\"><i class=\"a-icon a-icon-star a-star-5\"><span class=\"a-icon-alt\">5,0 de 5 estrelas<\/span><\/i>\u00a0<i class=\"a-icon a-icon-popover\"><\/i><\/a>\u00a0\u00a0<\/span><\/span>\u00a0<span class=\"a-declarative\" data-action=\"acrLink-click-metrics\" data-csa-c-type=\"widget\" data-csa-c-func-deps=\"aui-da-acrLink-click-metrics\" data-acrlink-click-metrics=\"{}\" data-csa-c-id=\"yftfob-9biu27-y59hh0-dujz8o\"><a id=\"acrCustomerReviewLink\" class=\"a-link-normal\" href=\"https:\/\/www.amazon.com.br\/dp\/B084Q61Y1B?&amp;linkCode=sl1&amp;tag=hktelegram-20&amp;linkId=c27461954b4426cf9c3b1242e253037e&amp;language=pt_BR&amp;ref_=as_li_ss_tl#customerReviews\" target=\"_blank\" rel=\"noopener\"><span id=\"acrCustomerReviewText\" class=\"a-size-base\">2 avalia\u00e7\u00f5es de clientes<\/span><\/a><\/span><\/div>\n<p>5,0 de 5 estrelas<\/td>\n<\/tr>\n<\/tbody>\n<\/table>\n<p>&nbsp;<\/p>\n<\/div>\n<\/div>\n<\/div>\n<\/div>\n<\/div>\n<\/div>\n<\/div>\n","protected":false},"excerpt":{"rendered":"<p>Lava Lou\u00e7as Electrolux 14 Servi\u00e7os Home Pro Inox LP14X \u2013 220 Volts Com a Lava Lou\u00e7as Electrolux 14 Servi\u00e7os Home Pro Inox LP14X \u2013 220 Volts, voc\u00ea pode acomodar lou\u00e7as de tamanhos diferentes, inclusive as mais delicadas. Seu sistema inteligente permite que a Lava-Lou\u00e7as escolha o melhor programa a ser usado, dependendo da sujeira encontrada nas lou\u00e7as, gra\u00e7as a seu sistema de sensores.<\/p>\n","protected":false},"featured_media":4842,"comment_status":"open","ping_status":"closed","template":"","meta":[],"product_brand":[],"product_cat":[613,20,46,605],"product_tag":[1053,1068,1064,1102],"class_list":{"0":"post-4841","1":"product","2":"type-product","3":"status-publish","4":"has-post-thumbnail","6":"product_cat-amazon","7":"product_cat-eletrodomesticos","8":"product_cat-lava-loucas","9":"product_cat-lojas","10":"product_tag-amazon","11":"product_tag-amazon-prime","12":"product_tag-electrolux","13":"product_tag-lava-loucas","15":"first","16":"instock","17":"shipping-taxable","18":"product-type-external"},"_links":{"self":[{"href":"https:\/\/barzo.com.br\/shop\/wp-json\/wp\/v2\/product\/4841","targetHints":{"allow":["GET"]}}],"collection":[{"href":"https:\/\/barzo.com.br\/shop\/wp-json\/wp\/v2\/product"}],"about":[{"href":"https:\/\/barzo.com.br\/shop\/wp-json\/wp\/v2\/types\/product"}],"replies":[{"embeddable":true,"href":"https:\/\/barzo.com.br\/shop\/wp-json\/wp\/v2\/comments?post=4841"}],"wp:featuredmedia":[{"embeddable":true,"href":"https:\/\/barzo.com.br\/shop\/wp-json\/wp\/v2\/media\/4842"}],"wp:attachment":[{"href":"https:\/\/barzo.com.br\/shop\/wp-json\/wp\/v2\/media?parent=4841"}],"wp:term":[{"taxonomy":"product_brand","embeddable":true,"href":"https:\/\/barzo.com.br\/shop\/wp-json\/wp\/v2\/product_brand?post=4841"},{"taxonomy":"product_cat","embeddable":true,"href":"https:\/\/barzo.com.br\/shop\/wp-json\/wp\/v2\/product_cat?post=4841"},{"taxonomy":"product_tag","embeddable":true,"href":"https:\/\/barzo.com.br\/shop\/wp-json\/wp\/v2\/product_tag?post=4841"}],"curies":[{"name":"wp","href":"https:\/\/api.w.org\/{rel}","templated":true}]}}