{"id":4827,"date":"2023-04-06T00:49:17","date_gmt":"2023-04-06T03:49:17","guid":{"rendered":"https:\/\/barzo.com.br\/shop\/?post_type=product&#038;p=4827"},"modified":"2023-04-06T00:52:05","modified_gmt":"2023-04-06T03:52:05","slug":"guia-de-corte-pente-barbeiros","status":"publish","type":"product","link":"https:\/\/barzo.com.br\/shop\/produto\/guia-de-corte-pente-barbeiros\/","title":{"rendered":"Staright 8 PCS Guia de corte Pente Barbeiros Conjunto de Ferramentas de Cabeleireiro Limite Colorido Conjunto de Pentes Compat\u00edvel com M\u00e1quina de cortar Cabelo El\u00e9trica"},"content":{"rendered":"<div id=\"productOverview_feature_div\" class=\"celwidget\" data-feature-name=\"productOverview\" data-csa-c-type=\"widget\" data-csa-c-content-id=\"productOverview\" data-csa-c-slot-id=\"productOverview_feature_div\" data-csa-c-asin=\"B0992CQC3W\" data-csa-c-is-in-initial-active-row=\"false\" data-csa-c-id=\"99toso-qdlw5n-3wtv6p-e9mszh\" data-cel-widget=\"productOverview_feature_div\">\n<div class=\"a-section a-spacing-small a-spacing-top-small\">\n<p>Guia de corte Pente Barbeiros Conjunto de Ferramentas de Cabeleireiro. Este conjunto de pentes limitadores, um total de 8 pe\u00e7as, tamanhos diferentes para atender \u00e0s suas diferentes necessidades, \u00e9 uma boa op\u00e7\u00e3o para uso dom\u00e9stico e sal\u00e3o de cabeleireiro.<\/p>\n<table class=\"a-normal a-spacing-micro\">\n<tbody>\n<tr class=\"a-spacing-small po-material\">\n<td class=\"a-span3\"><span class=\"a-size-base a-text-bold\">Material<\/span><\/td>\n<td class=\"a-span9\"><span class=\"a-size-base po-break-word\">Acrilonitrila Butadieno Estireno<\/span><\/td>\n<\/tr>\n<tr class=\"a-spacing-small po-brand\">\n<td class=\"a-span3\"><span class=\"a-size-base a-text-bold\">Marca<\/span><\/td>\n<td class=\"a-span9\"><span class=\"a-size-base po-break-word\">Staright<\/span><\/td>\n<\/tr>\n<tr class=\"a-spacing-small po-color\">\n<td class=\"a-span3\"><span class=\"a-size-base a-text-bold\">Cor<\/span><\/td>\n<td class=\"a-span9\"><span class=\"a-size-base po-break-word\">Multicolor<\/span><\/td>\n<\/tr>\n<tr class=\"a-spacing-small po-size\">\n<td class=\"a-span3\"><span class=\"a-size-base a-text-bold\">Tamanho<\/span><\/td>\n<td class=\"a-span9\"><span class=\"a-size-base po-break-word\">8PCS<\/span><\/td>\n<\/tr>\n<tr class=\"a-spacing-small po-number_of_items\">\n<td class=\"a-span3\"><span class=\"a-size-base a-text-bold\">N\u00famero de itens<\/span><\/td>\n<td class=\"a-span9\"><span class=\"a-size-base po-break-word\">1<\/span><\/td>\n<\/tr>\n<tr class=\"a-spacing-small po-unit_count\">\n<td class=\"a-span3\"><span class=\"a-size-base a-text-bold\">Contagem de unidades<\/span><\/td>\n<td class=\"a-span9\"><span class=\"a-size-base po-break-word\">1 Unidade<\/span><\/td>\n<\/tr>\n<\/tbody>\n<\/table>\n<\/div>\n<\/div>\n<div id=\"featurebullets_feature_div\" class=\"celwidget\" data-feature-name=\"featurebullets\" data-csa-c-type=\"widget\" data-csa-c-content-id=\"featurebullets\" data-csa-c-slot-id=\"featurebullets_feature_div\" data-csa-c-asin=\"B0992CQC3W\" data-csa-c-is-in-initial-active-row=\"false\" data-csa-c-id=\"h4p9tt-35uh9w-kc2d4w-bfvdij\" data-cel-widget=\"featurebullets_feature_div\">\n<div id=\"feature-bullets\" class=\"a-section a-spacing-medium a-spacing-top-small\">\n<hr \/>\n<h1 class=\"a-size-base-plus a-text-bold\">Sobre este item<\/h1>\n<ul class=\"a-unordered-list a-vertical a-spacing-mini\">\n<li><span class=\"a-list-item\">[Uso seguro] Pode ser firmemente preso \u00e0 l\u00e2mina, para que possa ser fixado com seguran\u00e7a ao aparar. Cada pente \u00e9 projetado para deslizar sobre o cabelo de forma r\u00e1pida e eficiente.<\/span><\/li>\n<li><span class=\"a-list-item\">[Compatibilidade] Compat\u00edvel com as m\u00e1quinas de cortar cabelo el\u00e9tricas .<\/span><\/li>\n<li><span class=\"a-list-item\">[Combina\u00e7\u00e3o de 8 pe\u00e7as] O pente limite tem 8 tamanhos de cor, incluindo 1\u204416 pol (1,5 mm), 1\u20448 pol (cerca de 3 mm), 3\u204416 pol (cerca de 4,5 mm), 1\u20444 pol (cerca de 6 mm), 3 \u20448in (10mm), 1\u20442in (13mm), 3\u20444in (19mm), 1in (25mm).<\/span><\/li>\n<li><span class=\"a-list-item\">[Dur\u00e1vel] Feito de pl\u00e1stico ABS, forte e dur\u00e1vel, f\u00e1cil de instalar.<\/span><\/li>\n<li><span class=\"a-list-item\">[Pente limitador ideal] Pode ser facilmente instalado em m\u00e1quinas de cortar cabelo. \u00c9 uma boa op\u00e7\u00e3o para aparar cabelos e barba.<\/span><\/li>\n<\/ul>\n<div id=\"productDescription_feature_div\" class=\"celwidget\" data-feature-name=\"productDescription\" data-csa-c-type=\"widget\" data-csa-c-content-id=\"productDescription\" data-csa-c-slot-id=\"productDescription_feature_div\" data-csa-c-asin=\"\" data-csa-c-is-in-initial-active-row=\"false\" data-csa-c-id=\"cu2geu-j2l9rq-6ibabo-whqapf\" data-cel-widget=\"productDescription_feature_div\">\n<div>\n<div id=\"productDescription_feature_div\" class=\"a-row feature\" data-feature-name=\"productDescription\" data-template-name=\"productDescription\" data-cel-widget=\"productDescription_feature_div\">\n<h2 class=\"default\">Descri\u00e7\u00e3o do produto<\/h2>\n<div id=\"productDescription\" class=\"a-section a-spacing-small\">\n<p><span class=\"a-text-bold\">Descri\u00e7\u00e3o:<\/span><br \/>\nEste conjunto de pentes limitadores, um total de 8 pe\u00e7as, tamanhos diferentes para atender \u00e0s suas diferentes necessidades, \u00e9 uma boa op\u00e7\u00e3o para uso dom\u00e9stico e sal\u00e3o de cabeleireiro.<\/p>\n<p><span class=\"a-text-bold\">Recursos:<\/span><br \/>\n<span class=\"a-text-bold\">[Uso seguro]<\/span><br \/>\nEle pode estar firmemente preso na l\u00e2mina, para que possa ser fixado com seguran\u00e7a ao aparar. Cada pente \u00e9 projetado para deslizar sobre o cabelo de forma r\u00e1pida e eficiente.<br \/>\n<span class=\"a-text-bold\">[Compatibilidade]<\/span><br \/>\nCompat\u00edvel com as m\u00e1quinas de cortar cabelo el\u00e9tricas .<br \/>\n<span class=\"a-text-bold\">[combina\u00e7\u00e3o de 8 pe\u00e7as]<\/span><br \/>\nO pente de limite tem 8 tamanhos de cor, incluindo 1 &#8217;16mm (1,5mm), 1&#8242; 8mm (cerca de 3mm), 3 &#8217;16mm (cerca de 4,5mm), 1&#8242; 4mm (cerca de 6mm), 3 &#8216;8mm (10mm) , 1 &amp; quot; 2in (13mm), 3 &amp; quot; 4in (19mm), 1in \/ 25mm.<br \/>\n<span class=\"a-text-bold\">[Dur\u00e1vel]<\/span><br \/>\nFeito de pl\u00e1stico ABS, forte e dur\u00e1vel, f\u00e1cil de instalar.<br \/>\n<span class=\"a-text-bold\">[Pente limitador ideal]<\/span><br \/>\nPode ser facilmente instalado em m\u00e1quinas de cortar cabelo. \u00c9 uma boa op\u00e7\u00e3o para aparar cabelos e barba.<\/p>\n<p><span class=\"a-text-bold\">Nota: Cada pente guia para aparador de cabelo \u00e9 entregue em cores aleat\u00f3rias.<\/span><\/p>\n<p><span class=\"a-text-bold\">Especifica\u00e7\u00e3o:<\/span><br \/>\ntipo: Ferramenta para Sal\u00e3o de Cabeleireiro<br \/>\nMaterial: ABS<br \/>\nQuantidade: 8pcs<br \/>\ncor: Multicolorido<br \/>\nTamanho do pacote: Aprox. 14 * 10.5cm \/ 5.51 * 4.13in<br \/>\nPeso da embalagem: Aprox. 93g \/ 3,28oz<\/p>\n<p><span class=\"a-text-bold\">Lista de pacotes:<\/span><br \/>\n8 * pentes de guia de m\u00e1quina de cortar cabelo<\/p>\n<\/div>\n<\/div>\n<\/div>\n<\/div>\n<div id=\"renewedProgramDescriptionBtf_feature_div\" class=\"celwidget\" data-feature-name=\"renewedProgramDescriptionBtf\" data-csa-c-type=\"widget\" data-csa-c-content-id=\"renewedProgramDescriptionBtf\" data-csa-c-slot-id=\"renewedProgramDescriptionBtf_feature_div\" data-csa-c-asin=\"\" data-csa-c-is-in-initial-active-row=\"false\" data-csa-c-id=\"7eq2hc-f8npgy-gzk926-21hfja\" data-cel-widget=\"renewedProgramDescriptionBtf_feature_div\"><\/div>\n<div id=\"aplusBrandStory_feature_div\" class=\"celwidget\" data-feature-name=\"aplusBrandStory\" data-csa-c-type=\"widget\" data-csa-c-content-id=\"aplusBrandStory\" data-csa-c-slot-id=\"aplusBrandStory_feature_div\" data-csa-c-asin=\"\" data-csa-c-is-in-initial-active-row=\"false\" data-csa-c-id=\"i0szyi-8y4q1d-lwfycl-rf9u6x\" data-cel-widget=\"aplusBrandStory_feature_div\"><\/div>\n<div id=\"aplus_feature_div\" class=\"celwidget\" data-feature-name=\"aplus\" data-csa-c-type=\"widget\" data-csa-c-content-id=\"aplus\" data-csa-c-slot-id=\"aplus_feature_div\" data-csa-c-asin=\"\" data-csa-c-is-in-initial-active-row=\"false\" data-csa-c-id=\"evht11-s0c09z-r2w527-z9g364\" data-cel-widget=\"aplus_feature_div\"><\/div>\n<div id=\"productDetailsWithModules_feature_div\" class=\"celwidget\" data-feature-name=\"productDetailsWithModules\" data-csa-c-type=\"widget\" data-csa-c-content-id=\"productDetailsWithModules\" data-csa-c-slot-id=\"productDetailsWithModules_feature_div\" data-csa-c-asin=\"\" data-csa-c-is-in-initial-active-row=\"false\" data-csa-c-id=\"mqmj6m-d2200-nskbnw-mz7gtw\" data-cel-widget=\"productDetailsWithModules_feature_div\">\n<p><a id=\"productDetails\" name=\"productDetails\"><\/a><\/p>\n<hr class=\"a-divider-normal\" aria-hidden=\"true\" \/>\n<div>\n<div id=\"prodDetails\" class=\"a-section\">\n<h2>Informa\u00e7\u00f5es sobre o produto<\/h2>\n<div class=\"a-row a-spacing-top-base\">\n<div class=\"a-column a-span6\">\n<div class=\"a-row a-spacing-base\">\n<div class=\"a-row a-expander-container a-expander-extend-container\">\n<div class=\"a-row\">\n<div class=\"a-column a-span6\">\n<h1 class=\"a-size-medium a-spacing-small\">Detalhes t\u00e9cnicos<\/h1>\n<\/div>\n<\/div>\n<div class=\"a-expander-content a-expander-extend-content\" aria-expanded=\"true\">\n<div class=\"a-row a-expander-container a-expander-inline-container\">\n<div class=\"a-expander-content a-expander-section-content a-section-expander-inner\" aria-expanded=\"true\">\n<table id=\"productDetails_techSpec_section_1\" class=\"a-keyvalue prodDetTable\" role=\"presentation\">\n<tbody>\n<tr>\n<th class=\"a-color-secondary a-size-base prodDetSectionEntry\">Fabricante<\/th>\n<td class=\"a-size-base prodDetAttrValue\">\u200eStaright<\/td>\n<\/tr>\n<tr>\n<th class=\"a-color-secondary a-size-base prodDetSectionEntry\">N\u00famero de unidades<\/th>\n<td class=\"a-size-base prodDetAttrValue\">\u200e1<\/td>\n<\/tr>\n<tr>\n<th class=\"a-color-secondary a-size-base prodDetSectionEntry\">Tamanho<\/th>\n<td class=\"a-size-base prodDetAttrValue\">\u200e8PCS<\/td>\n<\/tr>\n<tr>\n<th class=\"a-color-secondary a-size-base prodDetSectionEntry\">Refer\u00eancia do fabricante<\/th>\n<td class=\"a-size-base prodDetAttrValue\">\u200eStaright W12987<\/td>\n<\/tr>\n<tr>\n<th class=\"a-color-secondary a-size-base prodDetSectionEntry\">ASIN<\/th>\n<td class=\"a-size-base prodDetAttrValue\">\u200eB0992CQC3W<\/td>\n<\/tr>\n<tr>\n<th class=\"a-color-secondary a-size-base prodDetSectionEntry\">EAN<\/th>\n<td class=\"a-size-base prodDetAttrValue\">\u200e0772923263281<\/td>\n<\/tr>\n<tr>\n<th class=\"a-color-secondary a-size-base prodDetSectionEntry\">Marca<\/th>\n<td class=\"a-size-base prodDetAttrValue\">\u200eStaright<\/td>\n<\/tr>\n<\/tbody>\n<\/table>\n<\/div>\n<hr class=\"a-divider-normal bucketDivider\" aria-hidden=\"true\" \/>\n<h2>Detalhes do produto<\/h2>\n<div id=\"detailBullets_feature_div\">\n<ul class=\"a-unordered-list a-nostyle a-vertical a-spacing-none detail-bullet-list\">\n<li><span class=\"a-list-item\"><span class=\"a-text-bold\">Fabricante \u200f : \u200e\u00a0<\/span>Staright<\/span><\/li>\n<li><span class=\"a-list-item\"><span class=\"a-text-bold\">ASIN \u200f : \u200e\u00a0<\/span>B0992CQC3W<\/span><\/li>\n<li><span class=\"a-list-item\"><span class=\"a-text-bold\">Refer\u00eancia do fabricante \u200f : \u200e\u00a0<\/span>Staright W12987<\/span><\/li>\n<\/ul>\n<\/div>\n<ul class=\"a-unordered-list a-nostyle a-vertical a-spacing-none detail-bullet-list\">\n<li><span class=\"a-list-item\"><span class=\"a-text-bold\">Avalia\u00e7\u00f5es dos clientes:\u00a0<\/span><\/span>\n<div id=\"detailBullets_averageCustomerReviews\" data-asin=\"B0992CQC3W\" data-ref=\"dpx_acr_pop_\"><span class=\"a-declarative\" data-action=\"acrStarsLink-click-metrics\" data-csa-c-type=\"widget\" data-csa-c-func-deps=\"aui-da-acrStarsLink-click-metrics\" data-acrstarslink-click-metrics=\"{}\" data-csa-c-id=\"vyn3dn-jk0wmv-qvakdm-6f9eg4\"><span id=\"acrPopover\" class=\"reviewCountTextLinkedHistogram noUnderline\" title=\"5,0 de 5 estrelas\"><a class=\"a-popover-trigger a-declarative\" role=\"button\"><i class=\"a-icon a-icon-star a-star-5\"><span class=\"a-icon-alt\">5,0 de 5 estrelas<\/span><\/i>\u00a0<i class=\"a-icon a-icon-popover\"><\/i><\/a><\/span><\/span><\/div>\n<\/li>\n<\/ul>\n<\/div>\n<\/div>\n<\/div>\n<\/div>\n<\/div>\n<\/div>\n<\/div>\n<\/div>\n<\/div>\n<\/div>\n<\/div>\n","protected":false},"excerpt":{"rendered":"<p>Guia de corte Pente Barbeiros Conjunto de Ferramentas de Cabeleireiro. Este conjunto de pentes limitadores, um total de 8 pe\u00e7as, tamanhos diferentes para atender \u00e0s suas diferentes necessidades, \u00e9 uma boa op\u00e7\u00e3o para uso dom\u00e9stico e sal\u00e3o de cabeleireiro.<\/p>\n","protected":false},"featured_media":4828,"comment_status":"open","ping_status":"closed","template":"","meta":[],"product_brand":[],"product_cat":[605,436,613,16,437,420],"product_tag":[1053,1068,1081,1079,1080],"class_list":{"0":"post-4827","1":"product","2":"type-product","3":"status-publish","4":"has-post-thumbnail","6":"product_cat-lojas","7":"product_cat-acessorios-para-cabelo-e-salao","8":"product_cat-amazon","9":"product_cat-beleza-bem-estar-e-saude","10":"product_cat-linha-de-produtos-profissionais-para-cabelo","11":"product_cat-salao-de-beleza-e-estetica","12":"product_tag-amazon","13":"product_tag-amazon-prime","14":"product_tag-barbearia","15":"product_tag-guia-de-corte","16":"product_tag-pente-cabelereiro","18":"first","19":"instock","20":"shipping-taxable","21":"product-type-external"},"_links":{"self":[{"href":"https:\/\/barzo.com.br\/shop\/wp-json\/wp\/v2\/product\/4827","targetHints":{"allow":["GET"]}}],"collection":[{"href":"https:\/\/barzo.com.br\/shop\/wp-json\/wp\/v2\/product"}],"about":[{"href":"https:\/\/barzo.com.br\/shop\/wp-json\/wp\/v2\/types\/product"}],"replies":[{"embeddable":true,"href":"https:\/\/barzo.com.br\/shop\/wp-json\/wp\/v2\/comments?post=4827"}],"wp:featuredmedia":[{"embeddable":true,"href":"https:\/\/barzo.com.br\/shop\/wp-json\/wp\/v2\/media\/4828"}],"wp:attachment":[{"href":"https:\/\/barzo.com.br\/shop\/wp-json\/wp\/v2\/media?parent=4827"}],"wp:term":[{"taxonomy":"product_brand","embeddable":true,"href":"https:\/\/barzo.com.br\/shop\/wp-json\/wp\/v2\/product_brand?post=4827"},{"taxonomy":"product_cat","embeddable":true,"href":"https:\/\/barzo.com.br\/shop\/wp-json\/wp\/v2\/product_cat?post=4827"},{"taxonomy":"product_tag","embeddable":true,"href":"https:\/\/barzo.com.br\/shop\/wp-json\/wp\/v2\/product_tag?post=4827"}],"curies":[{"name":"wp","href":"https:\/\/api.w.org\/{rel}","templated":true}]}}