{"id":4488,"date":"2023-03-14T23:34:17","date_gmt":"2023-03-15T02:34:17","guid":{"rendered":"https:\/\/barzo.com.br\/shop\/?post_type=product&#038;p=4488"},"modified":"2023-03-15T00:40:57","modified_gmt":"2023-03-15T03:40:57","slug":"tabua-de-bambu-com-base-giratoria-oikos","status":"publish","type":"product","link":"https:\/\/barzo.com.br\/shop\/produto\/tabua-de-bambu-com-base-giratoria-oikos\/","title":{"rendered":"Tabua De Bambu Com Base Girat\u00f3ria Oikos"},"content":{"rendered":"<div class=\"U9rGd1\">\n<div class=\"MCCLkq\">\n<div class=\"dR8kXc\">Tabua De Bambu Com Base Girat\u00f3ria &#8211; Oikos Essa \u00e9 a t\u00e1bua girat\u00f3ria de bambu da OIKOS. Multiuso: pode ser usada para apoiar travessas na mesa, organizar bijus no quarto ou at\u00e9 fazer parte de algum jogo em roda. Base girat\u00f3ria: a t\u00e1bua n\u00e3o sai do lugar, mas gira para trazer para mais pertinho o que ficou do outro lado. Pr\u00e1tico: &#8220;me passa o sal?&#8221; se usar para acess\u00f3rios de mesa, \u00e9 s\u00f3 girar a t\u00e1bua para conseguir passar &#8211; ou se usar para petisco, s\u00f3 girar para pegar aquele \u00faltimo pedacinho de queijo mesmo. Design decorativo: o bambu natural d\u00e1 um toque a mais na decora\u00e7\u00e3o. Dur\u00e1vel e higi\u00eanico: o bambu \u00e9 um material resistente e com propriedades que evitam a prolifera\u00e7\u00e3o de bact\u00e9rias. F\u00e1cil de lavar: basta higienizar com detergente neutro e guardar quando estiver bem seca.<\/div>\n<div class=\"dR8kXc\">Largura 33cm<\/div>\n<div class=\"dR8kXc\">Cor: Natural<\/div>\n<div class=\"dR8kXc\">Material: Bambu<\/div>\n<div class=\"dR8kXc\">Contem: 1 Tabua De Bambu Com Base Girat\u00f3ria &#8211; Oikos<\/div>\n<\/div>\n<\/div>\n","protected":false},"excerpt":{"rendered":"<p>Tabua De Bambu Com Base Girat\u00f3ria &#8211; Oikos Essa \u00e9 a t\u00e1bua girat\u00f3ria de bambu da OIKOS. Multiuso: pode ser usada para apoiar travessas na mesa, organizar bijus no quarto ou at\u00e9 fazer parte de algum jogo em roda. Base girat\u00f3ria: a t\u00e1bua n\u00e3o sai do lugar, mas gira para trazer para mais pertinho o que ficou do outro lado.<\/p>\n","protected":false},"featured_media":4490,"comment_status":"open","ping_status":"closed","template":"","meta":[],"product_brand":[],"product_cat":[899,605,865,492,127],"product_tag":[1045,1044,993],"class_list":{"0":"post-4488","1":"product","2":"type-product","3":"status-publish","4":"has-post-thumbnail","6":"product_cat-achadinhos","7":"product_cat-lojas","8":"product_cat-shopee","9":"product_cat-tabuas-de-corte-e-frios","10":"product_cat-utilidades-domesticas","11":"product_tag-shopee","12":"product_tag-tabua-de-frios","13":"product_tag-utilidades-domesticas","15":"first","16":"instock","17":"shipping-taxable","18":"product-type-external"},"_links":{"self":[{"href":"https:\/\/barzo.com.br\/shop\/wp-json\/wp\/v2\/product\/4488","targetHints":{"allow":["GET"]}}],"collection":[{"href":"https:\/\/barzo.com.br\/shop\/wp-json\/wp\/v2\/product"}],"about":[{"href":"https:\/\/barzo.com.br\/shop\/wp-json\/wp\/v2\/types\/product"}],"replies":[{"embeddable":true,"href":"https:\/\/barzo.com.br\/shop\/wp-json\/wp\/v2\/comments?post=4488"}],"wp:featuredmedia":[{"embeddable":true,"href":"https:\/\/barzo.com.br\/shop\/wp-json\/wp\/v2\/media\/4490"}],"wp:attachment":[{"href":"https:\/\/barzo.com.br\/shop\/wp-json\/wp\/v2\/media?parent=4488"}],"wp:term":[{"taxonomy":"product_brand","embeddable":true,"href":"https:\/\/barzo.com.br\/shop\/wp-json\/wp\/v2\/product_brand?post=4488"},{"taxonomy":"product_cat","embeddable":true,"href":"https:\/\/barzo.com.br\/shop\/wp-json\/wp\/v2\/product_cat?post=4488"},{"taxonomy":"product_tag","embeddable":true,"href":"https:\/\/barzo.com.br\/shop\/wp-json\/wp\/v2\/product_tag?post=4488"}],"curies":[{"name":"wp","href":"https:\/\/api.w.org\/{rel}","templated":true}]}}