{"id":4315,"date":"2023-01-23T23:09:17","date_gmt":"2023-01-24T02:09:17","guid":{"rendered":"https:\/\/barzo.com.br\/shop\/?post_type=product&#038;p=4315"},"modified":"2023-01-23T23:10:58","modified_gmt":"2023-01-24T02:10:58","slug":"difusor-umidificador-ultrassonico-led-7-cores-300ml","status":"publish","type":"product","link":"https:\/\/barzo.com.br\/shop\/produto\/difusor-umidificador-ultrassonico-led-7-cores-300ml\/","title":{"rendered":"Difusor Umidificador Ultrass\u00f4nico Estilo Branco Com Led 7 Cores 300ml"},"content":{"rendered":"<p>Umidificador De Ar Difusor De Aroma Ultrassonico led 300 ml<\/p>\n<p>7 cores de luz, fornece ilumina\u00e7\u00e3o suave.<\/p>\n<p>Com design moderno e tecnol\u00f3gico, este difusor e aromatizador \u00e9 ideal para pequenos ambientes, com uma capacidade de 300ml. Tem dura\u00e7\u00e3o de at\u00e9 m\u00e1ximo 2-4 horas, pode ser utilizado com ess\u00eancias na aromatiza\u00e7\u00e3o\/umidifica\u00e7\u00e3o de ambientes. Possui sistema de desligamento autom\u00e1tico quando h\u00e1 pouca \u00e1gua. Possui 7 cores de ilumina\u00e7\u00e3o, pode ser ajustado para deixar todas as cores aleatoriamente ou deixar em apenas uma.<\/p>\n<p>Deixe a sua casa com cheiro maravilhoso. Prevenir a pele seca e rachada nos meses secos do inverno. Umidificar o ar, respirar mais f\u00e1cil, e aliviar a tosse e congest\u00e3o nasal devido a resfriados, alergias, e da gripe. Reduzir os odores em sua casa a partir de cigarros, cozinhar, e animais de estima\u00e7\u00e3o. Port\u00e1til para Casa, Yoga, Escrit\u00f3rio, Spa, Quarto, Quarto Do Beb\u00ea. Ideia e presente perfeito para a fam\u00edlia e amigos que gostam de aromaterapia ou podem se beneficiar de Aromaterapia de cura.<\/p>\n<p>Especifica\u00e7\u00f5es<\/p>\n<p>Material: PP<\/p>\n<p>Consumo de energia: Aprox. 4W<\/p>\n<p>Capacidade do tanque: 300ml<\/p>\n<p>Ideal para ambientes : 10-20m\u00b2<\/p>\n<p>Alimenta\u00e7\u00e3o: fonte ligar na tomada<\/p>\n<p>Altura: aprox. 10cm<\/p>\n<p>Circunfer\u00eancia :Aprox. 40 cm<\/p>\n<p>Conte\u00fado da embalagem:<\/p>\n<p>1 Difusor<\/p>\n<p>1 Fonte de Alimenta\u00e7\u00e3o Bivolt autom\u00e1tica.<\/p>\n","protected":false},"excerpt":{"rendered":"<p>Umidificador De Ar Difusor De Aroma Ultrassonico led 300 ml e 7 cores de luz, fornece ilumina\u00e7\u00e3o suave.<\/p>\n","protected":false},"featured_media":4296,"comment_status":"open","ping_status":"closed","template":"","meta":[],"product_brand":[],"product_cat":[899,19,118,1018,73,605,155,865],"product_tag":[1021,1022,1020,1019],"class_list":{"0":"post-4315","1":"product","2":"type-product","3":"status-publish","4":"has-post-thumbnail","6":"product_cat-achadinhos","7":"product_cat-casa-e-jardim","8":"product_cat-decoracao","9":"product_cat-difusores-e-umidificadores","10":"product_cat-iluminacao","11":"product_cat-lojas","12":"product_cat-luminaria","13":"product_cat-shopee","14":"product_tag-aromaterapia","15":"product_tag-difusor","16":"product_tag-led","17":"product_tag-umidificador","19":"first","20":"instock","21":"shipping-taxable","22":"product-type-external"},"_links":{"self":[{"href":"https:\/\/barzo.com.br\/shop\/wp-json\/wp\/v2\/product\/4315","targetHints":{"allow":["GET"]}}],"collection":[{"href":"https:\/\/barzo.com.br\/shop\/wp-json\/wp\/v2\/product"}],"about":[{"href":"https:\/\/barzo.com.br\/shop\/wp-json\/wp\/v2\/types\/product"}],"replies":[{"embeddable":true,"href":"https:\/\/barzo.com.br\/shop\/wp-json\/wp\/v2\/comments?post=4315"}],"wp:featuredmedia":[{"embeddable":true,"href":"https:\/\/barzo.com.br\/shop\/wp-json\/wp\/v2\/media\/4296"}],"wp:attachment":[{"href":"https:\/\/barzo.com.br\/shop\/wp-json\/wp\/v2\/media?parent=4315"}],"wp:term":[{"taxonomy":"product_brand","embeddable":true,"href":"https:\/\/barzo.com.br\/shop\/wp-json\/wp\/v2\/product_brand?post=4315"},{"taxonomy":"product_cat","embeddable":true,"href":"https:\/\/barzo.com.br\/shop\/wp-json\/wp\/v2\/product_cat?post=4315"},{"taxonomy":"product_tag","embeddable":true,"href":"https:\/\/barzo.com.br\/shop\/wp-json\/wp\/v2\/product_tag?post=4315"}],"curies":[{"name":"wp","href":"https:\/\/api.w.org\/{rel}","templated":true}]}}