{"id":3963,"date":"2022-12-16T01:22:31","date_gmt":"2022-12-16T04:22:31","guid":{"rendered":"https:\/\/barzo.com.br\/shop\/?post_type=product&#038;p=3963"},"modified":"2022-12-16T02:50:15","modified_gmt":"2022-12-16T05:50:15","slug":"kit-12-potes-tempero-condimentos-tampa-dosadora-dupla-de-plastico-100-ml","status":"publish","type":"product","link":"https:\/\/barzo.com.br\/shop\/produto\/kit-12-potes-tempero-condimentos-tampa-dosadora-dupla-de-plastico-100-ml\/","title":{"rendered":"Kit 12 Potes Tempero Condimentos Tampa Dosadora Dupla de Pl\u00e1stico &#8211; 100 ml"},"content":{"rendered":"<p>KIT DE 12 UNIDADES COM TAMPA DOSADORA DUPLA Na hora cozinhar voc\u00ea precisa ter ao seu alcance todos os ingredientes!<\/p>\n<p>N\u00e3o tem nada que pode tornar o ato de cozinhar mais apavorante do que uma cozinha bagun\u00e7ada e desorganizada. Por isso os porta temperos s\u00e3o pura praticidade!<\/p>\n<p>Com os temperos organizados voc\u00ea pode fazer com facilidade uma maionese temperada, temperar carne, temperar carne de porco, temperar camar\u00e3o, temperar carne mo\u00edda, entre outros usos. Por ser um porta tempero transparente, facilita a visualiza\u00e7\u00e3o do alimento, aumentando a sua praticidade. Voc\u00ea consegue identificar com facilidade qual tempero usar no momento certo, sem perder tempo lendo r\u00f3tulos.<\/p>\n<p>INFORMA\u00c7\u00d5ES:<\/p>\n<p>Capacidade: 100ml<\/p>\n<p>Altura: 10 cm<\/p>\n<p>Largura: 4 cm<\/p>\n<p>Tampa: Tampa Dosadora Dupla<\/p>\n","protected":false},"excerpt":{"rendered":"<p>KIT DE 12 UNIDADES COM TAMPA DOSADORA DUPLA Na hora cozinhar voc\u00ea precisa ter ao seu alcance todos os ingredientes!<\/p>\n<p>N\u00e3o tem nada que pode tornar o ato de cozinhar mais apavorante do que uma cozinha bagun\u00e7ada e desorganizada. Por isso os porta temperos s\u00e3o pura praticidade!<\/p>\n","protected":false},"featured_media":3644,"comment_status":"open","ping_status":"closed","template":"","meta":[],"product_brand":[],"product_cat":[899,605,865,147,127],"product_tag":[],"class_list":{"0":"post-3963","1":"product","2":"type-product","3":"status-publish","4":"has-post-thumbnail","6":"product_cat-achadinhos","7":"product_cat-lojas","8":"product_cat-shopee","9":"product_cat-utensilios-e-acessorios-domesticos","10":"product_cat-utilidades-domesticas","12":"first","13":"instock","14":"shipping-taxable","15":"product-type-external"},"_links":{"self":[{"href":"https:\/\/barzo.com.br\/shop\/wp-json\/wp\/v2\/product\/3963","targetHints":{"allow":["GET"]}}],"collection":[{"href":"https:\/\/barzo.com.br\/shop\/wp-json\/wp\/v2\/product"}],"about":[{"href":"https:\/\/barzo.com.br\/shop\/wp-json\/wp\/v2\/types\/product"}],"replies":[{"embeddable":true,"href":"https:\/\/barzo.com.br\/shop\/wp-json\/wp\/v2\/comments?post=3963"}],"wp:featuredmedia":[{"embeddable":true,"href":"https:\/\/barzo.com.br\/shop\/wp-json\/wp\/v2\/media\/3644"}],"wp:attachment":[{"href":"https:\/\/barzo.com.br\/shop\/wp-json\/wp\/v2\/media?parent=3963"}],"wp:term":[{"taxonomy":"product_brand","embeddable":true,"href":"https:\/\/barzo.com.br\/shop\/wp-json\/wp\/v2\/product_brand?post=3963"},{"taxonomy":"product_cat","embeddable":true,"href":"https:\/\/barzo.com.br\/shop\/wp-json\/wp\/v2\/product_cat?post=3963"},{"taxonomy":"product_tag","embeddable":true,"href":"https:\/\/barzo.com.br\/shop\/wp-json\/wp\/v2\/product_tag?post=3963"}],"curies":[{"name":"wp","href":"https:\/\/api.w.org\/{rel}","templated":true}]}}