{"id":3604,"date":"2022-12-08T03:12:06","date_gmt":"2022-12-08T06:12:06","guid":{"rendered":"https:\/\/barzo.com.br\/shop\/?post_type=product&#038;p=3604"},"modified":"2022-12-09T01:25:08","modified_gmt":"2022-12-09T04:25:08","slug":"carregador-tomada-usb-c-de-20w-apple-iphone-ipad-branco","status":"publish","type":"product","link":"https:\/\/barzo.com.br\/shop\/produto\/carregador-tomada-usb-c-de-20w-apple-iphone-ipad-branco\/","title":{"rendered":"Carregador tomada USB-C de 20w Apple &#8211; iPhone\/iPad Branco"},"content":{"rendered":"<div class=\"product\">\n<div class=\"ptabs\">\n<div class=\"product-factsheet \" data-factsheet-id=\"227170400\">\n<div class=\"tab-content\">\n<div id=\"tab-descricao227170400\" class=\"tab-pane active\">\n<table class=\"tab descricao\">\n<tbody>\n<tr class=\"attribute level1\">\n<td>O carregador USB-C de 20W Apple \u00e9 r\u00e1pido e eficiente, ideal para usar em casa, no trabalho ou onde voc\u00ea estiver. Ele \u00e9 compat\u00edvel com qualquer aparelho com porta USB-C, mas recomendamos o uso com o iPad Pro de 11 polegadas ou iPad Pro de 12,9 polegadas (3a gera\u00e7\u00e3o) para ter o melhor rendimento.<\/p>\n<p>Voc\u00ea tamb\u00e9m pode conect\u00e1-lo ao iPhone 8 ou posterior para aproveitar o recurso de carregamento r\u00e1pido.<\/td>\n<\/tr>\n<\/tbody>\n<\/table>\n<\/div>\n<\/div>\n<\/div>\n<\/div>\n<\/div>\n<div class=\"row recomm-white-box recomm-cross\"><\/div>\n<div><\/div>\n<div>Ficha T\u00e9cnica:<\/div>\n<div>\n<div class=\"product\">\n<div class=\"ptabs\">\n<div class=\"product-factsheet \" data-factsheet-id=\"227170400\">\n<div class=\"tab-content\">\n<div id=\"tab-ficha-tecnica227170400\" class=\"tab-pane active\">\n<table class=\"tab ficha-tecnica\">\n<tbody>\n<tr class=\"attribute level1 odd\">\n<td class=\"name\">Marca<\/td>\n<td class=\"element\">Apple<\/td>\n<\/tr>\n<tr class=\"attribute level1 even\">\n<td class=\"name\">Refer\u00eancia<\/td>\n<td class=\"element\">MHJG3BZ\/A<\/td>\n<\/tr>\n<tr class=\"attribute level1 odd\">\n<td class=\"name\">Modelo<\/td>\n<td class=\"element\">Carregador USB-C de 20W original<\/td>\n<\/tr>\n<tr class=\"attribute level1 even\">\n<td class=\"name\">Tipo de carregador<\/td>\n<td class=\"element\">USB-C<\/td>\n<\/tr>\n<tr class=\"attribute level1 odd\">\n<td class=\"name\">Compatibilidade<\/td>\n<td class=\"element\">Modelos de iPhone: iPhone 12 Pro, iPhone 12 Pro Max, iPhone 12 Mini, iPhone 12, iPhone SE (2\u00aa gera\u00e7\u00e3o), iPhone Xs, iPhone Xs Max, iPhone Xr, iPhone X, iPhone 8, iPhone 8 Plus. Modelos de iPad: iPad Pro de 12,9 polegadas (4\u00aa gera\u00e7\u00e3o,) iPad Pro de 12,9 polegadas (3\u00aa gera\u00e7\u00e3o), iPad Pro de 12,9 polegadas (2\u00aa gera\u00e7\u00e3o), iPad Pro de 12,9 polegadas (1\u00aa gera\u00e7\u00e3o), iPad Pro de 11 polegadas (2\u00aa gera\u00e7\u00e3o), iPad Pro de 11 polegadas (1\u00aa gera\u00e7\u00e3o), iPad Pro de 10,5 polegadas, iPad Air (4\u00aa gera\u00e7\u00e3o), iPad Air (3\u00aa gera\u00e7\u00e3o), iPad (8\u00aa gera\u00e7\u00e3o), iPad (7\u00aa gera\u00e7\u00e3o), iPad mini (5\u00aa gera\u00e7\u00e3o).<\/td>\n<\/tr>\n<tr class=\"attribute level1 even\">\n<td class=\"name\">Cor<\/td>\n<td class=\"element\">Branco<\/td>\n<\/tr>\n<tr class=\"attribute level1 odd\">\n<td class=\"name\">Padr\u00e3o<\/td>\n<td class=\"element\">Original<\/td>\n<\/tr>\n<tr class=\"attribute level1 even\">\n<td class=\"name\">Certificado de homologa\u00e7\u00e3o da Anatel n\u00famero<\/td>\n<td class=\"element\">06835-20-01993<\/td>\n<\/tr>\n<tr class=\"attribute level1 odd\">\n<td class=\"name\">Dimens\u00f5es do produto<\/td>\n<td class=\"element\">&#8211; Altura: 8,3cm<br \/>\n&#8211; Largura: 3cm<br \/>\n&#8211; Comprimento: 6,7cm<\/td>\n<\/tr>\n<tr class=\"attribute level1 even\">\n<td class=\"name\">Prazo de garantia<\/td>\n<td class=\"element\">01 ano (3 meses de garantia legal e mais 9 meses de garantia especial concedida pelo fabricante).<\/td>\n<\/tr>\n<tr class=\"attribute level1 odd\">\n<td class=\"name\">SAC do fornecedor<\/td>\n<td class=\"element\">0800-761-0867<\/td>\n<\/tr>\n<tr class=\"attribute level1 even\">\n<td class=\"name\">Conte\u00fado da embalagem<\/td>\n<td class=\"element\">Carregador USB-C de 20W original<\/td>\n<\/tr>\n<tr class=\"attribute level1 odd\">\n<td class=\"name\">Aviso do carregador USB 20W<\/td>\n<td class=\"element\">Para utilizar o carregador USB 20W \u00e9 necess\u00e1rio um cabo compat\u00edvel com a entrada USB.<\/td>\n<\/tr>\n<\/tbody>\n<\/table>\n<\/div>\n<\/div>\n<\/div>\n<\/div>\n<\/div>\n<div class=\"row recomm-white-box recomm-cross\"><\/div>\n<\/div>\n","protected":false},"excerpt":{"rendered":"<table class=\"tab descricao\">\n<tbody>\n<tr class=\"attribute level1\">\n<td>O carregador USB-C de 20W Apple \u00e9 r\u00e1pido e eficiente, ideal para usar em casa, no trabalho ou onde voc\u00ea estiver.<\/td>\n<\/tr>\n<\/tbody>\n<\/table>\n","protected":false},"featured_media":3605,"comment_status":"open","ping_status":"closed","template":"","meta":[],"product_brand":[],"product_cat":[605,898,606,126],"product_tag":[],"class_list":{"0":"post-3604","1":"product","2":"type-product","3":"status-publish","4":"has-post-thumbnail","6":"product_cat-lojas","7":"product_cat-acessorios-para-telefones-e-smartphones","8":"product_cat-magalu","9":"product_cat-telefones-celulares-e-tablets","11":"first","12":"instock","13":"shipping-taxable","14":"product-type-external"},"_links":{"self":[{"href":"https:\/\/barzo.com.br\/shop\/wp-json\/wp\/v2\/product\/3604","targetHints":{"allow":["GET"]}}],"collection":[{"href":"https:\/\/barzo.com.br\/shop\/wp-json\/wp\/v2\/product"}],"about":[{"href":"https:\/\/barzo.com.br\/shop\/wp-json\/wp\/v2\/types\/product"}],"replies":[{"embeddable":true,"href":"https:\/\/barzo.com.br\/shop\/wp-json\/wp\/v2\/comments?post=3604"}],"wp:featuredmedia":[{"embeddable":true,"href":"https:\/\/barzo.com.br\/shop\/wp-json\/wp\/v2\/media\/3605"}],"wp:attachment":[{"href":"https:\/\/barzo.com.br\/shop\/wp-json\/wp\/v2\/media?parent=3604"}],"wp:term":[{"taxonomy":"product_brand","embeddable":true,"href":"https:\/\/barzo.com.br\/shop\/wp-json\/wp\/v2\/product_brand?post=3604"},{"taxonomy":"product_cat","embeddable":true,"href":"https:\/\/barzo.com.br\/shop\/wp-json\/wp\/v2\/product_cat?post=3604"},{"taxonomy":"product_tag","embeddable":true,"href":"https:\/\/barzo.com.br\/shop\/wp-json\/wp\/v2\/product_tag?post=3604"}],"curies":[{"name":"wp","href":"https:\/\/api.w.org\/{rel}","templated":true}]}}