{"id":3572,"date":"2022-12-08T01:37:18","date_gmt":"2022-12-08T04:37:18","guid":{"rendered":"https:\/\/barzo.com.br\/shop\/?post_type=product&#038;p=3572"},"modified":"2022-12-08T01:37:44","modified_gmt":"2022-12-08T04:37:44","slug":"escova-secadora-essenza-absoluta-1200w-2-velocidades-ceramica","status":"publish","type":"product","link":"https:\/\/barzo.com.br\/shop\/produto\/escova-secadora-essenza-absoluta-1200w-2-velocidades-ceramica\/","title":{"rendered":"Escova Secadora Essenza Absoluta 1200W &#8211; 2 Velocidades Cer\u00e2mica"},"content":{"rendered":"<div class=\"product\">\n<div class=\"ptabs\">\n<div class=\"product-factsheet \" data-factsheet-id=\"108517400\">\n<div class=\"tab-content\">\n<div id=\"tab-descricao108517400\" class=\"tab-pane active\">\n<table class=\"tab descricao\">\n<tbody>\n<tr class=\"attribute level1\">\n<td>Quer ter cabelos arrumados com muita praticidade e agilidade? Ent\u00e3o conhe\u00e7a a escova secadora Absoluta da Essenza que seca, alisa e modela os fios \u00famidos ou secos. Tem como tecnologia a cer\u00e2mica que sela as cut\u00edculas do cabelo garantindo a prote\u00e7\u00e3o dos fios mantendo-os mais brilhantes. Al\u00e9m disso \u00e9 leve e ergon\u00f4mica ela garante a praticidade para fazer lindos penteados. Nas cores preta e lil\u00e1s possui duas velocidades, pot\u00eancia de 1200W e \u00e9 110V. Assim, seus fios ficar\u00e3o muito mais saud\u00e1veis e brilhosos em instantes.<\/td>\n<\/tr>\n<\/tbody>\n<\/table>\n<\/div>\n<\/div>\n<\/div>\n<\/div>\n<\/div>\n<div class=\"row-header\"><\/div>\n<div>Ficha T\u00e9cnica:<\/div>\n<div>\n<div class=\"product\">\n<div class=\"ptabs\">\n<div class=\"product-factsheet \" data-factsheet-id=\"108517400\">\n<div class=\"tab-content\">\n<div id=\"tab-ficha-tecnica108517400\" class=\"tab-pane active\">\n<table class=\"tab ficha-tecnica\">\n<tbody>\n<tr class=\"attribute level1 odd\">\n<td class=\"name\">Marca<\/td>\n<td class=\"element\">Essenza<\/td>\n<\/tr>\n<tr class=\"attribute level1 even\">\n<td class=\"name\">Refer\u00eancia<\/td>\n<td class=\"element\">EB062<\/td>\n<\/tr>\n<tr class=\"attribute level1 odd\">\n<td class=\"name\">Modelo<\/td>\n<td class=\"element\">Absoluta<\/td>\n<\/tr>\n<tr class=\"attribute level1 even\">\n<td class=\"name\">Tecnologia<\/td>\n<td class=\"element\">Cer\u00e2mica<\/td>\n<\/tr>\n<tr class=\"attribute level1 odd\">\n<td class=\"name\">Velocidades<\/td>\n<td class=\"element\">2<\/td>\n<\/tr>\n<tr class=\"attribute level1 even\">\n<td class=\"name\">N\u00edveis de temperatura<\/td>\n<td class=\"element\">3<\/td>\n<\/tr>\n<tr class=\"attribute level1 odd\">\n<td class=\"name\">Pot\u00eancia<\/td>\n<td class=\"element\">1200W<\/td>\n<\/tr>\n<tr class=\"attribute level1 even\">\n<td class=\"name\">Fun\u00e7\u00f5es<\/td>\n<td class=\"element\">Seca, alisa e modela<\/td>\n<\/tr>\n<tr class=\"attribute level1 odd\">\n<td class=\"name\">Caracter\u00edsticas<\/td>\n<td class=\"element\">Cabo girat\u00f3rio 360 graus<\/td>\n<\/tr>\n<tr class=\"attribute level1 even\">\n<td class=\"name\">Utiliza\u00e7\u00e3o<\/td>\n<td class=\"element\">&#8211; Cabelos secos<br \/>\n&#8211; Cabelos \u00famidos<\/td>\n<\/tr>\n<tr class=\"attribute level1 odd\">\n<td class=\"name\">Jato frio<\/td>\n<td class=\"element\">Sim<\/td>\n<\/tr>\n<tr class=\"attribute level1 even\">\n<td class=\"name\">Cerdas<\/td>\n<td class=\"element\">Duplas e macias<\/td>\n<\/tr>\n<tr class=\"attribute level1 odd\">\n<td class=\"name\">Voltagem<\/td>\n<td class=\"element\">110 Volts<\/td>\n<\/tr>\n<tr class=\"attribute level1 even\">\n<td class=\"name\">Tipo de tomada<\/td>\n<td class=\"element\">10A<\/td>\n<\/tr>\n<tr class=\"attribute level1 odd\">\n<td class=\"name\">Cor<\/td>\n<td class=\"element\">Preto e Lil\u00e1s<\/td>\n<\/tr>\n<tr class=\"attribute level1 even\">\n<td class=\"name\">INMETRO<\/td>\n<td class=\"element\">BRA 19\/01353<\/td>\n<\/tr>\n<tr class=\"attribute level1 odd\">\n<td class=\"name\">Peso do produto<\/td>\n<td class=\"element\">530g<\/td>\n<\/tr>\n<tr class=\"attribute level1 even\">\n<td class=\"name\">Peso do produto com embalagem<\/td>\n<td class=\"element\">630g<\/td>\n<\/tr>\n<tr class=\"attribute level1 odd\">\n<td class=\"name\">Dimens\u00f5es do produto &#8211; Largura<\/td>\n<td class=\"element\">11cm<\/td>\n<\/tr>\n<tr class=\"attribute level1 even\">\n<td class=\"name\">Dimens\u00f5es do produto &#8211; Altura<\/td>\n<td class=\"element\">33cm<\/td>\n<\/tr>\n<tr class=\"attribute level1 odd\">\n<td class=\"name\">Dimens\u00f5es do produto &#8211; Profundidade<\/td>\n<td class=\"element\">8cm<\/td>\n<\/tr>\n<tr class=\"attribute level1 even\">\n<td class=\"name\">Prazo de garantia<\/td>\n<td class=\"element\">01 ano (3 meses de garantia legal e mais 9 meses de garantia especial concedida pelo fabricante).<\/td>\n<\/tr>\n<tr class=\"attribute level1 odd\">\n<td class=\"name\">SAC do fornecedor<\/td>\n<td class=\"element\">sac@multilaser.com.br<\/td>\n<\/tr>\n<tr class=\"attribute level1 even\">\n<td class=\"name\">Conte\u00fado da embalagem<\/td>\n<td class=\"element\">&#8211; 1 Escova Secadora<br \/>\n&#8211; Manual de Instru\u00e7\u00f5es<\/td>\n<\/tr>\n<\/tbody>\n<\/table>\n<\/div>\n<\/div>\n<\/div>\n<\/div>\n<\/div>\n<div class=\"row recomm-white-box recomm-cross\">\n<div class=\"row-fluid recomm-content\">\n<div class=\"row-header\"><\/div>\n<\/div>\n<\/div>\n<\/div>\n","protected":false},"excerpt":{"rendered":"<p>Quer ter cabelos arrumados com muita praticidade e agilidade? Ent\u00e3o conhe\u00e7a a escova secadora Absoluta da Essenza que seca, alisa e modela os fios \u00famidos ou secos. Tem como tecnologia a cer\u00e2mica que&#8230;<\/p>\n","protected":false},"featured_media":3573,"comment_status":"open","ping_status":"closed","template":"","meta":[],"product_brand":[],"product_cat":[605,16,433,606,420],"product_tag":[],"class_list":{"0":"post-3572","1":"product","2":"type-product","3":"status-publish","4":"has-post-thumbnail","6":"product_cat-lojas","7":"product_cat-beleza-bem-estar-e-saude","8":"product_cat-escovas-e-modeladores","9":"product_cat-magalu","10":"product_cat-salao-de-beleza-e-estetica","12":"first","13":"instock","14":"shipping-taxable","15":"product-type-external"},"_links":{"self":[{"href":"https:\/\/barzo.com.br\/shop\/wp-json\/wp\/v2\/product\/3572","targetHints":{"allow":["GET"]}}],"collection":[{"href":"https:\/\/barzo.com.br\/shop\/wp-json\/wp\/v2\/product"}],"about":[{"href":"https:\/\/barzo.com.br\/shop\/wp-json\/wp\/v2\/types\/product"}],"replies":[{"embeddable":true,"href":"https:\/\/barzo.com.br\/shop\/wp-json\/wp\/v2\/comments?post=3572"}],"wp:featuredmedia":[{"embeddable":true,"href":"https:\/\/barzo.com.br\/shop\/wp-json\/wp\/v2\/media\/3573"}],"wp:attachment":[{"href":"https:\/\/barzo.com.br\/shop\/wp-json\/wp\/v2\/media?parent=3572"}],"wp:term":[{"taxonomy":"product_brand","embeddable":true,"href":"https:\/\/barzo.com.br\/shop\/wp-json\/wp\/v2\/product_brand?post=3572"},{"taxonomy":"product_cat","embeddable":true,"href":"https:\/\/barzo.com.br\/shop\/wp-json\/wp\/v2\/product_cat?post=3572"},{"taxonomy":"product_tag","embeddable":true,"href":"https:\/\/barzo.com.br\/shop\/wp-json\/wp\/v2\/product_tag?post=3572"}],"curies":[{"name":"wp","href":"https:\/\/api.w.org\/{rel}","templated":true}]}}