{"id":3566,"date":"2022-12-08T01:17:58","date_gmt":"2022-12-08T04:17:58","guid":{"rendered":"https:\/\/barzo.com.br\/shop\/?post_type=product&#038;p=3566"},"modified":"2022-12-08T01:17:58","modified_gmt":"2022-12-08T04:17:58","slug":"notebook-samsung-book-intel-core-i5-8gb-256gb-ssd-156-full-hd-windows-11","status":"publish","type":"product","link":"https:\/\/barzo.com.br\/shop\/produto\/notebook-samsung-book-intel-core-i5-8gb-256gb-ssd-156-full-hd-windows-11\/","title":{"rendered":"Notebook Samsung Book Intel Core i5 8GB 256GB SSD &#8211; 15,6\u201d Full HD Windows 11"},"content":{"rendered":"<table class=\"tab descricao\">\n<tbody>\n<tr class=\"attribute level1\">\n<td>Aproveite ao m\u00e1ximo o seu dia com o notebook Samsung Book. Seu design discreto e elegante permite que ele seja transportado em mochilas e pastas para que voc\u00ea possa us\u00e1-lo em todas as ocasi\u00f5es, seja para estudo, trabalho ou lazer. Com o processador Intel Core i5 1135G7 11\u00aa Gera\u00e7\u00e3o, voc\u00ea ter\u00e1 uma capacidade de resposta incr\u00edvel, agilizando a realiza\u00e7\u00e3o de tarefas simult\u00e2neas de forma tranquila e sem dificuldades.<\/p>\n<p>Conta ainda com mem\u00f3ria RAM de 8GB que pode ser expandida para at\u00e9 32GB, permitindo que voc\u00ea alterne facilmente entre aplicativos abertos sem se preocupar com travamentos inconvenientes. Com o SSD de 256GB voc\u00ea tem espa\u00e7o para salvar fotos, v\u00eddeos, arquivos, m\u00fasicas e o que mais precisar. Sua tela LED \u00e9 Full HD e mede 15,6&#8243;, al\u00e9m disso, ela entrega uma experi\u00eancia de imagens mais rica e perfeita para assistir seus filmes e s\u00e9ries favoritas ou editar fotos e v\u00eddeos. Por ser compacto, voc\u00ea poder\u00e1 lev\u00e1-lo para todos os lugares. Este modelo acompanha o sistema operacional Windows 11 Home, garantindo que voc\u00ea tenha uma experi\u00eancia completa e sem dificuldades para executar as tarefas rotineiras.<\/p>\n<p>Ficha T\u00e9cnica:<\/p>\n<table class=\"tab ficha-tecnica\">\n<tbody>\n<tr class=\"attribute level1 odd\">\n<td class=\"name\">Marca<\/td>\n<td class=\"element\">Samsung<\/td>\n<\/tr>\n<tr class=\"attribute level1 even\">\n<td class=\"name\">Refer\u00eancia<\/td>\n<td class=\"element\">NP550XDA-KH2BR<\/td>\n<\/tr>\n<tr class=\"attribute level1 odd\">\n<td class=\"name\">Modelo<\/td>\n<td class=\"element\">Book<\/td>\n<\/tr>\n<tr class=\"attribute level1 even\">\n<td class=\"name\">Processador<\/td>\n<td class=\"element\">Intel Core i5<\/td>\n<\/tr>\n<tr class=\"attribute level1 odd\">\n<td class=\"name\">Modelo do Processador<\/td>\n<td class=\"element\">1135G7<\/td>\n<\/tr>\n<tr class=\"attribute level1 even\">\n<td class=\"name\">Gera\u00e7\u00e3o do Processador<\/td>\n<td class=\"element\">11\u00aa Gera\u00e7\u00e3o<\/td>\n<\/tr>\n<tr class=\"attribute level1 odd\">\n<td class=\"name\">Velocidade do Processador \/ Frequ\u00eancia Base<\/td>\n<td class=\"element\">2.40GHz<\/td>\n<\/tr>\n<tr class=\"attribute level1 even\">\n<td class=\"name\">Velocidade do Processador \/ Frequ\u00eancia Aumentada<\/td>\n<td class=\"element\">4.20GHz<\/td>\n<\/tr>\n<tr class=\"attribute level1 odd\">\n<td class=\"name\">Mem\u00f3ria Cache<\/td>\n<td class=\"element\">8MB<\/td>\n<\/tr>\n<tr class=\"attribute level1 even\">\n<td class=\"name\">Recursos Especiais do Processador<\/td>\n<td class=\"element\">Turbo Fun\u00e7\u00e3o &#8211; A frequ\u00eancia m\u00e1xima do turbo indica a frequ\u00eancia mais elevada que pode ser alcan\u00e7ada quando as condi\u00e7\u00f5es permitem que o processador entre no modo turbo automaticamente<\/td>\n<\/tr>\n<tr class=\"attribute level1 odd\">\n<td class=\"name\">Mem\u00f3ria RAM<\/td>\n<td class=\"element\">8GB<\/td>\n<\/tr>\n<tr class=\"attribute level1 even\">\n<td class=\"name\">Expans\u00edvel<\/td>\n<td class=\"element\">At\u00e9 32GB<\/td>\n<\/tr>\n<tr class=\"attribute level1 odd\">\n<td class=\"name\">Barramento da Mem\u00f3ria<\/td>\n<td class=\"element\">DDR4<\/td>\n<\/tr>\n<tr class=\"attribute level1 even\">\n<td class=\"name\">Clock da Mem\u00f3ria<\/td>\n<td class=\"element\">2666<\/td>\n<\/tr>\n<tr class=\"attribute level1 odd\">\n<td class=\"name\">Capacidade do SSD<\/td>\n<td class=\"element\">256GB<\/td>\n<\/tr>\n<tr class=\"attribute level1 even\">\n<td class=\"name\">Interface do SSD<\/td>\n<td class=\"element\">NVMe<\/td>\n<\/tr>\n<tr class=\"attribute level1 odd\">\n<td class=\"name\">Sistema Operacional<\/td>\n<td class=\"element\">Windows 11<\/td>\n<\/tr>\n<tr class=\"attribute level1 even\">\n<td class=\"name\">Vers\u00e3o do Sistema Operacional<\/td>\n<td class=\"element\">Home<\/td>\n<\/tr>\n<tr class=\"attribute level1 odd\">\n<td class=\"name\">Tipo de Tela<\/td>\n<td class=\"element\">LED<\/td>\n<\/tr>\n<tr class=\"attribute level1 even\">\n<td class=\"name\">Tamanho da Tela<\/td>\n<td class=\"element\">15,6&#8243;<\/td>\n<\/tr>\n<tr class=\"attribute level1 odd\">\n<td class=\"name\">Resolu\u00e7\u00e3o da Tela<\/td>\n<td class=\"element\">Full HD<\/td>\n<\/tr>\n<tr class=\"attribute level1 even\">\n<td class=\"name\">Tipo de Placa de V\u00eddeo<\/td>\n<td class=\"element\">Integrada<\/td>\n<\/tr>\n<tr class=\"attribute level1 odd\">\n<td class=\"name\">Modelo da Placa de V\u00eddeo<\/td>\n<td class=\"element\">Intel Iris Xe Graphics<\/td>\n<\/tr>\n<tr class=\"attribute level1 even\">\n<td class=\"name\">Conex\u00f5es<\/td>\n<td class=\"element\">&#8211; 1 Micro SD &#8211; 2 USB-A &#8211; 1 Security Slot &#8211; 1 LAN &#8211; 1 HDMI &#8211; 1 USB-C &#8211; 1 \u00c1udio<\/td>\n<\/tr>\n<tr class=\"attribute level1 odd\">\n<td class=\"name\">Conectividade<\/td>\n<td class=\"element\">&#8211; Wi-Fi &#8211; Bluetooth V5.1<\/td>\n<\/tr>\n<tr class=\"attribute level1 even\">\n<td class=\"name\">Placa Wireless<\/td>\n<td class=\"element\">802.11 ac 1&#215;1<\/td>\n<\/tr>\n<tr class=\"attribute level1 odd\">\n<td class=\"name\">Webcam<\/td>\n<td class=\"element\">Sim<\/td>\n<\/tr>\n<tr class=\"attribute level1 even\">\n<td class=\"name\">Leitor de Cart\u00f5es<\/td>\n<td class=\"element\">Sim<\/td>\n<\/tr>\n<tr class=\"attribute level1 odd\">\n<td class=\"name\">Placa de Rede<\/td>\n<td class=\"element\">Gigabit Ethernet [10\/100\/1000]<\/td>\n<\/tr>\n<tr class=\"attribute level1 even\">\n<td class=\"name\">Tipo de Teclado<\/td>\n<td class=\"element\">Portugu\u00eas-BR com teclado num\u00e9rico integrado<\/td>\n<\/tr>\n<tr class=\"attribute level1 odd\">\n<td class=\"name\">Touchpad<\/td>\n<td class=\"element\">Com suporte \u00e0 fun\u00e7\u00e3o multi-toques<\/td>\n<\/tr>\n<tr class=\"attribute level1 even\">\n<td class=\"name\">Software Inclusos<\/td>\n<td class=\"element\">&#8211; Link Sharing &#8211; Live Wallpaper &#8211; McAfee Live Safe (Trial 60 dias) &#8211; Screen Recorder &#8211; Samsung Gallery &#8211; Quick Search &#8211; Samsung DeX &#8211; Samsung Flow &#8211; Samsung Notes &#8211; Samsung Recovery &#8211; Samsung Settings &#8211; Studio Plus (sujeito a altera\u00e7\u00e3o sem aviso pr\u00e9vio)<\/td>\n<\/tr>\n<tr class=\"attribute level1 odd\">\n<td class=\"name\">Som<\/td>\n<td class=\"element\">HD (High Definition) Audio<\/td>\n<\/tr>\n<tr class=\"attribute level1 even\">\n<td class=\"name\">Modelo da Placa M\u00e3e<\/td>\n<td class=\"element\">Samsung<\/td>\n<\/tr>\n<tr class=\"attribute level1 odd\">\n<td class=\"name\">Chipset<\/td>\n<td class=\"element\">Integrado (Intel)<\/td>\n<\/tr>\n<tr class=\"attribute level1 even\">\n<td class=\"name\">Tipo de Bateria<\/td>\n<td class=\"element\">43Wh<\/td>\n<\/tr>\n<tr class=\"attribute level1 odd\">\n<td class=\"name\">Fonte<\/td>\n<td class=\"element\">40W<\/td>\n<\/tr>\n<tr class=\"attribute level1 even\">\n<td class=\"name\">Voltagem da Fonte<\/td>\n<td class=\"element\">Bivolt<\/td>\n<\/tr>\n<tr class=\"attribute level1 odd\">\n<td class=\"name\">Cor<\/td>\n<td class=\"element\">Cinza Chumbo<\/td>\n<\/tr>\n<tr class=\"attribute level1 even\">\n<td class=\"name\">Certificado Homologado pela Anatel N\u00famero<\/td>\n<td class=\"element\">00106186<\/td>\n<\/tr>\n<tr class=\"attribute level1 odd\">\n<td class=\"name\">Peso do Produto<\/td>\n<td class=\"element\">1,81kg<\/td>\n<\/tr>\n<tr class=\"attribute level1 even\">\n<td class=\"name\">Peso do Produto com Embalagem<\/td>\n<td class=\"element\">2,8kg<\/td>\n<\/tr>\n<tr class=\"attribute level1 odd\">\n<td class=\"name\">Dimens\u00f5es do Produto<\/td>\n<td class=\"element\">&#8211; Largura: 35,9cm &#8211; Altura: 1,88cm &#8211; Profundidade: 24,1cm<\/td>\n<\/tr>\n<tr class=\"attribute level1 even\">\n<td class=\"name\">Dimens\u00f5es do Produto com Embalagem<\/td>\n<td class=\"element\">&#8211; Largura: 49,9cm &#8211; Altura: 6,7cm &#8211; Profundidade: 29,9cm<\/td>\n<\/tr>\n<tr class=\"attribute level1 odd\">\n<td class=\"name\">Prazo de Garantia<\/td>\n<td class=\"element\">01 ano (3 meses de garantia legal e mais 9 meses de garantia especial concedida pelo fabricante)<\/td>\n<\/tr>\n<tr class=\"attribute level1 even\">\n<td class=\"name\">Armazenamento interno<\/td>\n<td class=\"element\">A mem\u00f3ria dispon\u00edvel para uso do consumidor pode sofrer varia\u00e7\u00f5es, conforme sistema operacional, aplicativos e\/ou outros fatores<\/td>\n<\/tr>\n<tr class=\"attribute level1 odd\">\n<td class=\"name\">Conte\u00fado da Embalagem<\/td>\n<td class=\"element\">&#8211; 1 Notebook &#8211; Fonte adaptadora &#8211; Guias de usu\u00e1rio &#8211; Certificado de garantia<\/td>\n<\/tr>\n<tr class=\"attribute level1 even\">\n<td class=\"name\">N\u00famero de slots para HDD<\/td>\n<td class=\"element\">1<\/td>\n<\/tr>\n<tr class=\"attribute level1 odd\">\n<td class=\"name\">N\u00famero de slots para SSD<\/td>\n<td class=\"element\">1<\/td>\n<\/tr>\n<\/tbody>\n<\/table>\n<\/td>\n<\/tr>\n<\/tbody>\n<\/table>\n","protected":false},"excerpt":{"rendered":"<p>Aproveite ao m\u00e1ximo o seu dia com o notebook Samsung Book. Seu design discreto e elegante permite que ele seja transportado em mochilas e pastas para que voc\u00ea possa us\u00e1-lo em todas as ocasi\u00f5es, seja para estudo, trabalho ou lazer. Com o processador Intel Core i5 1135G7 11\u00aa Gera\u00e7\u00e3o, voc\u00ea ter\u00e1 uma capacidade de resposta incr\u00edvel&#8230;<\/p>\n","protected":false},"featured_media":3567,"comment_status":"open","ping_status":"closed","template":"","meta":[],"product_brand":[],"product_cat":[605,49,606,87],"product_tag":[],"class_list":{"0":"post-3566","1":"product","2":"type-product","3":"status-publish","4":"has-post-thumbnail","6":"product_cat-lojas","7":"product_cat-informatica-e-tecnologia","8":"product_cat-magalu","9":"product_cat-notebooks","11":"first","12":"instock","13":"shipping-taxable","14":"product-type-external"},"_links":{"self":[{"href":"https:\/\/barzo.com.br\/shop\/wp-json\/wp\/v2\/product\/3566","targetHints":{"allow":["GET"]}}],"collection":[{"href":"https:\/\/barzo.com.br\/shop\/wp-json\/wp\/v2\/product"}],"about":[{"href":"https:\/\/barzo.com.br\/shop\/wp-json\/wp\/v2\/types\/product"}],"replies":[{"embeddable":true,"href":"https:\/\/barzo.com.br\/shop\/wp-json\/wp\/v2\/comments?post=3566"}],"wp:featuredmedia":[{"embeddable":true,"href":"https:\/\/barzo.com.br\/shop\/wp-json\/wp\/v2\/media\/3567"}],"wp:attachment":[{"href":"https:\/\/barzo.com.br\/shop\/wp-json\/wp\/v2\/media?parent=3566"}],"wp:term":[{"taxonomy":"product_brand","embeddable":true,"href":"https:\/\/barzo.com.br\/shop\/wp-json\/wp\/v2\/product_brand?post=3566"},{"taxonomy":"product_cat","embeddable":true,"href":"https:\/\/barzo.com.br\/shop\/wp-json\/wp\/v2\/product_cat?post=3566"},{"taxonomy":"product_tag","embeddable":true,"href":"https:\/\/barzo.com.br\/shop\/wp-json\/wp\/v2\/product_tag?post=3566"}],"curies":[{"name":"wp","href":"https:\/\/api.w.org\/{rel}","templated":true}]}}