{"id":3329,"date":"2022-11-30T23:39:38","date_gmt":"2022-12-01T02:39:38","guid":{"rendered":"https:\/\/barzo.com.br\/shop\/?post_type=product&#038;p=3329"},"modified":"2022-11-30T23:39:38","modified_gmt":"2022-12-01T02:39:38","slug":"geladeira-consul-frost-free-duplex-450-litros-com-espaco-flex-cor-branca-com-painel-eletronico-externo-crm56hb","status":"publish","type":"product","link":"https:\/\/barzo.com.br\/shop\/produto\/geladeira-consul-frost-free-duplex-450-litros-com-espaco-flex-cor-branca-com-painel-eletronico-externo-crm56hb\/","title":{"rendered":"Geladeira Consul Frost Free Duplex 450 litros com Espa\u00e7o Flex cor Branca Com Painel Eletr\u00f4nico Externo CRM56HB"},"content":{"rendered":"<div class=\"product\">\n<div class=\"ptabs\">\n<div class=\"product-factsheet \" data-factsheet-id=\"ebg3j311f7\">\n<div class=\"tab-content\">\n<div id=\"tab-descricaoebg3j311f7\" class=\"tab-pane active\">\n<table class=\"tab descricao\">\n<tbody>\n<tr class=\"attribute level1\">\n<td>A Geladeira Consul Frost Free 450 litros Espa\u00e7o Flex tem flexibilidade e capacidade de sobra para organizar tudo da sua maneira. Com o Espa\u00e7o Flex voc\u00ea organiza os compartimentos da porta do seu jeito, e a Prateleira Flex no freezer permite organizar o espa\u00e7o de 3 formas diferentes, ela tamb\u00e9m tem a Fruteira, um espa\u00e7o para armazenar suas frutas e al\u00e9m disso, o Filtro Antiodor tira o \u201cgosto de geladeira\u201d da \u00e1gua, e ainda te avisa sempre que precisar trocar. Ahhh! Bem pensado.<\/td>\n<\/tr>\n<\/tbody>\n<\/table>\n<\/div>\n<\/div>\n<\/div>\n<\/div>\n<\/div>\n<div class=\"row recomm-white-box recomm-viewed\">\n<div class=\"row-fluid recomm-content hide\">\n<div class=\"row-header\">\n<div class=\"product\">\n<div class=\"ptabs\">\n<div class=\"product-factsheet \" data-factsheet-id=\"ebg3j311f7\">\n<div class=\"tab-content\">\n<div id=\"tab-ficha-tecnicaebg3j311f7\" class=\"tab-pane active\">\n<table class=\"tab ficha-tecnica\">\n<tbody>\n<tr class=\"attribute level1 odd\">\n<td class=\"name\">cor (identificador)<\/td>\n<td class=\"element\">Branco<\/td>\n<\/tr>\n<tr class=\"attribute level1 even\">\n<td class=\"name\">cor<\/td>\n<td class=\"element\">Branco<\/td>\n<\/tr>\n<tr class=\"attribute level1 odd\">\n<td class=\"name\">garantia do fornecedor (m\u00eas)<\/td>\n<td class=\"element\">12<\/td>\n<\/tr>\n<tr class=\"attribute level1 even\">\n<td class=\"name\">consumo aproximado de energia (kwh)<\/td>\n<td class=\"element\">59<\/td>\n<\/tr>\n<tr class=\"attribute level1 odd\">\n<td class=\"name\">capacidade total (l)<\/td>\n<td class=\"element\">450<\/td>\n<\/tr>\n<tr class=\"attribute level1 even\">\n<td class=\"name\">dispenser de \u00e1gua<\/td>\n<td class=\"element\">N\u00e3o<\/td>\n<\/tr>\n<tr class=\"attribute level1 odd\">\n<td class=\"name\">marca<\/td>\n<td class=\"element\">Consul<\/td>\n<\/tr>\n<tr class=\"attribute level1 even\">\n<td class=\"name\">portf\u00f3lio<\/td>\n<td class=\"element\">Linha Branca<\/td>\n<\/tr>\n<tr class=\"attribute level1 odd\">\n<td class=\"name\">dimens\u00f5es com embalagem (lxaxp) (cm)<\/td>\n<td class=\"element\">74,6 X 190,5 X 74,8<\/td>\n<\/tr>\n<tr class=\"attribute level1 even\">\n<td class=\"name\">capacidade<\/td>\n<td class=\"element\">450L<\/td>\n<\/tr>\n<tr class=\"attribute level1 odd\">\n<td class=\"name\">peso com embalagem (kg)<\/td>\n<td class=\"element\">77.3<\/td>\n<\/tr>\n<tr class=\"attribute level1 even\">\n<td class=\"name\">recipiente para guardar gelo<\/td>\n<td class=\"element\">Sim<\/td>\n<\/tr>\n<tr class=\"attribute level1 odd\">\n<td class=\"name\">compartimento extra frio<\/td>\n<td class=\"element\">Sim<\/td>\n<\/tr>\n<tr class=\"attribute level1 even\">\n<td class=\"name\">porta latas<\/td>\n<td class=\"element\">N\u00e3o<\/td>\n<\/tr>\n<tr class=\"attribute level1 odd\">\n<td class=\"name\">porta ovos<\/td>\n<td class=\"element\">Sim<\/td>\n<\/tr>\n<tr class=\"attribute level1 even\">\n<td class=\"name\">capacidade geladeira (l)<\/td>\n<td class=\"element\">353<\/td>\n<\/tr>\n<tr class=\"attribute level1 odd\">\n<td class=\"name\">capacidade freezer (l)<\/td>\n<td class=\"element\">97<\/td>\n<\/tr>\n<tr class=\"attribute level1 even\">\n<td class=\"name\">tipo de degelo<\/td>\n<td class=\"element\">Frost Free<\/td>\n<\/tr>\n<tr class=\"attribute level1 odd\">\n<td class=\"name\">porta revers\u00edvel<\/td>\n<td class=\"element\">N\u00e3o<\/td>\n<\/tr>\n<tr class=\"attribute level1 even\">\n<td class=\"name\">trava de seguran\u00e7a<\/td>\n<td class=\"element\">N\u00e3o<\/td>\n<\/tr>\n<tr class=\"attribute level1 odd\">\n<td class=\"name\">n\u00ba de portas<\/td>\n<td class=\"element\">2<\/td>\n<\/tr>\n<tr class=\"attribute level1 even\">\n<td class=\"name\">painel eletr\u00f4nico<\/td>\n<td class=\"element\">Externo<\/td>\n<\/tr>\n<tr class=\"attribute level1 odd\">\n<td class=\"name\">dimens\u00f5es sem embalagem (axlxp) (cm)<\/td>\n<td class=\"element\">186,30&#215;69,50&#215;71,90<\/td>\n<\/tr>\n<tr class=\"attribute level1 even\">\n<td class=\"name\">altura (cm) [sem embalagem]<\/td>\n<td class=\"element\">186,30<\/td>\n<\/tr>\n<tr class=\"attribute level1 odd\">\n<td class=\"name\">largura (cm) [sem embalagem]<\/td>\n<td class=\"element\">69,50<\/td>\n<\/tr>\n<tr class=\"attribute level1 even\">\n<td class=\"name\">profundidade (cm) [sem embalagem]<\/td>\n<td class=\"element\">71,90<\/td>\n<\/tr>\n<tr class=\"attribute level1 odd\">\n<td class=\"name\">nome modelo prateleira<\/td>\n<td class=\"element\">CRM56HB<\/td>\n<\/tr>\n<tr class=\"attribute level1 even\">\n<td class=\"name\">t\u00edtulo modulo 01<\/td>\n<td class=\"element\">Espa\u00e7o Flex<\/td>\n<\/tr>\n<tr class=\"attribute level1 odd\">\n<td class=\"name\">texto modulo 01<\/td>\n<td class=\"element\">Organize o espa\u00e7o interno da porta da sua geladeira de acordo com a sua necessidade: s\u00e3o mais de 10 combina\u00e7\u00f5es poss\u00edveis para garantir mais flexibilidade e praticidade no seu dia a dia ao armazenar garrafas, jarras e diferentes itens!<\/td>\n<\/tr>\n<tr class=\"attribute level1 even\">\n<td class=\"name\">imagem modulo 01<\/td>\n<td class=\"element\">geladeira-consul-crm56h-diferencial-espaco-flex.jpg<\/td>\n<\/tr>\n<tr class=\"attribute level1 odd\">\n<td class=\"name\">t\u00edtulo modulo 02<\/td>\n<td class=\"element\">Prateleira Flex<\/td>\n<\/tr>\n<tr class=\"attribute level1 even\">\n<td class=\"name\">texto modulo 02<\/td>\n<td class=\"element\">Freezer 3 em 1: a prateleira do seu freezer pode ser ajustada de tr\u00eas diferentes formas! Com a prateleira aberta por completo, tenha lugar para guardar todos os seus potinhos; com meia prateleira combine itens de diferentes alturas e com a prateleira completamente rebatida para o fundo do freezer, esteja livre para acomodar grandes volumes.<\/td>\n<\/tr>\n<tr class=\"attribute level1 odd\">\n<td class=\"name\">imagem modulo 02<\/td>\n<td class=\"element\">geladeira-consul-crm56h-diferencial-prateleira-flex.jpg<\/td>\n<\/tr>\n<tr class=\"attribute level1 even\">\n<td class=\"name\">t\u00edtulo modulo 03<\/td>\n<td class=\"element\">Fruteira<\/td>\n<\/tr>\n<tr class=\"attribute level1 odd\">\n<td class=\"name\">texto modulo 03<\/td>\n<td class=\"element\">Mantenha suas frutas organizadas e protegidas! Estando neste compartimento separado das verduras e legumes, suas frutas n\u00e3o ser\u00e3o mais esquecidas no fundo da gaveta e ainda ser\u00e3o protegidas contra amassados e demais danos f\u00edsicos<\/td>\n<\/tr>\n<tr class=\"attribute level1 even\">\n<td class=\"name\">imagem modulo 03<\/td>\n<td class=\"element\">geladeira-consul-crm56h-diferencial-fruteira.jpg<\/td>\n<\/tr>\n<tr class=\"attribute level1 odd\">\n<td class=\"name\">t\u00edtulo modulo 04<\/td>\n<td class=\"element\">Painel Eletr\u00f4nico Touch<\/td>\n<\/tr>\n<tr class=\"attribute level1 even\">\n<td class=\"name\">texto modulo 04<\/td>\n<td class=\"element\">Com design exclusivo e inovador, o Painel Eletr\u00f4nico Touch traz mais praticidade para o seu dia a dia! Permite que voc\u00ea acione ou altere diversas fun\u00e7\u00f5es da sua geladeira, sem precisar abrir a porta.<\/td>\n<\/tr>\n<tr class=\"attribute level1 odd\">\n<td class=\"name\">imagem modulo 04<\/td>\n<td class=\"element\">geladeira-consul-crm56hb-diferencial-painel-eletronico-touch.jpg<\/td>\n<\/tr>\n<tr class=\"attribute level1 even\">\n<td class=\"name\">t\u00edtulo modulo 05<\/td>\n<td class=\"element\">Filtro Antiodor<\/td>\n<\/tr>\n<tr class=\"attribute level1 odd\">\n<td class=\"name\">texto modulo 05<\/td>\n<td class=\"element\">Chega de \u00e1gua com gosto de geladeira! Com o filtro antiodor, elimine odores desagrad\u00e1veis e com o aviso &#8220;Trocar Filtro&#8221; no painel, saiba o melhor momento de realizar a troca do seu filtro!<\/td>\n<\/tr>\n<tr class=\"attribute level1 even\">\n<td class=\"name\">imagem modulo 05<\/td>\n<td class=\"element\">consul-geladeira-CRM56HB-produzida.jpg<\/td>\n<\/tr>\n<tr class=\"attribute level1 odd\">\n<td class=\"name\">id do v\u00eddeo<\/td>\n<td class=\"element\">nAaw7eSx7WA<\/td>\n<\/tr>\n<tr class=\"attribute level1 even\">\n<td class=\"name\">manual do produto<\/td>\n<td class=\"element\">http:\/\/whirlpool.vteximg.com.br\/arquivos\/Consul-Geladeira-CRM56HB-Manual.pdf<\/td>\n<\/tr>\n<tr class=\"attribute level1 odd\">\n<td class=\"name\">guia r\u00e1pido<\/td>\n<td class=\"element\">http:\/\/whirlpool.vteximg.com.br\/arquivos\/Consul-Geladeira-CRM56HB-Guia-Rapido.pdf<\/td>\n<\/tr>\n<tr class=\"attribute level1 even\">\n<td class=\"name\">classifica\u00e7\u00e3o energ\u00e9tica 110v<\/td>\n<td class=\"element\">https:\/\/whirlpool.vteximg.com.br\/arquivos\/geladeira-consul-crm56hbana-selo-inmetro-110v.jpg<\/td>\n<\/tr>\n<tr class=\"attribute level1 odd\">\n<td class=\"name\">classifica\u00e7\u00e3o energ\u00e9tica 220v<\/td>\n<td class=\"element\">https:\/\/whirlpool.vteximg.com.br\/arquivos\/geladeira-consul-crm56hbbna-selo-inmetro-220v.jpg<\/td>\n<\/tr>\n<tr class=\"attribute level1 even\">\n<td class=\"name\">t\u00edtulo modulo 06<\/td>\n<td class=\"element\">Gelo Extra<\/td>\n<\/tr>\n<tr class=\"attribute level1 odd\">\n<td class=\"name\">texto modulo 06<\/td>\n<td class=\"element\">Armazene 2x mais gelo com o compartimento Gelo Extra: reserve os cubos de gelo prontos no recipiente enquanto as duas forminhas ficam dispon\u00edveis para preparar ainda mais gelo!<\/td>\n<\/tr>\n<tr class=\"attribute level1 even\">\n<td class=\"name\">imagem modulo 06<\/td>\n<td class=\"element\">geladeira-consul-crm56h-diferencial-gelo-extra.jpg<\/td>\n<\/tr>\n<tr class=\"attribute level1 odd\">\n<td class=\"name\">t\u00edtulo modulo 07<\/td>\n<td class=\"element\">Espa\u00e7o Mais<\/td>\n<\/tr>\n<tr class=\"attribute level1 even\">\n<td class=\"name\">texto modulo 07<\/td>\n<td class=\"element\">Mais espa\u00e7o no seu freezer: com o Espa\u00e7o Mais ganhe +3L na porta do freezer para armazenar potes empilhados e o que mais quiser! Organiza\u00e7\u00e3o, praticidade e uso eficiente dos espa\u00e7os!<\/td>\n<\/tr>\n<tr class=\"attribute level1 odd\">\n<td class=\"name\">imagem modulo 07<\/td>\n<td class=\"element\">geladeira-consul-crm56h-diferencial-espaco-mais.jpg<\/td>\n<\/tr>\n<tr class=\"attribute level1 even\">\n<td class=\"name\">diferencial 01<\/td>\n<td class=\"element\">.<\/td>\n<\/tr>\n<tr class=\"attribute level1 odd\">\n<td class=\"name\">diferencial 02<\/td>\n<td class=\"element\">.<\/td>\n<\/tr>\n<tr class=\"attribute level1 even\">\n<td class=\"name\">diferencial 03<\/td>\n<td class=\"element\">.<\/td>\n<\/tr>\n<tr class=\"attribute level1 odd\">\n<td class=\"name\">t\u00edtulo do grupo<\/td>\n<td class=\"element\">Economize nessa Black Friday!<\/td>\n<\/tr>\n<tr class=\"attribute level1 even\">\n<td class=\"name\">se\u00e7\u00e3o 01 tipo<\/td>\n<td class=\"element\">Aproveite e leve tamb\u00e9m acess\u00f3rios para sua geladeira!<\/td>\n<\/tr>\n<tr class=\"attribute level1 odd\">\n<td class=\"name\">se\u00e7\u00e3o 01 produtos<\/td>\n<td class=\"element\">W11449399,W10330009<\/td>\n<\/tr>\n<tr class=\"attribute level1 even\">\n<td class=\"name\">se\u00e7\u00e3o 01 mensagens<\/td>\n<td class=\"element\">O Filtro Antiodor remove os odores ruins da geladeira, f\u00e1cil de instalar basta apoi\u00e1-lo de lado em qualquer prateleira interna. Recomendamos a troca a cada 6 meses;A Forma de Gelo para Geladeira serve para armazenar o gelo no congelador da sua geladeira. Resistente e male\u00e1vel, ela torna mais f\u00e1cil retirar os cubos de gelo da forma.<\/td>\n<\/tr>\n<tr class=\"attribute level1 odd\">\n<td class=\"name\">exibe &#8220;avise-me&#8221;<\/td>\n<td class=\"element\">Exibir<\/td>\n<\/tr>\n<tr class=\"attribute level1 even\">\n<td class=\"name\">mensagem: t\u00edtulo<\/td>\n<td class=\"element\">Produto temporariamente indispon\u00edvel<\/td>\n<\/tr>\n<tr class=\"attribute level1 odd\">\n<td class=\"name\">mensagem: descri\u00e7\u00e3o<\/td>\n<td class=\"element\">Receba uma mensagem quando o produto estiver dispon\u00edvel<\/td>\n<\/tr>\n<tr class=\"attribute level1 even\">\n<td class=\"name\">exibe &#8220;whatsapp&#8221;<\/td>\n<td class=\"element\">Exibe<\/td>\n<\/tr>\n<tr class=\"attribute level1 odd\">\n<td class=\"name\">viavarejogarantia<\/td>\n<td class=\"element\">12<\/td>\n<\/tr>\n<tr class=\"element level1 even\">\n<td class=\"name\">Informa\u00e7\u00f5es complementares<\/td>\n<td class=\"element\">\n<table>\n<tbody>\n<tr class=\"attribute level2 odd\">\n<td>Capacidade L\u00edquida Total<\/td>\n<td>450 L<\/td>\n<\/tr>\n<tr class=\"attribute level2 even\">\n<td>Cor<\/td>\n<td>Branco<\/td>\n<\/tr>\n<tr class=\"attribute level2 odd\">\n<td>Marca<\/td>\n<td>Consul<\/td>\n<\/tr>\n<tr class=\"attribute level2 even\">\n<td>Tipo de Degelo<\/td>\n<td>Frost Free<\/td>\n<\/tr>\n<tr class=\"attribute level2 odd\">\n<td>Voltagem<\/td>\n<td>220 V<\/td>\n<\/tr>\n<\/tbody>\n<\/table>\n<\/td>\n<\/tr>\n<\/tbody>\n<\/table>\n<\/div>\n<\/div>\n<\/div>\n<\/div>\n<\/div>\n<div class=\"row recomm-white-box recomm-viewed\">\n<div class=\"row-fluid recomm-content hide\">\n<div class=\"row-header\"><\/div>\n<\/div>\n<\/div>\n<\/div>\n<\/div>\n<\/div>\n","protected":false},"excerpt":{"rendered":"<div class=\"product\">\n<div class=\"ptabs\">\n<div class=\"product-factsheet \" data-factsheet-id=\"ebg3j311f7\">\n<div class=\"tab-content\">\n<div id=\"tab-descricaoebg3j311f7\" class=\"tab-pane active\">\n<table class=\"tab descricao\">\n<tbody>\n<tr class=\"attribute level1\">\n<td>A Geladeira Consul Frost Free 450 litros Espa\u00e7o Flex tem flexibilidade e capacidade de sobra para organizar tudo da sua maneira. Com o Espa\u00e7o Flex voc\u00ea organiza os compartimentos da porta do seu jeito, e a Prateleira Flex no freezer permite organizar o espa\u00e7o de 3 formas diferentes, ela tamb\u00e9m tem a Fruteira, um espa\u00e7o para armazenar suas frutas e al\u00e9m disso, o Filtro Antiodor tira o \u201cgosto de geladeira\u201d da \u00e1gua, e ainda te avisa sempre que precisar trocar. Ahhh! Bem pensado.<\/td>\n<\/tr>\n<\/tbody>\n<\/table>\n<\/div>\n<\/div>\n<\/div>\n<\/div>\n<\/div>\n<div class=\"row recomm-white-box recomm-viewed\">\n<div class=\"row-fluid recomm-content hide\">\n<div class=\"row-header\"><\/div>\n<\/div>\n<\/div>\n","protected":false},"featured_media":3330,"comment_status":"open","ping_status":"closed","template":"","meta":[],"product_brand":[],"product_cat":[605,20,38,606],"product_tag":[],"class_list":{"0":"post-3329","1":"product","2":"type-product","3":"status-publish","4":"has-post-thumbnail","6":"product_cat-lojas","7":"product_cat-eletrodomesticos","8":"product_cat-geladeira-refigerador","9":"product_cat-magalu","11":"first","12":"instock","13":"shipping-taxable","14":"product-type-external"},"_links":{"self":[{"href":"https:\/\/barzo.com.br\/shop\/wp-json\/wp\/v2\/product\/3329","targetHints":{"allow":["GET"]}}],"collection":[{"href":"https:\/\/barzo.com.br\/shop\/wp-json\/wp\/v2\/product"}],"about":[{"href":"https:\/\/barzo.com.br\/shop\/wp-json\/wp\/v2\/types\/product"}],"replies":[{"embeddable":true,"href":"https:\/\/barzo.com.br\/shop\/wp-json\/wp\/v2\/comments?post=3329"}],"wp:featuredmedia":[{"embeddable":true,"href":"https:\/\/barzo.com.br\/shop\/wp-json\/wp\/v2\/media\/3330"}],"wp:attachment":[{"href":"https:\/\/barzo.com.br\/shop\/wp-json\/wp\/v2\/media?parent=3329"}],"wp:term":[{"taxonomy":"product_brand","embeddable":true,"href":"https:\/\/barzo.com.br\/shop\/wp-json\/wp\/v2\/product_brand?post=3329"},{"taxonomy":"product_cat","embeddable":true,"href":"https:\/\/barzo.com.br\/shop\/wp-json\/wp\/v2\/product_cat?post=3329"},{"taxonomy":"product_tag","embeddable":true,"href":"https:\/\/barzo.com.br\/shop\/wp-json\/wp\/v2\/product_tag?post=3329"}],"curies":[{"name":"wp","href":"https:\/\/api.w.org\/{rel}","templated":true}]}}