{"id":3325,"date":"2022-11-30T23:31:13","date_gmt":"2022-12-01T02:31:13","guid":{"rendered":"https:\/\/barzo.com.br\/shop\/?post_type=product&#038;p=3325"},"modified":"2022-11-30T23:31:14","modified_gmt":"2022-12-01T02:31:14","slug":"kit-2x-waxy-whey-900g-bcaa-100g-power-creatine-100g-waxy-maize-800g-coqueteleira-bodybuilders","status":"publish","type":"product","link":"https:\/\/barzo.com.br\/shop\/produto\/kit-2x-waxy-whey-900g-bcaa-100g-power-creatine-100g-waxy-maize-800g-coqueteleira-bodybuilders\/","title":{"rendered":"Kit 2x Waxy Whey 900g + BCAA 100g + Power Creatine 100g + Waxy Maize 800g + Coqueteleira Bodybuilders"},"content":{"rendered":"<p>Waxy Whey: (duas unidades) a whey protein quando consumida sozinha \u00e9 transformada em outras subst\u00e2ncias pelo organismo para suprir a falta de energia pois nosso corpo interpreta essa necessidade, maior do que a reposi\u00e7\u00e3o da prote\u00edna. Pensando nisso, a Waxy Whey Bodybuilders conta com a maltodextrina em sua f\u00f3rmula, um carboidrato que fornece essa reposi\u00e7\u00e3o de energia enquanto a prote\u00edna trabalha para o aumento de massa muscular, ou seja, cada um atua exatamente para o fim que voc\u00ea deseja. Waxy Whey Bodybuilders tem prote\u00ednas de alto valor biol\u00f3gico e um teor de amino\u00e1cidos diferenciado que se complementam devido a combina\u00e7\u00e3o de suas prote\u00ednas..<\/p>\n<p>BCAA 4,5: O BCAA 4,5 Bodybuilders \u00e9 indicado para ser ingerido antes e ap\u00f3s o treino, pois fornece energia e retarda a fadiga central. Estimula a s\u00edntese de prote\u00edna muscular recuperando imediatamente os m\u00fasculos danificados e prevenindo dores. A suplementa\u00e7\u00e3o com BCAA est\u00e1 entre as mais importantes para qualquer programa nutricional esportivo, pois eles s\u00e3o indispens\u00e1veis para a manuten\u00e7\u00e3o e crescimento dos m\u00fasculos.<\/p>\n<p>Creatina: Proveniente de um composto produzido naturalmente pelo organismo, a Creatina \u00e9 formada a partir da associa\u00e7\u00e3o de 3 amino\u00e1cidos de alto valor biol\u00f3gico: arginina, glicina e metionina. A Creatina Power Bodybuilders \u00e9 usada pelo tecido muscular, fator importante na forma\u00e7\u00e3o de adenosina trifosfato (ATP), que funciona como um repositor de energia. Recomenda-se a ingest\u00e3o com \u00e1gua, ou conforme orienta\u00e7\u00e3o de um m\u00e9dico ou nutricionista. Pode-se adicionar algum carboidrato, como maltodextrina ou sacarose na \u00e1gua, para facilitar seu transporte para dentro da c\u00e9lula muscular.<\/p>\n<p>Waxy Maize: O Waxy Maize Bodybuilders \u00e9 um suplemento energ\u00e9tico para atletas, composto a partir de um carboidrato complexo de cadeia longa e altamente ramificada, extremamente denso. Esse carboidrato favorece a reposi\u00e7\u00e3o energ\u00e9tica tornando-a muito mais r\u00e1pida e eficaz, al\u00e9m disso, favorece o transporte e a absor\u00e7\u00e3o de outras subst\u00e2ncias. Consumir antes, durante ou logo ap\u00f3s o treino para a reposi\u00e7\u00e3o do glicog\u00eanio muscular.<\/p>\n<p>Coqueteleira Bodybuilders<\/p>\n<p>Imagem meramente ilustrativa!<\/p>\n<p>Evite automedica\u00e7\u00e3o, consulte sempre um especialista.<\/p>\n<p>O r\u00f3tulo e a embalagem podem variar de acordo com o lote.<\/p>\n<p>As cores da coqueteleira podem variar de acordo com o estoque.<\/p>\n<p>&nbsp;<\/p>\n","protected":false},"excerpt":{"rendered":"<p>Waxy Whey: (duas unidades) a whey protein quando consumida sozinha \u00e9 transformada em outras subst\u00e2ncias pelo organismo para suprir a falta de energia pois nosso corpo interpreta essa necessidade, maior do que a reposi\u00e7\u00e3o da prote\u00edna. Pensando nisso, a Waxy Whey Bodybuilders conta com a &#8230;<\/p>\n","protected":false},"featured_media":3326,"comment_status":"open","ping_status":"closed","template":"","meta":[],"product_brand":[],"product_cat":[605,23,606],"product_tag":[],"class_list":{"0":"post-3325","1":"product","2":"type-product","3":"status-publish","4":"has-post-thumbnail","6":"product_cat-lojas","7":"product_cat-esporte-e-lazer","8":"product_cat-magalu","10":"first","11":"instock","12":"shipping-taxable","13":"product-type-external"},"_links":{"self":[{"href":"https:\/\/barzo.com.br\/shop\/wp-json\/wp\/v2\/product\/3325","targetHints":{"allow":["GET"]}}],"collection":[{"href":"https:\/\/barzo.com.br\/shop\/wp-json\/wp\/v2\/product"}],"about":[{"href":"https:\/\/barzo.com.br\/shop\/wp-json\/wp\/v2\/types\/product"}],"replies":[{"embeddable":true,"href":"https:\/\/barzo.com.br\/shop\/wp-json\/wp\/v2\/comments?post=3325"}],"wp:featuredmedia":[{"embeddable":true,"href":"https:\/\/barzo.com.br\/shop\/wp-json\/wp\/v2\/media\/3326"}],"wp:attachment":[{"href":"https:\/\/barzo.com.br\/shop\/wp-json\/wp\/v2\/media?parent=3325"}],"wp:term":[{"taxonomy":"product_brand","embeddable":true,"href":"https:\/\/barzo.com.br\/shop\/wp-json\/wp\/v2\/product_brand?post=3325"},{"taxonomy":"product_cat","embeddable":true,"href":"https:\/\/barzo.com.br\/shop\/wp-json\/wp\/v2\/product_cat?post=3325"},{"taxonomy":"product_tag","embeddable":true,"href":"https:\/\/barzo.com.br\/shop\/wp-json\/wp\/v2\/product_tag?post=3325"}],"curies":[{"name":"wp","href":"https:\/\/api.w.org\/{rel}","templated":true}]}}