{"id":3320,"date":"2022-11-30T23:19:10","date_gmt":"2022-12-01T02:19:10","guid":{"rendered":"https:\/\/barzo.com.br\/shop\/?post_type=product&#038;p=3320"},"modified":"2022-11-30T23:19:10","modified_gmt":"2022-12-01T02:19:10","slug":"smartphone-motorola-moto-g22-128gb-preto-4g-octa-core-4gb-ram-65-cam-quadrupla-selfie-16mp","status":"publish","type":"product","link":"https:\/\/barzo.com.br\/shop\/produto\/smartphone-motorola-moto-g22-128gb-preto-4g-octa-core-4gb-ram-65-cam-quadrupla-selfie-16mp\/","title":{"rendered":"Smartphone Motorola Moto G22 128GB Preto 4G &#8211; Octa-Core 4GB RAM 6,5\u201d C\u00e2m Qu\u00e1drupla + Selfie 16MP"},"content":{"rendered":"<div class=\"product\">\n<div class=\"ptabs\">\n<div class=\"product-factsheet \" data-factsheet-id=\"234607000\">\n<div class=\"tab-content\">\n<div id=\"tab-descricao234607000\" class=\"tab-pane active\">\n<table class=\"tab descricao\">\n<tbody>\n<tr class=\"attribute level1\">\n<td>Para quem busca um smartphone para as tarefas b\u00e1sicas do dia a dia, o Motorola Moto G22 \u00e9 o aparelho ideal. Para voc\u00ea que utiliza apenas aplicativos de mensagem, redes sociais, fotos e liga\u00e7\u00f5es ele ir\u00e1 te atender muito bem. Conta com 4 c\u00e2meras traseiras e selfie de 16MP. A tela de 6,5&#8243; com resolu\u00e7\u00e3o Max Vision ir\u00e1 te ajudar a visualizar seus arquivos e fotos de forma n\u00edtida. Seu processador \u00e9 octa-core e possui 4GB de mem\u00f3ria RAM. O armazenamento interno \u00e9 de 128GB, sendo ideal para documentos e fotos. Caso voc\u00ea precise de mais armazenamento pode ser utilizado um cart\u00e3o MicroSD de at\u00e9 1TB para aumentar a capacidade.Com tecnologia 4G ele ainda \u00e9 dual chip. Sua bateria \u00e9 de 5000mAh. Al\u00e9m disso, sua cor preta destaca o design moderno do produto e combina perfeitamente com qualquer estilo, desde o mais cl\u00e1ssico at\u00e9 o mais moderno.<\/td>\n<\/tr>\n<\/tbody>\n<\/table>\n<\/div>\n<\/div>\n<\/div>\n<\/div>\n<\/div>\n<div class=\"row recomm-white-box recomm-cross\">\n<div class=\"row-fluid recomm-content\">\n<div class=\"row-header\">\n<div class=\"product\">\n<div class=\"ptabs\">\n<div class=\"product-factsheet \" data-factsheet-id=\"234607000\">\n<div class=\"tab-content\">\n<div id=\"tab-ficha-tecnica234607000\" class=\"tab-pane active\">\n<table class=\"tab ficha-tecnica\">\n<tbody>\n<tr class=\"attribute level1 odd\">\n<td class=\"name\">Marca<\/td>\n<td class=\"element\">Motorola<\/td>\n<\/tr>\n<tr class=\"attribute level1 even\">\n<td class=\"name\">Refer\u00eancia<\/td>\n<td class=\"element\">XT2231-1<\/td>\n<\/tr>\n<tr class=\"attribute level1 odd\">\n<td class=\"name\">Modelo<\/td>\n<td class=\"element\">Moto G22<\/td>\n<\/tr>\n<tr class=\"attribute level1 even\">\n<td class=\"name\">Linha<\/td>\n<td class=\"element\">Moto G<\/td>\n<\/tr>\n<tr class=\"attribute level1 odd\">\n<td class=\"name\">Cor<\/td>\n<td class=\"element\">Preto<\/td>\n<\/tr>\n<tr class=\"attribute level1 even\">\n<td class=\"name\">Armazenamento Interno<\/td>\n<td class=\"element\">128GB<\/td>\n<\/tr>\n<tr class=\"attribute level1 odd\">\n<td class=\"name\">Informa\u00e7\u00f5es da Armazenamento Interno<\/td>\n<td class=\"element\">A mem\u00f3ria total pode variar conforme aplicativos pr\u00e9-instalados e sistema operacional<\/td>\n<\/tr>\n<tr class=\"attribute level1 even\">\n<td class=\"name\">Suporte ao Cart\u00e3o de Mem\u00f3ria<\/td>\n<td class=\"element\">Micro SD at\u00e9 1TB<\/td>\n<\/tr>\n<tr class=\"attribute level1 odd\">\n<td class=\"name\">Mem\u00f3ria RAM<\/td>\n<td class=\"element\">4GB<\/td>\n<\/tr>\n<tr class=\"attribute level1 even\">\n<td class=\"name\">Tipo de Tela<\/td>\n<td class=\"element\">Max Vision<\/td>\n<\/tr>\n<tr class=\"attribute level1 odd\">\n<td class=\"name\">Tamanho da Tela<\/td>\n<td class=\"element\">6,5&#8243;<\/td>\n<\/tr>\n<tr class=\"attribute level1 even\">\n<td class=\"name\">Resolu\u00e7\u00e3o da Tela<\/td>\n<td class=\"element\">HD+<\/td>\n<\/tr>\n<tr class=\"attribute level1 odd\">\n<td class=\"name\">Tecnologia<\/td>\n<td class=\"element\">4G<\/td>\n<\/tr>\n<tr class=\"attribute level1 even\">\n<td class=\"name\">Conectividade<\/td>\n<td class=\"element\">Bluetooth 5.0, Wi-Fi 2,4GHz e 5GHz<\/td>\n<\/tr>\n<tr class=\"attribute level1 odd\">\n<td class=\"name\">Localiza\u00e7\u00e3o<\/td>\n<td class=\"element\">GPS, AGPS, GLONASS, Galileo<\/td>\n<\/tr>\n<tr class=\"attribute level1 even\">\n<td class=\"name\">Processador<\/td>\n<td class=\"element\">Octa-core<\/td>\n<\/tr>\n<tr class=\"attribute level1 odd\">\n<td class=\"name\">Modelo do Processador<\/td>\n<td class=\"element\">MediaTek G37<\/td>\n<\/tr>\n<tr class=\"attribute level1 even\">\n<td class=\"name\">Velocidade do Processador<\/td>\n<td class=\"element\">2,3GHz<\/td>\n<\/tr>\n<tr class=\"attribute level1 odd\">\n<td class=\"name\">Sistema Operacional<\/td>\n<td class=\"element\">Android<\/td>\n<\/tr>\n<tr class=\"attribute level1 even\">\n<td class=\"name\">Vers\u00e3o do Sistema Operacional<\/td>\n<td class=\"element\">12<\/td>\n<\/tr>\n<tr class=\"attribute level1 odd\">\n<td class=\"name\">Quantidade de Chips<\/td>\n<td class=\"element\">Dual Chip<\/td>\n<\/tr>\n<tr class=\"attribute level1 even\">\n<td class=\"name\">Tipo de Chip<\/td>\n<td class=\"element\">Nano SIM (4FF) (O eSIM requer um plano de dados que pode ter restri\u00e7\u00f5es a mudan\u00e7as de operadora e roaming, mesmo ap\u00f3s o t\u00e9rmino do contrato. Consulte sua operadora para obter mais detalhes)<\/td>\n<\/tr>\n<tr class=\"attribute level1 odd\">\n<td class=\"name\">Informa\u00e7\u00f5es Sobre o Chip<\/td>\n<td class=\"element\">Chip H\u00edbrido: O segundo slot \u00e9 hibrido, ou seja, pode ser utilizado para o cart\u00e3o de mem\u00f3ria ou chip da operadora<\/td>\n<\/tr>\n<tr class=\"attribute level1 even\">\n<td class=\"name\">Resolu\u00e7\u00e3o da C\u00e2mera Traseira<\/td>\n<td class=\"element\">50MP + 8MP + 2 MP + 2MP<\/td>\n<\/tr>\n<tr class=\"attribute level1 odd\">\n<td class=\"name\">Recursos da C\u00e2mera Traseira<\/td>\n<td class=\"element\">50MP &#8211; Lente 74\u00b0 &#8211; Abertura f\/1,8, 8MP &#8211; Lente 118\u00b0- Abertura f\/2,2, 2 MP &#8211; Lente 78\u00b0 &#8211; Abertura f\/2,4, 2MP &#8211; Lente 80\u00b0 &#8211; Abertura f\/2,4<\/td>\n<\/tr>\n<tr class=\"attribute level1 even\">\n<td class=\"name\">Resolu\u00e7\u00e3o da C\u00e2mera Frontal<\/td>\n<td class=\"element\">16MP<\/td>\n<\/tr>\n<tr class=\"attribute level1 odd\">\n<td class=\"name\">Recursos da C\u00e2mera Frontal<\/td>\n<td class=\"element\">16MP &#8211; Lente 78\u00b0 &#8211; Abertura f\/2,0<\/td>\n<\/tr>\n<tr class=\"attribute level1 even\">\n<td class=\"name\">Sensores<\/td>\n<td class=\"element\">Aceler\u00f4metro &#8211; Proximidade &#8211; Luz Ambiente &#8211; Girosc\u00f3pio &#8211; B\u00fassola &#8211; Impress\u00e3o Digital<\/td>\n<\/tr>\n<tr class=\"attribute level1 odd\">\n<td class=\"name\">Capacidade da Bateria<\/td>\n<td class=\"element\">5000mAh<\/td>\n<\/tr>\n<tr class=\"attribute level1 even\">\n<td class=\"name\">Certificado de Homologa\u00e7\u00e3o da Anatel N\u00famero<\/td>\n<td class=\"element\">18397-21-00330<\/td>\n<\/tr>\n<tr class=\"attribute level1 odd\">\n<td class=\"name\">Peso do Produto<\/td>\n<td class=\"element\">186g<\/td>\n<\/tr>\n<tr class=\"attribute level1 even\">\n<td class=\"name\">Peso do Produto com Embalagem<\/td>\n<td class=\"element\">377g<\/td>\n<\/tr>\n<tr class=\"attribute level1 odd\">\n<td class=\"name\">Dimens\u00f5es do Produto<\/td>\n<td class=\"element\">Largura: 7,49cm Altura: 16,39cm Profundidade: 0,85cm<\/td>\n<\/tr>\n<tr class=\"attribute level1 even\">\n<td class=\"name\">Dimens\u00f5es do Produto com Embalagem<\/td>\n<td class=\"element\">Largura: 9,4cm Altura: 17,5cm Profundidade 4,9cm<\/td>\n<\/tr>\n<tr class=\"attribute level1 odd\">\n<td class=\"name\">Prazo de Garantia<\/td>\n<td class=\"element\">01 ano (3 meses de garantia legal e mais 9 meses de garantia especial concedida pelo fabricante).<\/td>\n<\/tr>\n<tr class=\"attribute level1 even\">\n<td class=\"name\">Conte\u00fado da Embalagem<\/td>\n<td class=\"element\">1 Smartphone, 1 Capa Protetora, 1 Kit de Manuais, 1 Fone de Ouvido Est\u00e9reo, 1 Cabo de Sincroniza\u00e7\u00e3o, 1 Carregador Turbopower, 1 Ferramenta de Remo\u00e7\u00e3o do Chip<\/td>\n<\/tr>\n<\/tbody>\n<\/table>\n<\/div>\n<\/div>\n<\/div>\n<\/div>\n<\/div>\n<div class=\"row recomm-white-box recomm-cross\">\n<div class=\"row-fluid recomm-content\">\n<div class=\"row-header\"><\/div>\n<\/div>\n<\/div>\n<\/div>\n<\/div>\n<\/div>\n","protected":false},"excerpt":{"rendered":"<div class=\"product\">\n<div class=\"ptabs\">\n<div class=\"product-factsheet \" data-factsheet-id=\"234607000\">\n<div class=\"tab-content\">\n<div id=\"tab-descricao234607000\" class=\"tab-pane active\">\n<table class=\"tab descricao\">\n<tbody>\n<tr class=\"attribute level1\">\n<td>Para quem busca um smartphone para as tarefas b\u00e1sicas do dia a dia, o Motorola Moto G22 \u00e9 o aparelho ideal. Para voc\u00ea que utiliza apenas aplicativos de mensagem, redes sociais, fotos e liga\u00e7\u00f5es ele ir\u00e1 te atender muito bem. Conta com 4 c\u00e2meras traseiras e selfie de 16MP. A tela de 6,5&#8243; com resolu\u00e7\u00e3o Max Vision ir\u00e1 te ajudar a visualizar seus arquivos e fotos de forma n\u00edtida. Seu processador \u00e9 octa-core e possui 4GB de mem\u00f3ria RAM. O armazenamento interno \u00e9 de 128GB, sendo ideal para documentos e fotos. Caso voc\u00ea precise de mais armazenamento pode ser utilizado um cart\u00e3o MicroSD de at\u00e9 1TB para aumentar a capacidade.Com tecnologia 4G ele ainda \u00e9 dual chip. Sua bateria \u00e9 de 5000mAh. Al\u00e9m disso, sua cor preta destaca o design moderno do produto e combina perfeitamente com qualquer estilo, desde o mais cl\u00e1ssico at\u00e9 o mais moderno.<\/td>\n<\/tr>\n<\/tbody>\n<\/table>\n<\/div>\n<\/div>\n<\/div>\n<\/div>\n<\/div>\n<div class=\"row recomm-white-box recomm-cross\">\n<div class=\"row-fluid recomm-content\">\n<div class=\"row-header\"><\/div>\n<\/div>\n<\/div>\n","protected":false},"featured_media":3321,"comment_status":"open","ping_status":"closed","template":"","meta":[],"product_brand":[],"product_cat":[605,606,133,131,126],"product_tag":[],"class_list":{"0":"post-3320","1":"product","2":"type-product","3":"status-publish","4":"has-post-thumbnail","6":"product_cat-lojas","7":"product_cat-magalu","8":"product_cat-motorola","9":"product_cat-smartphones","10":"product_cat-telefones-celulares-e-tablets","12":"first","13":"instock","14":"shipping-taxable","15":"product-type-external"},"_links":{"self":[{"href":"https:\/\/barzo.com.br\/shop\/wp-json\/wp\/v2\/product\/3320","targetHints":{"allow":["GET"]}}],"collection":[{"href":"https:\/\/barzo.com.br\/shop\/wp-json\/wp\/v2\/product"}],"about":[{"href":"https:\/\/barzo.com.br\/shop\/wp-json\/wp\/v2\/types\/product"}],"replies":[{"embeddable":true,"href":"https:\/\/barzo.com.br\/shop\/wp-json\/wp\/v2\/comments?post=3320"}],"wp:featuredmedia":[{"embeddable":true,"href":"https:\/\/barzo.com.br\/shop\/wp-json\/wp\/v2\/media\/3321"}],"wp:attachment":[{"href":"https:\/\/barzo.com.br\/shop\/wp-json\/wp\/v2\/media?parent=3320"}],"wp:term":[{"taxonomy":"product_brand","embeddable":true,"href":"https:\/\/barzo.com.br\/shop\/wp-json\/wp\/v2\/product_brand?post=3320"},{"taxonomy":"product_cat","embeddable":true,"href":"https:\/\/barzo.com.br\/shop\/wp-json\/wp\/v2\/product_cat?post=3320"},{"taxonomy":"product_tag","embeddable":true,"href":"https:\/\/barzo.com.br\/shop\/wp-json\/wp\/v2\/product_tag?post=3320"}],"curies":[{"name":"wp","href":"https:\/\/api.w.org\/{rel}","templated":true}]}}