{"id":3263,"date":"2022-11-30T19:16:13","date_gmt":"2022-11-30T22:16:13","guid":{"rendered":"https:\/\/barzo.com.br\/shop\/?post_type=product&#038;p=3263"},"modified":"2022-11-30T19:16:14","modified_gmt":"2022-11-30T22:16:14","slug":"super-cashback-ame-no-shoptime-corre-smart-tv-aoc-roku-led-32-32s5195-78-com-wi-fi-controle-remoto-com-atalhos-roku-mobile-miracast-entradas-hdmi-e-usb","status":"publish","type":"product","link":"https:\/\/barzo.com.br\/shop\/produto\/super-cashback-ame-no-shoptime-corre-smart-tv-aoc-roku-led-32-32s5195-78-com-wi-fi-controle-remoto-com-atalhos-roku-mobile-miracast-entradas-hdmi-e-usb\/","title":{"rendered":"[SUPER CASHBACK AME no SHOPTIME, corre!!!] Smart Tv Aoc Roku Led 32&#8221; 32S5195\/78 Com Wi-Fi, Controle Remoto Com Atalhos, Roku Mobile, Miracast, Entradas Hdmi E Usb"},"content":{"rendered":"<h2 class=\"title__Title-sc-qx50lt-0 hPvSnE\">Informa\u00e7\u00f5es do produto<\/h2>\n<div class=\"src__Container-sc-1c7a3hi-3 kdfdUW\">\n<div class=\"src__Content-sc-1c7a3hi-1 hYrWK\">\n<div data-position=\"produto-descricao\">\n<div><iframe class=\"src__Iframe-sc-1tv1cqh-0 izkWci\" src=\"https:\/\/statics-shoptime.b2w.io\/special\/products\/1515029435\/01\/index.html\" height=\"7123\" data-mce-fragment=\"1\"><\/iframe><\/div>\n<div>\n<div class=\"src__Description-sc-5k3cc6-0 bIeDMn\">\n<div class=\"src__ViewUI-sc-1anmcky-0 cEvkKn\">\n<p><strong>Todas as informa\u00e7\u00f5es divulgadas s\u00e3o de responsabilidade do fabricante\/fornecedor.<\/strong><\/p>\n<\/div>\n<div class=\"src__ViewUI-sc-1anmcky-0 cEvkKn\">\n<p><strong>Verifique com os fabricantes do produto e de seus componentes eventuais limita\u00e7\u00f5es \u00e0 utiliza\u00e7\u00e3o de todos os recursos e funcionalidades.<\/strong><\/p>\n<\/div>\n<div class=\"src__ViewUI-sc-1anmcky-0 cEvkKn\">\n<p><strong>Imagens Meramente Ilustrativas.<\/strong><\/p>\n<\/div>\n<\/div>\n<\/div>\n<\/div>\n<\/div>\n<\/div>\n","protected":false},"excerpt":{"rendered":"<p>Informa\u00e7\u00f5es do produto Todas as informa\u00e7\u00f5es divulgadas s\u00e3o de responsabilidade do fabricante\/fornecedor. Verifique com os fabricantes do produto e de seus componentes eventuais limita\u00e7\u00f5es \u00e0 utiliza\u00e7\u00e3o de todos os recursos e funcionalidades. Imagens Meramente Ilustrativas.<\/p>\n","protected":false},"featured_media":3264,"comment_status":"open","ping_status":"closed","template":"","meta":[],"product_brand":[],"product_cat":[605,22,610,50],"product_tag":[],"class_list":{"0":"post-3263","1":"product","2":"type-product","3":"status-publish","4":"has-post-thumbnail","6":"product_cat-lojas","7":"product_cat-eletronicos-audio-e-video","8":"product_cat-shoptime","9":"product_cat-tvs","11":"first","12":"instock","13":"shipping-taxable","14":"product-type-external"},"_links":{"self":[{"href":"https:\/\/barzo.com.br\/shop\/wp-json\/wp\/v2\/product\/3263","targetHints":{"allow":["GET"]}}],"collection":[{"href":"https:\/\/barzo.com.br\/shop\/wp-json\/wp\/v2\/product"}],"about":[{"href":"https:\/\/barzo.com.br\/shop\/wp-json\/wp\/v2\/types\/product"}],"replies":[{"embeddable":true,"href":"https:\/\/barzo.com.br\/shop\/wp-json\/wp\/v2\/comments?post=3263"}],"wp:featuredmedia":[{"embeddable":true,"href":"https:\/\/barzo.com.br\/shop\/wp-json\/wp\/v2\/media\/3264"}],"wp:attachment":[{"href":"https:\/\/barzo.com.br\/shop\/wp-json\/wp\/v2\/media?parent=3263"}],"wp:term":[{"taxonomy":"product_brand","embeddable":true,"href":"https:\/\/barzo.com.br\/shop\/wp-json\/wp\/v2\/product_brand?post=3263"},{"taxonomy":"product_cat","embeddable":true,"href":"https:\/\/barzo.com.br\/shop\/wp-json\/wp\/v2\/product_cat?post=3263"},{"taxonomy":"product_tag","embeddable":true,"href":"https:\/\/barzo.com.br\/shop\/wp-json\/wp\/v2\/product_tag?post=3263"}],"curies":[{"name":"wp","href":"https:\/\/api.w.org\/{rel}","templated":true}]}}