{"id":3186,"date":"2022-11-29T19:08:24","date_gmt":"2022-11-29T22:08:24","guid":{"rendered":"https:\/\/barzo.com.br\/shop\/?post_type=product&#038;p=3186"},"modified":"2022-11-29T19:08:24","modified_gmt":"2022-11-29T22:08:24","slug":"liquidificador-plq912p-inox-philco","status":"publish","type":"product","link":"https:\/\/barzo.com.br\/shop\/produto\/liquidificador-plq912p-inox-philco\/","title":{"rendered":"Liquidificador Plq912P Inox Philco"},"content":{"rendered":"<p>O\u00a0<b>Liquidificador Philco\u00a0<\/b>\u00e9 um eletroport\u00e1til que ser\u00e1 indispens\u00e1vel para voc\u00ea preparar diversas receitas desde a mais simples a requintada, ele vai atender as todas as necessidades e se adaptar\u00e1 perfeitamente a sua rotina di\u00e1ria.<\/p>\n<p>Com ele voc\u00ea preparar, sucos, vitaminas, sopas, cremes, faz tortas salgadas e doces, panquecas, mousses, bolos e assim por diante, um excelente aliado para oferecer praticidade no preparo de saborosos pratos culin\u00e1rios. Disp\u00f5e de fun\u00e7\u00e3o Ice, sendo poss\u00edvel triturar gelo de forma mais pratica e \u00e1gil, com isso, aquele drink ficar\u00e1 na temperatura certa com a refresc\u00e2ncia que voc\u00ea deseja. O\u00a0<b>Liquidificador Philco PLQ912P\u00a0<\/b>conta ainda com 12 velocidades, com esta funcionalidade a altern\u00e2ncia ficar\u00e1 mais f\u00e1cil na hora de misturar todos os ingredientes, dependendo da necessidade, basta escolher a que mais atender\u00e1 a sua receita, conta ainda com fun\u00e7\u00e3o pulsar e autolimpeza.<\/p>\n<p>Projetado em metal e pl\u00e1stico, o copo de acr\u00edlico super-resistente, com capacidade m\u00e1xima de at\u00e9 3L para atender uma maior quantidade de alimentos e voc\u00ea ainda otimizar tempo nas receitas, que dependendo do volume, voc\u00ea poder\u00e1 fazer duas medidas ou mais de uma vez s\u00f3. A faca de 6 l\u00e2minas ultra afiadas e resistentes, com tampa acoplado sobre tampa e orif\u00edcio que possibilita adi\u00e7\u00e3o de ingredientes durante o preparo, acompanha filtro que separa o suco da semente e do baga\u00e7o, assim, voc\u00ea n\u00e3o vai precisar utilizar outro utens\u00edlio para coar o l\u00edquido.<\/p>\n<p>Com pot\u00eancia de 1200w para aumentar a capacidade do processamento dos ingredientes garantindo mais rapidez, o seu consumo \u00e9 1,2 kWh e voc\u00ea encontra este modelo na voltagem de 110v e 220v (Produto n\u00e3o \u00e9 bivolt). Possui base antiderrapante para oferecer mais seguran\u00e7a no manuseio e porta fio.<\/p>\n<p>Com o\u00a0<b>Liquidificador Philco PLQ912P Inox 3L 12 Velocidades + Pulsar\/Autolimpeza Preto &#8211; 1200W\u00a0<\/b>voc\u00ea ter\u00e1 em sua cozinha um produto multifuncional para ajudar no seu dia a dia, al\u00e9m do que estar\u00e1 equipada com utens\u00edlio que traz toda qualidade que voc\u00ea precisa.<\/p>\n<p><b>Imagens meramente ilustrativas.<\/b><br \/>\n<b>Todas as informa\u00e7\u00f5es divulgadas s\u00e3o de responsabilidade do Fabricante\/Fornecedor.<\/b><br \/>\n<b>Confira a voltagem selecionada antes de finalizar a compra.<\/b><\/p>\n","protected":false},"excerpt":{"rendered":"<p>O Liquidificador Philco \u00e9 um eletroport\u00e1til que ser\u00e1 indispens\u00e1vel para voc\u00ea preparar diversas receitas desde a mais simples a requintada, ele vai atender as todas as necessidades e se adaptar\u00e1 perfeitamente a sua rotina di\u00e1ria. C&#8230;<\/p>\n","protected":false},"featured_media":3187,"comment_status":"open","ping_status":"closed","template":"","meta":[],"product_brand":[],"product_cat":[605,21,95,610],"product_tag":[],"class_list":{"0":"post-3186","1":"product","2":"type-product","3":"status-publish","4":"has-post-thumbnail","6":"product_cat-lojas","7":"product_cat-eletroportateis","8":"product_cat-liquidificador","9":"product_cat-shoptime","11":"first","12":"instock","13":"shipping-taxable","14":"product-type-external"},"_links":{"self":[{"href":"https:\/\/barzo.com.br\/shop\/wp-json\/wp\/v2\/product\/3186","targetHints":{"allow":["GET"]}}],"collection":[{"href":"https:\/\/barzo.com.br\/shop\/wp-json\/wp\/v2\/product"}],"about":[{"href":"https:\/\/barzo.com.br\/shop\/wp-json\/wp\/v2\/types\/product"}],"replies":[{"embeddable":true,"href":"https:\/\/barzo.com.br\/shop\/wp-json\/wp\/v2\/comments?post=3186"}],"wp:featuredmedia":[{"embeddable":true,"href":"https:\/\/barzo.com.br\/shop\/wp-json\/wp\/v2\/media\/3187"}],"wp:attachment":[{"href":"https:\/\/barzo.com.br\/shop\/wp-json\/wp\/v2\/media?parent=3186"}],"wp:term":[{"taxonomy":"product_brand","embeddable":true,"href":"https:\/\/barzo.com.br\/shop\/wp-json\/wp\/v2\/product_brand?post=3186"},{"taxonomy":"product_cat","embeddable":true,"href":"https:\/\/barzo.com.br\/shop\/wp-json\/wp\/v2\/product_cat?post=3186"},{"taxonomy":"product_tag","embeddable":true,"href":"https:\/\/barzo.com.br\/shop\/wp-json\/wp\/v2\/product_tag?post=3186"}],"curies":[{"name":"wp","href":"https:\/\/api.w.org\/{rel}","templated":true}]}}