{"id":3136,"date":"2022-11-29T01:29:21","date_gmt":"2022-11-29T04:29:21","guid":{"rendered":"https:\/\/barzo.com.br\/shop\/?post_type=product&#038;p=3136"},"modified":"2022-11-29T01:29:21","modified_gmt":"2022-11-29T04:29:21","slug":"jogo-de-frigideiras-tramontina-caribe-revestimento-antiaderente-starflon-max-3pcs-por-apenas-r5970","status":"publish","type":"product","link":"https:\/\/barzo.com.br\/shop\/produto\/jogo-de-frigideiras-tramontina-caribe-revestimento-antiaderente-starflon-max-3pcs-por-apenas-r5970\/","title":{"rendered":"Jogo de Frigideiras Tramontina Caribe Revestimento Antiaderente Starflon Max 3p\u00e7s por apenas R$59,70"},"content":{"rendered":"<p>Jogo de Frigideiras Tramontina Caribe Revestimento Antiaderente Starflon Max 3p\u00e7s<\/p>\n<p>O jogo de frigideiras Tramontina Caribe com revestimento interno em antiaderente Starflon Max e externo de poli\u00e9ster preto 03 pe\u00e7as vai proporcionar maior praticidade e versatilidade para sua cozinha. Desenvolvidas em alum\u00ednio com revestimento interno em antiaderente Starflon Max, as pe\u00e7as cozinham os alimentos de maneira r\u00e1pida e uniforme, evitam que os alimentos grudem na superf\u00edcie e s\u00e3o superf\u00e1ceis de limpar. Os cabos s\u00e3o de baquelite, material antit\u00e9rmico que oferece maior seguran\u00e7a durante o manuseio. Seu revestimento externo \u00e9 revestido em poli\u00e9ster e oferece ainda mais beleza durante os preparos!<\/p>\n<p>Conte\u00fado:<br \/>\n01 &#8211; Frigideira 16cm &#8211; 0,4 Litros<br \/>\n01 &#8211; Frigideira 20cm &#8211; 0,8 Litros<br \/>\n01 &#8211; Frigideira 24cm &#8211; 1,4 Litros<\/p>\n<p>Corpo de alum\u00ednio com espessura que proporciona cozimento r\u00e1pido e uniforme.<br \/>\nRevestimento interno de antiaderente Starflon Max que n\u00e3o gruda, \u00e9 f\u00e1cil de limpar, mais dur\u00e1vel e n\u00e3o \u00e9 prejudicial \u00e0 sa\u00fade, pois \u00e9 livre de pfoa.<br \/>\nRevestimento externo de poli\u00e9ster.<br \/>\nCabos de baquelite antit\u00e9rmico que oferecem seguran\u00e7a durante o manuseio.<\/p>\n<p>Orienta\u00e7\u00e3o<br \/>\nA capacidade volum\u00e9trica m\u00e1xima para cozimento \u00e9 de 3\/4 da capacidade total da pe\u00e7a.<br \/>\nPosicione os cabos dos utens\u00edlios voltados ao centro do fog\u00e3o.<br \/>\nEm fog\u00f5es com grade, centralize as pe\u00e7as sobre a chama ou fonte de calor e alinhe os cabos com a grade.<br \/>\nUtens\u00edlios quentes devem estar fora do alcance das crian\u00e7as.<br \/>\nAntes do primeiro uso, lave com esponja macia, sab\u00e3o neutro ou detergente l\u00edquido.<br \/>\nDepois de secar, unte a \u00e1rea interna com \u00f3leo ou gordura e leve ao fogo por um ou dois minutos. Deixe esfriar e lave novamente.<br \/>\nSeus utens\u00edlios Starflon est\u00e3o prontos para uso com ou sem gordura, sempre em fogo baixo ou m\u00e9dio (nunca superior a 220 \u00b0C).<br \/>\nAo manusear seus utens\u00edlios aquecidos, cuide para n\u00e3o arranhar\/riscar o revestimento externo.<br \/>\nEvite manchas n\u00e3o deixando escorrer gordura e alimentos na \u00e1rea externa das pe\u00e7as.<br \/>\nCaso esta situa\u00e7\u00e3o ocorra, \u00e9 recomendado realizar a limpeza imediata do local com um pano umedecido em \u00e1gua.<br \/>\nPara mexer os alimentos use somente utens\u00edlios de silicone, nylon ou madeira.<br \/>\nEstes produtos n\u00e3o necessitam de manuten\u00e7\u00e3o, apenas limpeza.<br \/>\nLimpeza: Evite a imers\u00e3o dos utens\u00edlios quentes em \u00e1gua fria.<br \/>\nNunca utilize produtos abrasivos na lavagem.<br \/>\nSe deixar queimar alimentos, umede\u00e7a a \u00e1rea e reserve at\u00e9 que possa remover os res\u00edduos grudados com esponja e sab\u00e3o.<br \/>\nPara descarte dos produtos e embalagem siga as orienta\u00e7\u00f5es de reciclagem vigentes.<\/p>\n<p>Garantia: 90 dias para v\u00edcios ou defeitos de fabrica\u00e7\u00e3o.<\/p>\n<p>Marca: Tramontina<br \/>\nLinha: Caribe<br \/>\nDimens\u00f5es embalagem: 425x255x110 mm<br \/>\nPeso: 0.68 kg<\/p>\n<p>&nbsp;<\/p>\n<table class=\"src__SpecsCell-sc-70o4ee-5 gYhGqJ\">\n<tbody>\n<tr class=\"spec-drawer__View-sc-jcvy3q-4 eHkstE\">\n<td class=\"spec-drawer__Text-sc-jcvy3q-5 fMwSYd\">Revestimento<\/td>\n<td class=\"spec-drawer__Text-sc-jcvy3q-5 fMwSYd\">Antiaderente<\/td>\n<\/tr>\n<tr class=\"spec-drawer__View-sc-jcvy3q-4 eHkstE\">\n<td class=\"spec-drawer__Text-sc-jcvy3q-5 fMwSYd\">Fabricante<\/td>\n<td class=\"spec-drawer__Text-sc-jcvy3q-5 fMwSYd\">Tramontina<\/td>\n<\/tr>\n<tr class=\"spec-drawer__View-sc-jcvy3q-4 eHkstE\">\n<td class=\"spec-drawer__Text-sc-jcvy3q-5 fMwSYd\">Marca<\/td>\n<td class=\"spec-drawer__Text-sc-jcvy3q-5 fMwSYd\">Tramontina<\/td>\n<\/tr>\n<tr class=\"spec-drawer__View-sc-jcvy3q-4 eHkstE\">\n<td class=\"spec-drawer__Text-sc-jcvy3q-5 fMwSYd\">Funcionalidade<\/td>\n<td class=\"spec-drawer__Text-sc-jcvy3q-5 fMwSYd\">Antiaderente<\/td>\n<\/tr>\n<\/tbody>\n<\/table>\n","protected":false},"excerpt":{"rendered":"<p>Jogo de Frigideiras Tramontina Caribe Revestimento Antiaderente Starflon Max 3p\u00e7s O jogo de frigideiras Tramontina Caribe com revestimento interno em antiaderente Starflon Max e externo de poli\u00e9ster preto 03 pe\u00e7as vai proporcionar m&#8230;<\/p>\n","protected":false},"featured_media":3137,"comment_status":"open","ping_status":"closed","template":"","meta":[],"product_brand":[],"product_cat":[605,607,141,127],"product_tag":[],"class_list":{"0":"post-3136","1":"product","2":"type-product","3":"status-publish","4":"has-post-thumbnail","6":"product_cat-lojas","7":"product_cat-americanas","8":"product_cat-panelas","9":"product_cat-utilidades-domesticas","11":"first","12":"instock","13":"shipping-taxable","14":"product-type-external"},"_links":{"self":[{"href":"https:\/\/barzo.com.br\/shop\/wp-json\/wp\/v2\/product\/3136","targetHints":{"allow":["GET"]}}],"collection":[{"href":"https:\/\/barzo.com.br\/shop\/wp-json\/wp\/v2\/product"}],"about":[{"href":"https:\/\/barzo.com.br\/shop\/wp-json\/wp\/v2\/types\/product"}],"replies":[{"embeddable":true,"href":"https:\/\/barzo.com.br\/shop\/wp-json\/wp\/v2\/comments?post=3136"}],"wp:featuredmedia":[{"embeddable":true,"href":"https:\/\/barzo.com.br\/shop\/wp-json\/wp\/v2\/media\/3137"}],"wp:attachment":[{"href":"https:\/\/barzo.com.br\/shop\/wp-json\/wp\/v2\/media?parent=3136"}],"wp:term":[{"taxonomy":"product_brand","embeddable":true,"href":"https:\/\/barzo.com.br\/shop\/wp-json\/wp\/v2\/product_brand?post=3136"},{"taxonomy":"product_cat","embeddable":true,"href":"https:\/\/barzo.com.br\/shop\/wp-json\/wp\/v2\/product_cat?post=3136"},{"taxonomy":"product_tag","embeddable":true,"href":"https:\/\/barzo.com.br\/shop\/wp-json\/wp\/v2\/product_tag?post=3136"}],"curies":[{"name":"wp","href":"https:\/\/api.w.org\/{rel}","templated":true}]}}