{"id":2454,"date":"2021-12-29T03:17:17","date_gmt":"2021-12-29T03:17:17","guid":{"rendered":"https:\/\/barzo.com.br\/shop\/?post_type=product&#038;p=2454"},"modified":"2021-12-29T03:21:23","modified_gmt":"2021-12-29T03:21:23","slug":"aspirador-de-po-black-decker-a3-1600w-coletorpermanente-127v","status":"publish","type":"product","link":"https:\/\/barzo.com.br\/shop\/produto\/aspirador-de-po-black-decker-a3-1600w-coletorpermanente-127v\/","title":{"rendered":"Aspirador De P\u00f3 Black Decker A3 1600w ColetorPermanente 127v"},"content":{"rendered":"<p>Aspirador De P\u00f3 Black Decker A3 1600w Coletor Permanente 127v<\/p>\n<p>Aspirador de p\u00f3 com coletor permanente e lav\u00e1vel.<\/p>\n<p>Recolhimento autom\u00e1tico do cabo el\u00e9trico por bot\u00e3o.<\/p>\n<p>1600W de pot\u00eancia.<\/p>\n<p>Al\u00e7a pr\u00e1tica para transportar o aspirador.<\/p>\n<p>Indicador de coletor de p\u00f3 cheio, com capacidade de 1,2 L.<\/p>\n<p>Informa\u00e7\u00f5es T\u00e9cnicas:<\/p>\n<p>Marca: Black Decker<\/p>\n<p>Modelo: A3<\/p>\n<p>Pot\u00eancia: 1600W<\/p>\n<p>Capacidade: 1,2 L<\/p>\n<p>Coletor de p\u00f3: permanente e lav\u00e1vel.<\/p>\n<p>Recolhimento autom\u00e1tico de cabo: Sim, acionamento por bot\u00e3o.<\/p>\n<p>Dimens\u00f5es (C x L x A): 34 x 25 x 18 cm<\/p>\n<p>Peso: 3,7 Kg<\/p>\n<p>Garantia: de 1 ano do fabricante<\/p>\n<p>Itens Inclusos:<\/p>\n<p>1 Mangueira flex\u00edvel<\/p>\n<p>2 Tubos prolongadores<\/p>\n<p>1 Escova para carpete e piso frio<\/p>\n<p>1 Escova para colch\u00f5es e estofados<\/p>\n<p>1 Bocal (2 em 1) para cantos e frestas<\/p>\n<p>Ficha t\u00e9cnica<br \/>\nC\u00f3digo 1320568498<br \/>\nC\u00f3digo de barras 7896525099420<br \/>\nCross docking 0<br \/>\nNbm 8508.19.00<br \/>\nModelo A3<br \/>\nPot\u00eancia (W) 1600 W<br \/>\nIndica\u00e7\u00e3o P\u00f3<\/p>\n","protected":false},"excerpt":{"rendered":"<p>Aspirador De P\u00f3 Black Decker A3 1600w Coletor Permanente 127v\u00a0Aspirador de p\u00f3 com coletor permanente e lav\u00e1vel.Recolhimento autom\u00e1tico do cabo el\u00e9trico por bot\u00e3o.1600W de pot\u00eancia.Al\u00e7a pr\u00e1tica para transportar o aspirador.Indicador &#8230;<\/p>\n","protected":false},"featured_media":2455,"comment_status":"open","ping_status":"closed","template":"","meta":[],"product_brand":[],"product_cat":[605,91,21,610],"product_tag":[],"class_list":{"0":"post-2454","1":"product","2":"type-product","3":"status-publish","4":"has-post-thumbnail","6":"product_cat-lojas","7":"product_cat-aspirador-de-po","8":"product_cat-eletroportateis","9":"product_cat-shoptime","11":"first","12":"instock","13":"sale","14":"shipping-taxable","15":"product-type-external"},"_links":{"self":[{"href":"https:\/\/barzo.com.br\/shop\/wp-json\/wp\/v2\/product\/2454","targetHints":{"allow":["GET"]}}],"collection":[{"href":"https:\/\/barzo.com.br\/shop\/wp-json\/wp\/v2\/product"}],"about":[{"href":"https:\/\/barzo.com.br\/shop\/wp-json\/wp\/v2\/types\/product"}],"replies":[{"embeddable":true,"href":"https:\/\/barzo.com.br\/shop\/wp-json\/wp\/v2\/comments?post=2454"}],"wp:featuredmedia":[{"embeddable":true,"href":"https:\/\/barzo.com.br\/shop\/wp-json\/wp\/v2\/media\/2455"}],"wp:attachment":[{"href":"https:\/\/barzo.com.br\/shop\/wp-json\/wp\/v2\/media?parent=2454"}],"wp:term":[{"taxonomy":"product_brand","embeddable":true,"href":"https:\/\/barzo.com.br\/shop\/wp-json\/wp\/v2\/product_brand?post=2454"},{"taxonomy":"product_cat","embeddable":true,"href":"https:\/\/barzo.com.br\/shop\/wp-json\/wp\/v2\/product_cat?post=2454"},{"taxonomy":"product_tag","embeddable":true,"href":"https:\/\/barzo.com.br\/shop\/wp-json\/wp\/v2\/product_tag?post=2454"}],"curies":[{"name":"wp","href":"https:\/\/api.w.org\/{rel}","templated":true}]}}