{"id":16,"date":"2021-06-09T05:51:49","date_gmt":"2021-06-09T05:51:49","guid":{"rendered":"http:\/\/barzo.com.br\/shop\/?post_type=product&#038;p=16"},"modified":"2021-07-11T21:18:59","modified_gmt":"2021-07-11T21:18:59","slug":"iphone-11-apple-64gb-preto-tela-61-4g-camera-12mp-ios","status":"publish","type":"product","link":"https:\/\/barzo.com.br\/shop\/produto\/iphone-11-apple-64gb-preto-tela-61-4g-camera-12mp-ios\/","title":{"rendered":"iPhone 11 Apple (64GB) Preto Tela 6,1&#8243; 4G C\u00e2mera 12MP iOS"},"content":{"rendered":"<div class=\"src__TextWrapper-sc-70o4ee-3 eoVIzh\">\n<h1><\/h1>\n<h1 class=\"src__Title-sc-70o4ee-5 eONDdh\">Ficha t\u00e9cnica<\/h1>\n<\/div>\n<div class=\"src__DeskWrapper-sc-70o4ee-4 kgeEqy\">\n<table class=\"src__SpecsCell-sc-70o4ee-6 gAUMqG\">\n<tbody>\n<tr class=\"src__View-sc-70o4ee-7 XVhZW\">\n<td class=\"src__Text-sc-70o4ee-8 hayRRx\">C\u00f3digo<\/td>\n<td class=\"src__Text-sc-70o4ee-8 hayRRx\">1611315933<\/td>\n<\/tr>\n<tr class=\"src__View-sc-70o4ee-7 XVhZW\">\n<td class=\"src__Text-sc-70o4ee-8 hayRRx\">C\u00f3digo de barras<\/td>\n<td class=\"src__Text-sc-70o4ee-8 hayRRx\">194252097090<\/td>\n<\/tr>\n<tr class=\"src__View-sc-70o4ee-7 XVhZW\">\n<td class=\"src__Text-sc-70o4ee-8 hayRRx\">SAC<\/td>\n<td class=\"src__Text-sc-70o4ee-8 hayRRx\">0800 761 0867<\/td>\n<\/tr>\n<tr class=\"src__View-sc-70o4ee-7 XVhZW\">\n<td class=\"src__Text-sc-70o4ee-8 hayRRx\">Fabricante<\/td>\n<td class=\"src__Text-sc-70o4ee-8 hayRRx\">Apple Computer Brasil<\/td>\n<\/tr>\n<tr class=\"src__View-sc-70o4ee-7 XVhZW\">\n<td class=\"src__Text-sc-70o4ee-8 hayRRx\">Marca<\/td>\n<td class=\"src__Text-sc-70o4ee-8 hayRRx\">Apple<\/td>\n<\/tr>\n<tr class=\"src__View-sc-70o4ee-7 XVhZW\">\n<td class=\"src__Text-sc-70o4ee-8 hayRRx\">Tipo de Chip<\/td>\n<td class=\"src__Text-sc-70o4ee-8 hayRRx\">Nano Chip<\/td>\n<\/tr>\n<tr class=\"src__View-sc-70o4ee-7 XVhZW\">\n<td class=\"src__Text-sc-70o4ee-8 hayRRx\">Sistema Operacional<\/td>\n<td class=\"src__Text-sc-70o4ee-8 hayRRx\">Iphone IOS<\/td>\n<\/tr>\n<tr class=\"src__View-sc-70o4ee-7 XVhZW\">\n<td class=\"src__Text-sc-70o4ee-8 hayRRx\">Vers\u00e3o S.O.<\/td>\n<td class=\"src__Text-sc-70o4ee-8 hayRRx\">iOS 13<\/td>\n<\/tr>\n<tr class=\"src__View-sc-70o4ee-7 XVhZW\">\n<td class=\"src__Text-sc-70o4ee-8 hayRRx\">Tipo de Tela<\/td>\n<td class=\"src__Text-sc-70o4ee-8 hayRRx\">Retina Display<\/td>\n<\/tr>\n<tr class=\"src__View-sc-70o4ee-7 XVhZW\">\n<td class=\"src__Text-sc-70o4ee-8 hayRRx\">Tamanho do Display<\/td>\n<td class=\"src__Text-sc-70o4ee-8 hayRRx\">6.15&#8221;<\/td>\n<\/tr>\n<tr class=\"src__View-sc-70o4ee-7 XVhZW\">\n<td class=\"src__Text-sc-70o4ee-8 hayRRx\">Resolu\u00e7\u00e3o<\/td>\n<td class=\"src__Text-sc-70o4ee-8 hayRRx\">Resolu\u00e7\u00e3o de 1792 x 828 pixels a 326 ppp<\/td>\n<\/tr>\n<tr class=\"src__View-sc-70o4ee-7 XVhZW\">\n<td class=\"src__Text-sc-70o4ee-8 hayRRx\">Multichip<\/td>\n<td class=\"src__Text-sc-70o4ee-8 hayRRx\">Dual Chip<\/td>\n<\/tr>\n<tr class=\"src__View-sc-70o4ee-7 XVhZW\">\n<td class=\"src__Text-sc-70o4ee-8 hayRRx\">C\u00e2mera Traseira<\/td>\n<td class=\"src__Text-sc-70o4ee-8 hayRRx\">12MP<\/td>\n<\/tr>\n<tr class=\"src__View-sc-70o4ee-7 XVhZW\">\n<td class=\"src__Text-sc-70o4ee-8 hayRRx\">C\u00e2mera Frontal<\/td>\n<td class=\"src__Text-sc-70o4ee-8 hayRRx\">2.2MP<\/td>\n<\/tr>\n<tr class=\"src__View-sc-70o4ee-7 XVhZW\">\n<td class=\"src__Text-sc-70o4ee-8 hayRRx\">Filmadora<\/td>\n<td class=\"src__Text-sc-70o4ee-8 hayRRx\">4K<\/td>\n<\/tr>\n<tr class=\"src__View-sc-70o4ee-7 XVhZW\">\n<td class=\"src__Text-sc-70o4ee-8 hayRRx\">Sintonizador de TV<\/td>\n<td class=\"src__Text-sc-70o4ee-8 hayRRx\">N\u00e3o possui<\/td>\n<\/tr>\n<tr class=\"src__View-sc-70o4ee-7 XVhZW\">\n<td class=\"src__Text-sc-70o4ee-8 hayRRx\">NFC<\/td>\n<td class=\"src__Text-sc-70o4ee-8 hayRRx\">Sim<\/td>\n<\/tr>\n<tr class=\"src__View-sc-70o4ee-7 XVhZW\">\n<td class=\"src__Text-sc-70o4ee-8 hayRRx\">Processador<\/td>\n<td class=\"src__Text-sc-70o4ee-8 hayRRx\">A13 Bionic Neural Engine de terceira gera\u00e7\u00e3o<\/td>\n<\/tr>\n<tr class=\"src__View-sc-70o4ee-7 XVhZW\">\n<td class=\"src__Text-sc-70o4ee-8 hayRRx\">Mem\u00f3ria RAM<\/td>\n<td class=\"src__Text-sc-70o4ee-8 hayRRx\">2GB<\/td>\n<\/tr>\n<tr class=\"src__View-sc-70o4ee-7 XVhZW\">\n<td class=\"src__Text-sc-70o4ee-8 hayRRx\">Mem\u00f3ria Interna<\/td>\n<td class=\"src__Text-sc-70o4ee-8 hayRRx\">64GB<\/td>\n<\/tr>\n<tr class=\"src__View-sc-70o4ee-7 XVhZW\">\n<td class=\"src__Text-sc-70o4ee-8 hayRRx\">Expansivo at\u00e9?<\/td>\n<td class=\"src__Text-sc-70o4ee-8 hayRRx\">N\u00e3o possui entrada para cart\u00e3o de mem\u00f3ria<\/td>\n<\/tr>\n<tr class=\"src__View-sc-70o4ee-7 XVhZW\">\n<td class=\"src__Text-sc-70o4ee-8 hayRRx\">Banda<\/td>\n<td class=\"src__Text-sc-70o4ee-8 hayRRx\">3G\/4G<\/td>\n<\/tr>\n<tr class=\"src__View-sc-70o4ee-7 XVhZW\">\n<td class=\"src__Text-sc-70o4ee-8 hayRRx\">Conex\u00f5es<\/td>\n<td class=\"src__Text-sc-70o4ee-8 hayRRx\">Wi-Fi,3G,4G<\/td>\n<\/tr>\n<tr class=\"src__View-sc-70o4ee-7 XVhZW\">\n<td class=\"src__Text-sc-70o4ee-8 hayRRx\">Recursos de chamada<\/td>\n<td class=\"src__Text-sc-70o4ee-8 hayRRx\">Viva Voz<\/td>\n<\/tr>\n<tr class=\"src__View-sc-70o4ee-7 XVhZW\">\n<td class=\"src__Text-sc-70o4ee-8 hayRRx\">Alimenta\u00e7\u00e3o, tipo de bateria<\/td>\n<td class=\"src__Text-sc-70o4ee-8 hayRRx\">Bateria interna recarreg\u00e1vel de \u00edon de l\u00edtio<\/td>\n<\/tr>\n<tr class=\"src__View-sc-70o4ee-7 XVhZW\">\n<td class=\"src__Text-sc-70o4ee-8 hayRRx\">Modelo<\/td>\n<td class=\"src__Text-sc-70o4ee-8 hayRRx\">MWLT2BR\/A<\/td>\n<\/tr>\n<tr class=\"src__View-sc-70o4ee-7 XVhZW\">\n<td class=\"src__Text-sc-70o4ee-8 hayRRx\">Outros Recursos<\/td>\n<td class=\"src__Text-sc-70o4ee-8 hayRRx\">N\/A<\/td>\n<\/tr>\n<tr class=\"src__View-sc-70o4ee-7 XVhZW\">\n<td class=\"src__Text-sc-70o4ee-8 hayRRx\">Cor<\/td>\n<td class=\"src__Text-sc-70o4ee-8 hayRRx\">Preto<\/td>\n<\/tr>\n<tr class=\"src__View-sc-70o4ee-7 XVhZW\">\n<td class=\"src__Text-sc-70o4ee-8 hayRRx\">Conte\u00fado da Embalagem<\/td>\n<td class=\"src__Text-sc-70o4ee-8 hayRRx\">iPhone com iOS 13, Cabo de Lightning para USB-C, Documenta\u00e7\u00e3o<\/td>\n<\/tr>\n<tr class=\"src__View-sc-70o4ee-7 XVhZW\">\n<td class=\"src__Text-sc-70o4ee-8 hayRRx\">Garantia do Fornecedor<\/td>\n<td class=\"src__Text-sc-70o4ee-8 hayRRx\">12 Meses<\/td>\n<\/tr>\n<tr class=\"src__View-sc-70o4ee-7 XVhZW\">\n<td class=\"src__Text-sc-70o4ee-8 hayRRx\">Dimens\u00f5es do produto &#8211; cm (AxLxP)<\/td>\n<td class=\"src__Text-sc-70o4ee-8 hayRRx\">15,1&#215;7,6x08cm<\/td>\n<\/tr>\n<tr class=\"src__View-sc-70o4ee-7 XVhZW\">\n<td class=\"src__Text-sc-70o4ee-8 hayRRx\">Peso liq. aproximado do produto (Kg)<\/td>\n<td class=\"src__Text-sc-70o4ee-8 hayRRx\">470g<\/td>\n<\/tr>\n<tr class=\"src__View-sc-70o4ee-7 XVhZW\">\n<td class=\"src__Text-sc-70o4ee-8 hayRRx\">Refer\u00eancia do Modelo<\/td>\n<td class=\"src__Text-sc-70o4ee-8 hayRRx\">MWLT2BR\/A<\/td>\n<\/tr>\n<\/tbody>\n<\/table>\n<\/div>\n<div class=\"src__ReportUI-sc-15bh66y-0 iIQolt\"><\/div>\n","protected":false},"excerpt":{"rendered":"<p>Ficha t\u00e9cnica C\u00f3digo 1611315933 C\u00f3digo de barras 194252097090 SAC 0800 761 0867 Fabricante Apple Computer Brasil Marca Apple Tipo de Chip Nano Chip Sistema Operacional Iphone IOS Vers\u00e3o S.O. iOS 13 Tipo de Tela Retina Display Tamanho do Display 6.15&#8221; Resolu\u00e7\u00e3o Resolu\u00e7\u00e3o de 1792 x 828 pixels a 326 ppp Multichip Dual Chip C\u00e2mera Traseira [&hellip;]<\/p>\n","protected":false},"featured_media":17,"comment_status":"open","ping_status":"closed","template":"","meta":[],"product_brand":[],"product_cat":[132,126],"product_tag":[],"class_list":{"0":"post-16","1":"product","2":"type-product","3":"status-publish","4":"has-post-thumbnail","6":"product_cat-apple","7":"product_cat-telefones-celulares-e-tablets","9":"first","10":"instock","11":"sale","12":"shipping-taxable","13":"product-type-external"},"_links":{"self":[{"href":"https:\/\/barzo.com.br\/shop\/wp-json\/wp\/v2\/product\/16","targetHints":{"allow":["GET"]}}],"collection":[{"href":"https:\/\/barzo.com.br\/shop\/wp-json\/wp\/v2\/product"}],"about":[{"href":"https:\/\/barzo.com.br\/shop\/wp-json\/wp\/v2\/types\/product"}],"replies":[{"embeddable":true,"href":"https:\/\/barzo.com.br\/shop\/wp-json\/wp\/v2\/comments?post=16"}],"wp:featuredmedia":[{"embeddable":true,"href":"https:\/\/barzo.com.br\/shop\/wp-json\/wp\/v2\/media\/17"}],"wp:attachment":[{"href":"https:\/\/barzo.com.br\/shop\/wp-json\/wp\/v2\/media?parent=16"}],"wp:term":[{"taxonomy":"product_brand","embeddable":true,"href":"https:\/\/barzo.com.br\/shop\/wp-json\/wp\/v2\/product_brand?post=16"},{"taxonomy":"product_cat","embeddable":true,"href":"https:\/\/barzo.com.br\/shop\/wp-json\/wp\/v2\/product_cat?post=16"},{"taxonomy":"product_tag","embeddable":true,"href":"https:\/\/barzo.com.br\/shop\/wp-json\/wp\/v2\/product_tag?post=16"}],"curies":[{"name":"wp","href":"https:\/\/api.w.org\/{rel}","templated":true}]}}